{"id":78,"date":"2021-05-16T12:20:43","date_gmt":"2021-05-16T15:20:43","guid":{"rendered":"https:\/\/pos.uel.br\/gbm\/?page_id=78"},"modified":"2025-05-27T16:40:25","modified_gmt":"2025-05-27T19:40:25","slug":"extensao","status":"publish","type":"page","link":"https:\/\/pos.uel.br\/gbm\/extensao\/","title":{"rendered":"Extens\u00e3o"},"content":{"rendered":"\n<p>A Universidade Estadual de Londrina apresenta princ\u00edpios que norteiam suas atividades no ensino, na pesquisa e na extens\u00e3o como seguem:<\/p>\n\n\n\n<p>1. A indissociabilidade entre ensino, pesquisa e extens\u00e3o, assegurando seu&nbsp;compromisso social;<br>2. A intera\u00e7\u00e3o do ensino, da pesquisa, da extens\u00e3o e da presta\u00e7\u00e3o de servi\u00e7o,&nbsp;assegurado seu compromisso social;<br>3. A igualdade de condi\u00e7\u00f5es para o acesso e perman\u00eancia [com sucesso] discente na&nbsp;Institui\u00e7\u00e3o;<br>4. A integra\u00e7\u00e3o com os demais n\u00edveis e graus de ensino;<br>5. A liberdade de aprender, ensinar, pesquisar e divulgar o pensamento, a arte, a&nbsp;cultura e o saber;<br>6. O pluralismo de ideias e de concep\u00e7\u00f5es pedag\u00f3gicas;<br>7. A garantia de qualidade acad\u00eamica;<br>8. A gest\u00e3o democr\u00e1tica e colegiada;<br>9. A efici\u00eancia, probidade e racionaliza\u00e7\u00e3o na gest\u00e3o dos recursos;<br>10. A valoriza\u00e7\u00e3o de seus servidores;<br>11. A gratuidade do ensino de gradua\u00e7\u00e3o e p\u00f3s-gradua\u00e7\u00e3o stricto-sensu acad\u00eamico.<\/p>\n\n\n\n<p><strong>PROJETOS DE EXTENS\u00c3O DOS DOCENTES DO PPG-GBM<\/strong><\/p>\n\n\n\n<div class=\"wp-block-group is-vertical is-layout-flex wp-container-core-group-is-layout-8cf370e7 wp-block-group-is-layout-flex\">\n<p><strong><mark class=\"has-inline-color has-primary-accent-color\">PROGRAMA DE ATENDIMENTO \u00c0 SOCIEDADE: CONTROLE BIOL\u00d3GICO DE INSETOS DE IMPORT\u00c2NCIA M\u00c9DICA, VETERIN\u00c1RIA E AGR\u00cdCOLA COM O USO DE BIOINSETICIDA PRODUZIDO NA UNIVERSIDADE ESTADUAL DE LONDRINA E A\u00c7\u00d5ES COMPLEMENTARES<\/mark><\/strong><\/p>\n\n\n\n<div class=\"wp-block-group is-nowrap is-layout-flex wp-container-core-group-is-layout-ad2f72ca wp-block-group-is-layout-flex\">\n<p><strong>Alunos de P\u00f3s-Gradua\u00e7\u00e3o:<\/strong> 3<\/p>\n\n\n\n<p><strong>Alunos de Gradua\u00e7\u00e3o:<\/strong> 6<\/p>\n\n\n\n<p><strong>Docente:<\/strong> Gislayne F. L. T. Vilas Boas, Laurival A. Vilas Boas<\/p>\n<\/div>\n<\/div>\n\n\n\n<p><\/p>\n\n\n\n<p><strong><mark class=\"has-inline-color has-primary-accent-color\">MULHERES QUE TRANSFORMAM O PARAN\u00c1 COM A SEDA; MITIGA\u00c7\u00c3O DOS EFEITOS DO AQUECIMENTO GLOBAL NA SERICICULTURA.<\/mark><\/strong><\/p>\n\n\n\n<div class=\"wp-block-group is-nowrap is-layout-flex wp-container-core-group-is-layout-ad2f72ca wp-block-group-is-layout-flex\">\n<p><strong>Alunos de P\u00f3s-Gradua\u00e7\u00e3o:<\/strong> 0<\/p>\n\n\n\n<p><strong>Alunos de Gradua\u00e7\u00e3o:<\/strong> 6<\/p>\n\n\n\n<p><strong>Docente:<\/strong> Renata da Rosa<\/p>\n<\/div>\n\n\n\n<p><\/p>\n\n\n\n<div class=\"wp-block-group is-vertical is-layout-flex wp-container-core-group-is-layout-8cf370e7 wp-block-group-is-layout-flex\">\n<p><strong><mark class=\"has-inline-color has-primary-accent-color\">GUARDI\u00d5ES DAS ABELHAS: EDUCANDO PARA PRESERVAR<\/mark><\/strong><\/p>\n\n\n\n<div class=\"wp-block-group is-nowrap is-layout-flex wp-container-core-group-is-layout-ad2f72ca wp-block-group-is-layout-flex\">\n<p><strong>Alunos de P\u00f3s-Gradua\u00e7\u00e3o:<\/strong> 1<\/p>\n\n\n\n<p><strong>Alunos de Gradua\u00e7\u00e3o:<\/strong> 30<\/p>\n\n\n\n<p><strong>Docentes:<\/strong> Silvia Helena Sofia<\/p>\n<\/div>\n<\/div>\n\n\n\n<p><\/p>\n\n\n\n<div class=\"wp-block-group is-vertical is-layout-flex wp-container-core-group-is-layout-8cf370e7 wp-block-group-is-layout-flex\">\n<p><strong><mark class=\"has-inline-color has-primary-accent-color\">A C\u00c9LULA EM CENA: PRODU\u00c7\u00c3O DE V\u00cdDEOS E MATERIAIS DID\u00c1TICOS EM BIOLOGIA CELULAR, EMBRIOLOGIA, GEN\u00c9TICA, MICROBIOLOGIA E BIOTECNOLOGIA<\/mark><\/strong><\/p>\n\n\n\n<div class=\"wp-block-group is-nowrap is-layout-flex wp-container-core-group-is-layout-ad2f72ca wp-block-group-is-layout-flex\">\n<p><strong>Alunos de P\u00f3s-Gradua\u00e7\u00e3o:<\/strong> 9<\/p>\n\n\n\n<p><strong>Alunos de Gradua\u00e7\u00e3o:<\/strong> 17<\/p>\n\n\n\n<p><strong>Docentes:<\/strong> Fernanda Sim\u00f5es de Almeida, Gislayne F. L. T. Vilas Boas, Glaura Scantamburlo Alves Fernandes,&nbsp;Juliana Mara Serpeloni, Phelipe Oliveira Favaron, Roberta Losi Guembarovski<\/p>\n<\/div>\n<\/div>\n\n\n\n<p><\/p>\n\n\n\n<div class=\"wp-block-group is-vertical is-layout-flex wp-container-core-group-is-layout-8cf370e7 wp-block-group-is-layout-flex\">\n<div class=\"wp-block-group is-vertical is-layout-flex wp-container-core-group-is-layout-8cf370e7 wp-block-group-is-layout-flex\">\n<p><strong><mark class=\"has-inline-color has-primary-accent-color\">EDUCA\u00c7\u00c3O AMBIENTAL DE ECOLOGIA DE PEIXES: UMA PROPOSTA EXTENSIONISTA<\/mark><\/strong><\/p>\n\n\n\n<div class=\"wp-block-group is-nowrap is-layout-flex wp-container-core-group-is-layout-ad2f72ca wp-block-group-is-layout-flex\">\n<p><strong>Alunos de Gradua\u00e7\u00e3o:<\/strong> 9<\/p>\n\n\n\n<p><strong>Alunos de P\u00f3s-Gradua\u00e7\u00e3o:<\/strong> 0<\/p>\n\n\n\n<p><strong>Docentes:<\/strong> Fernanda Sim\u00f5es de Almeida<\/p>\n<\/div>\n<\/div>\n<\/div>\n\n\n\n<p><\/p>\n\n\n\n<div class=\"wp-block-group is-vertical is-layout-flex wp-container-core-group-is-layout-8cf370e7 wp-block-group-is-layout-flex\">\n<div class=\"wp-block-group is-vertical is-layout-flex wp-container-core-group-is-layout-8cf370e7 wp-block-group-is-layout-flex\">\n<p><strong><mark class=\"has-inline-color has-primary-accent-color\">MONITORAMENTO E CONTROLE DE CULICIDAE EM \u00c1REAS URBANAS DO NORTE DO PARAN\u00c1 E A\u00c7\u00d5ES INTEGRADAS DE EDUCA\u00c7\u00c3O AMBIENTAL<\/mark><\/strong><\/p>\n\n\n\n<div class=\"wp-block-group is-nowrap is-layout-flex wp-container-core-group-is-layout-ad2f72ca wp-block-group-is-layout-flex\">\n<p><strong>Alunos de P\u00f3s-Gradua\u00e7\u00e3o:<\/strong> 0<\/p>\n\n\n\n<p><strong>Alunos de Gradua\u00e7\u00e3o:<\/strong> 0<\/p>\n\n\n\n<p><strong>Docentes:<\/strong> Gislayne F. L. T. Vilas Boas<\/p>\n<\/div>\n<\/div>\n<\/div>\n\n\n\n<p><\/p>\n\n\n\n<div class=\"wp-block-group is-vertical is-layout-flex wp-container-core-group-is-layout-8cf370e7 wp-block-group-is-layout-flex\">\n<p><strong><mark class=\"has-inline-color has-primary-accent-color\">EDUCA\u00c7\u00c3O EM SA\u00daDE PARA ADOLESCENTES: CONVERSANDO SOBRE TABAGISMO<\/mark><\/strong><\/p>\n\n\n\n<div class=\"wp-block-group\"><div class=\"wp-block-group__inner-container is-layout-constrained wp-block-group-is-layout-constrained\">\n<div class=\"wp-block-group is-nowrap is-layout-flex wp-container-core-group-is-layout-ad2f72ca wp-block-group-is-layout-flex\">\n<p><strong>Alunos de P\u00f3s-Gradua\u00e7\u00e3o:<\/strong> 3<\/p>\n\n\n\n<p><strong>Alunos de Gradua\u00e7\u00e3o:<\/strong> 0<\/p>\n\n\n\n<p><strong>Docentes:<\/strong> Gislayne F. L. T. Vilas Boas<\/p>\n<\/div>\n<\/div><\/div>\n<\/div>\n\n\n\n<p><\/p>\n","protected":false},"excerpt":{"rendered":"<p>A Universidade Estadual de Londrina apresenta princ\u00edpios que norteiam suas atividades no ensino, na pesquisa e na extens\u00e3o como seguem: 1. A indissociabilidade entre ensino, pesquisa e extens\u00e3o, assegurando seu&nbsp;compromisso social;2. A intera\u00e7\u00e3o do ensino, da pesquisa, da extens\u00e3o e da presta\u00e7\u00e3o de servi\u00e7o,&nbsp;assegurado seu compromisso social;3. A igualdade de condi\u00e7\u00f5es para o acesso e [&hellip;]<\/p>\n","protected":false},"author":7,"featured_media":0,"parent":0,"menu_order":0,"comment_status":"closed","ping_status":"closed","template":"","meta":{"footnotes":""},"class_list":["post-78","page","type-page","status-publish","hentry"],"_links":{"self":[{"href":"https:\/\/pos.uel.br\/gbm\/wp-json\/wp\/v2\/pages\/78","targetHints":{"allow":["GET"]}}],"collection":[{"href":"https:\/\/pos.uel.br\/gbm\/wp-json\/wp\/v2\/pages"}],"about":[{"href":"https:\/\/pos.uel.br\/gbm\/wp-json\/wp\/v2\/types\/page"}],"author":[{"embeddable":true,"href":"https:\/\/pos.uel.br\/gbm\/wp-json\/wp\/v2\/users\/7"}],"replies":[{"embeddable":true,"href":"https:\/\/pos.uel.br\/gbm\/wp-json\/wp\/v2\/comments?post=78"}],"version-history":[{"count":8,"href":"https:\/\/pos.uel.br\/gbm\/wp-json\/wp\/v2\/pages\/78\/revisions"}],"predecessor-version":[{"id":1896,"href":"https:\/\/pos.uel.br\/gbm\/wp-json\/wp\/v2\/pages\/78\/revisions\/1896"}],"wp:attachment":[{"href":"https:\/\/pos.uel.br\/gbm\/wp-json\/wp\/v2\/media?parent=78"}],"curies":[{"name":"wp","href":"https:\/\/api.w.org\/{rel}","templated":true}]}}

Extensão

<p>A Universidade Estadual de Londrina apresenta princípios que norteiam suas atividades no ensino, na pesquisa e na extensão como seguem:</p>



<p>1. A indissociabilidade entre ensino, pesquisa e extensão, assegurando seu&nbsp;compromisso social;<br>2. A interação do ensino, da pesquisa, da extensão e da prestação de serviço,&nbsp;assegurado seu compromisso social;<br>3. A igualdade de condições para o acesso e permanência [com sucesso] discente na&nbsp;Instituição;<br>4. A integração com os demais níveis e graus de ensino;<br>5. A liberdade de aprender, ensinar, pesquisar e divulgar o pensamento, a arte, a&nbsp;cultura e o saber;<br>6. O pluralismo de ideias e de concepções pedagógicas;<br>7. A garantia de qualidade acadêmica;<br>8. A gestão democrática e colegiada;<br>9. A eficiência, probidade e racionalização na gestão dos recursos;<br>10. A valorização de seus servidores;<br>11. A gratuidade do ensino de graduação e pós-graduação stricto-sensu acadêmico.</p>



<p><strong>PROJETOS DE EXTENSÃO DOS DOCENTES DO PPG-GBM</strong></p>



<div class="wp-block-group is-vertical is-layout-flex wp-container-core-group-is-layout-8cf370e7 wp-block-group-is-layout-flex">
<p><strong><mark class="has-inline-color has-primary-accent-color">PROGRAMA DE ATENDIMENTO À SOCIEDADE: CONTROLE BIOLÓGICO DE INSETOS DE IMPORTÂNCIA MÉDICA, VETERINÁRIA E AGRÍCOLA COM O USO DE BIOINSETICIDA PRODUZIDO NA UNIVERSIDADE ESTADUAL DE LONDRINA E AÇÕES COMPLEMENTARES</mark></strong></p>



<div class="wp-block-group is-nowrap is-layout-flex wp-container-core-group-is-layout-ad2f72ca wp-block-group-is-layout-flex">
<p><strong>Alunos de Pós-Graduação:</strong> 3</p>



<p><strong>Alunos de Graduação:</strong> 6</p>



<p><strong>Docente:</strong> Gislayne F. L. T. Vilas Boas, Laurival A. Vilas Boas</p>
</div>
</div>



<p></p>



<p><strong><mark class="has-inline-color has-primary-accent-color">MULHERES QUE TRANSFORMAM O PARANÁ COM A SEDA; MITIGAÇÃO DOS EFEITOS DO AQUECIMENTO GLOBAL NA SERICICULTURA.</mark></strong></p>



<div class="wp-block-group is-nowrap is-layout-flex wp-container-core-group-is-layout-ad2f72ca wp-block-group-is-layout-flex">
<p><strong>Alunos de Pós-Graduação:</strong> 0</p>



<p><strong>Alunos de Graduação:</strong> 6</p>



<p><strong>Docente:</strong> Renata da Rosa</p>
</div>



<p></p>



<div class="wp-block-group is-vertical is-layout-flex wp-container-core-group-is-layout-8cf370e7 wp-block-group-is-layout-flex">
<p><strong><mark class="has-inline-color has-primary-accent-color">GUARDIÕES DAS ABELHAS: EDUCANDO PARA PRESERVAR</mark></strong></p>



<div class="wp-block-group is-nowrap is-layout-flex wp-container-core-group-is-layout-ad2f72ca wp-block-group-is-layout-flex">
<p><strong>Alunos de Pós-Graduação:</strong> 1</p>



<p><strong>Alunos de Graduação:</strong> 30</p>



<p><strong>Docentes:</strong> Silvia Helena Sofia</p>
</div>
</div>



<p></p>



<div class="wp-block-group is-vertical is-layout-flex wp-container-core-group-is-layout-8cf370e7 wp-block-group-is-layout-flex">
<p><strong><mark class="has-inline-color has-primary-accent-color">A CÉLULA EM CENA: PRODUÇÃO DE VÍDEOS E MATERIAIS DIDÁTICOS EM BIOLOGIA CELULAR, EMBRIOLOGIA, GENÉTICA, MICROBIOLOGIA E BIOTECNOLOGIA</mark></strong></p>



<div class="wp-block-group is-nowrap is-layout-flex wp-container-core-group-is-layout-ad2f72ca wp-block-group-is-layout-flex">
<p><strong>Alunos de Pós-Graduação:</strong> 9</p>



<p><strong>Alunos de Graduação:</strong> 17</p>



<p><strong>Docentes:</strong> Fernanda Simões de Almeida, Gislayne F. L. T. Vilas Boas, Glaura Scantamburlo Alves Fernandes,&nbsp;Juliana Mara Serpeloni, Phelipe Oliveira Favaron, Roberta Losi Guembarovski</p>
</div>
</div>



<p></p>



<div class="wp-block-group is-vertical is-layout-flex wp-container-core-group-is-layout-8cf370e7 wp-block-group-is-layout-flex">
<div class="wp-block-group is-vertical is-layout-flex wp-container-core-group-is-layout-8cf370e7 wp-block-group-is-layout-flex">
<p><strong><mark class="has-inline-color has-primary-accent-color">EDUCAÇÃO AMBIENTAL DE ECOLOGIA DE PEIXES: UMA PROPOSTA EXTENSIONISTA</mark></strong></p>



<div class="wp-block-group is-nowrap is-layout-flex wp-container-core-group-is-layout-ad2f72ca wp-block-group-is-layout-flex">
<p><strong>Alunos de Graduação:</strong> 9</p>



<p><strong>Alunos de Pós-Graduação:</strong> 0</p>



<p><strong>Docentes:</strong> Fernanda Simões de Almeida</p>
</div>
</div>
</div>



<p></p>



<div class="wp-block-group is-vertical is-layout-flex wp-container-core-group-is-layout-8cf370e7 wp-block-group-is-layout-flex">
<div class="wp-block-group is-vertical is-layout-flex wp-container-core-group-is-layout-8cf370e7 wp-block-group-is-layout-flex">
<p><strong><mark class="has-inline-color has-primary-accent-color">MONITORAMENTO E CONTROLE DE CULICIDAE EM ÁREAS URBANAS DO NORTE DO PARANÁ E AÇÕES INTEGRADAS DE EDUCAÇÃO AMBIENTAL</mark></strong></p>



<div class="wp-block-group is-nowrap is-layout-flex wp-container-core-group-is-layout-ad2f72ca wp-block-group-is-layout-flex">
<p><strong>Alunos de Pós-Graduação:</strong> 0</p>



<p><strong>Alunos de Graduação:</strong> 0</p>



<p><strong>Docentes:</strong> Gislayne F. L. T. Vilas Boas</p>
</div>
</div>
</div>



<p></p>



<div class="wp-block-group is-vertical is-layout-flex wp-container-core-group-is-layout-8cf370e7 wp-block-group-is-layout-flex">
<p><strong><mark class="has-inline-color has-primary-accent-color">EDUCAÇÃO EM SAÚDE PARA ADOLESCENTES: CONVERSANDO SOBRE TABAGISMO</mark></strong></p>



<div class="wp-block-group"><div class="wp-block-group__inner-container is-layout-constrained wp-block-group-is-layout-constrained">
<div class="wp-block-group is-nowrap is-layout-flex wp-container-core-group-is-layout-ad2f72ca wp-block-group-is-layout-flex">
<p><strong>Alunos de Pós-Graduação:</strong> 3</p>



<p><strong>Alunos de Graduação:</strong> 0</p>



<p><strong>Docentes:</strong> Gislayne F. L. T. Vilas Boas</p>
</div>
</div></div>
</div>



<p></p>

<p>A Universidade Estadual de Londrina apresenta princípios que norteiam suas atividades no ensino, na pesquisa e na extensão como seguem: 1. A indissociabilidade entre ensino, pesquisa e extensão, assegurando seu&nbsp;compromisso social;2. A interação do ensino, da pesquisa, da extensão e da prestação de serviço,&nbsp;assegurado seu compromisso social;3. A igualdade de condições para o acesso e [&hellip;]</p>
