{"id":631,"date":"2021-06-22T16:24:19","date_gmt":"2021-06-22T19:24:19","guid":{"rendered":"https:\/\/pos.uel.br\/gbm\/?page_id=631"},"modified":"2021-06-22T16:24:46","modified_gmt":"2021-06-22T19:24:46","slug":"instrucao-defesa-remota","status":"publish","type":"page","link":"https:\/\/pos.uel.br\/gbm\/instrucao-defesa-remota\/","title":{"rendered":"Instru\u00e7\u00e3o &#8211; Defesa Remota"},"content":{"rendered":"\n<p>Considerando a pandemia do COVID-19 declarada em 12 de mar\u00e7o de 2020, a Pro-PPG considera que as defesas de disserta\u00e7\u00e3o e tese sigam a condi\u00e7\u00e3o n\u00e3o presencial.<\/p>\n\n\n\n<p>Veja a instru\u00e7\u00e3o N\u00ba 001\/2020: <a href=\"https:\/\/pos.uel.br\/gbm\/wp-content\/uploads\/2021\/06\/IS-001-2020-defesa-remota.pdf\" data-type=\"URL\" data-id=\"https:\/\/pos.uel.br\/gbm\/wp-content\/uploads\/2021\/06\/IS-001-2020-defesa-remota.pdf\" target=\"_blank\" rel=\"noreferrer noopener\">arquivo em PDF<\/a><\/p>\n","protected":false},"excerpt":{"rendered":"<p>Considerando a pandemia do COVID-19 declarada em 12 de mar\u00e7o de 2020, a Pro-PPG considera que as defesas de disserta\u00e7\u00e3o e tese sigam a condi\u00e7\u00e3o n\u00e3o presencial. Veja a instru\u00e7\u00e3o N\u00ba 001\/2020: arquivo em PDF<\/p>\n","protected":false},"author":8,"featured_media":0,"parent":0,"menu_order":0,"comment_status":"closed","ping_status":"closed","template":"","meta":{"footnotes":""},"class_list":["post-631","page","type-page","status-publish","hentry"],"_links":{"self":[{"href":"https:\/\/pos.uel.br\/gbm\/wp-json\/wp\/v2\/pages\/631","targetHints":{"allow":["GET"]}}],"collection":[{"href":"https:\/\/pos.uel.br\/gbm\/wp-json\/wp\/v2\/pages"}],"about":[{"href":"https:\/\/pos.uel.br\/gbm\/wp-json\/wp\/v2\/types\/page"}],"author":[{"embeddable":true,"href":"https:\/\/pos.uel.br\/gbm\/wp-json\/wp\/v2\/users\/8"}],"replies":[{"embeddable":true,"href":"https:\/\/pos.uel.br\/gbm\/wp-json\/wp\/v2\/comments?post=631"}],"version-history":[{"count":2,"href":"https:\/\/pos.uel.br\/gbm\/wp-json\/wp\/v2\/pages\/631\/revisions"}],"predecessor-version":[{"id":633,"href":"https:\/\/pos.uel.br\/gbm\/wp-json\/wp\/v2\/pages\/631\/revisions\/633"}],"wp:attachment":[{"href":"https:\/\/pos.uel.br\/gbm\/wp-json\/wp\/v2\/media?parent=631"}],"curies":[{"name":"wp","href":"https:\/\/api.w.org\/{rel}","templated":true}]}}

Instrução &#8211; Defesa Remota

<p>Considerando a pandemia do COVID-19 declarada em 12 de março de 2020, a Pro-PPG considera que as defesas de dissertação e tese sigam a condição não presencial.</p>



<p>Veja a instrução Nº 001/2020: <a href="https://pos.uel.br/gbm/wp-content/uploads/2021/06/IS-001-2020-defesa-remota.pdf" data-type="URL" data-id="https://pos.uel.br/gbm/wp-content/uploads/2021/06/IS-001-2020-defesa-remota.pdf" target="_blank" rel="noreferrer noopener">arquivo em PDF</a></p>

<p>Considerando a pandemia do COVID-19 declarada em 12 de março de 2020, a Pro-PPG considera que as defesas de dissertação e tese sigam a condição não presencial. Veja a instrução Nº 001/2020: arquivo em PDF</p>
