{"id":561,"date":"2021-06-17T20:23:42","date_gmt":"2021-06-17T23:23:42","guid":{"rendered":"https:\/\/pos.uel.br\/gbm\/?page_id=561"},"modified":"2024-04-25T08:25:03","modified_gmt":"2024-04-25T11:25:03","slug":"politica-de-cotas","status":"publish","type":"page","link":"https:\/\/pos.uel.br\/gbm\/politica-de-cotas\/","title":{"rendered":"Pol\u00edtica de cotas"},"content":{"rendered":"\n<figure class=\"wp-block-table\"><table><tbody><tr><td>O processo seletivo para Mestrado e Doutorado do PPG em Gen\u00e9tica e Biologia Molecular utilizar\u00e1, a partir de 2022, a reserva de vagas sociais nas seguinte modalidades:<br>I &#8211; Ampla Concorr\u00eancia, que se referem \u00e0quelas que n\u00e3o est\u00e3o submetidas a nenhuma modalidade de reserva ou suplementariedade de vagas, totalizando 70%;<br>II &#8211; Reservadas para pessoas autodeclaradas negras (pretas e pardas), totalizando 30%;<br>III &#8211; Suplementares para pessoas autodeclaradas ind\u00edgenas e deficientes, totalizando 10%;<br>As vagas suplementares ser\u00e3o automaticamente criadas caso haja candidatas\/os ind\u00edgenas e deficientes.<\/td><\/tr><\/tbody><\/table><\/figure>\n\n\n\n<p><strong>Veja nossa pol\u00edtica de cotas<\/strong>: <a href=\"https:\/\/pos.uel.br\/gbm\/wp-content\/uploads\/2024\/04\/Politica-de-cotas-na-pos.pdf\" data-type=\"URL\" data-id=\"https:\/\/pos.uel.br\/gbm\/wp-content\/uploads\/2021\/06\/Minuta-de-Resolucao-cotas-PG.pdf\" target=\"_blank\" rel=\"noreferrer noopener\">arquivo em PDF<\/a><\/p>\n\n\n\n<p>Veja os editais de sele\u00e7\u00e3o no quadri\u00eanio 2021-2024 <\/p>\n\n\n\n<p>Edital de sele\u00e7\u00e3o 2021-1: <a href=\"https:\/\/pos.uel.br\/gbm\/wp-content\/uploads\/2021\/06\/Edital_PPG-GBM-09.2020-2021.pdf\" data-type=\"URL\" data-id=\"https:\/\/pos.uel.br\/gbm\/wp-content\/uploads\/2021\/06\/Edital_PPG-GBM-09.2020-2021.pdf\" target=\"_blank\" rel=\"noreferrer noopener\">arquivo em PDF<\/a><\/p>\n\n\n\n<p>Edital de sele\u00e7\u00e3o 2021-2: <a href=\"https:\/\/pos.uel.br\/gbm\/wp-content\/uploads\/2021\/06\/Edital_PPG-GBM-09.2020-2021.pdf\" data-type=\"URL\" data-id=\"https:\/\/pos.uel.br\/gbm\/wp-content\/uploads\/2021\/06\/Edital_PPG-GBM-09.2020-2021.pdf\" target=\"_blank\" rel=\"noreferrer noopener\">arquivo em PDF<\/a><\/p>\n\n\n\n<p>Edital de sele\u00e7\u00e3o 2022-1: <a href=\"https:\/\/pos.uel.br\/gbm\/wp-content\/uploads\/2021\/09\/Edital_PPG-GBM-2022-1.pdf\" data-type=\"URL\" data-id=\"https:\/\/pos.uel.br\/gbm\/wp-content\/uploads\/2021\/09\/Edital_PPG-GBM-2022-1.pdf\" target=\"_blank\" rel=\"noreferrer noopener\">arquivo em PDF<\/a><\/p>\n\n\n\n<p>Edital de sele\u00e7\u00e3o 2023-1: <a href=\"https:\/\/pos.uel.br\/gbm\/wp-content\/uploads\/2024\/04\/Edital_PPG-GBM-2023.1.pdf\" data-type=\"link\" data-id=\"https:\/\/pos.uel.br\/gbm\/wp-content\/uploads\/2024\/04\/Edital_PPG-GBM-2023.1.pdf\">arquivo em PDF<\/a><\/p>\n\n\n\n<p>Edital de sele\u00e7\u00e3o 2023-2: <a href=\"https:\/\/pos.uel.br\/gbm\/wp-content\/uploads\/2024\/04\/Edital_PPG-GBM_2023.2.pdf\" data-type=\"link\" data-id=\"https:\/\/pos.uel.br\/gbm\/wp-content\/uploads\/2024\/04\/Edital_PPG-GBM_2023.2.pdf\">arquivo em PDF<\/a><\/p>\n\n\n\n<p>Edital de sele\u00e7\u00e3o 2024-1: <a href=\"https:\/\/pos.uel.br\/gbm\/wp-content\/uploads\/2024\/04\/Edital_PPG-GBM-2024-1.pdf\" data-type=\"link\" data-id=\"https:\/\/pos.uel.br\/gbm\/wp-content\/uploads\/2024\/04\/Edital_PPG-GBM-2024-1.pdf\">arquivo em PDF<\/a><\/p>\n","protected":false},"excerpt":{"rendered":"<p>O processo seletivo para Mestrado e Doutorado do PPG em Gen\u00e9tica e Biologia Molecular utilizar\u00e1, a partir de 2022, a reserva de vagas sociais nas seguinte modalidades:I &#8211; Ampla Concorr\u00eancia, que se referem \u00e0quelas que n\u00e3o est\u00e3o submetidas a nenhuma modalidade de reserva ou suplementariedade de vagas, totalizando 70%;II &#8211; Reservadas para pessoas autodeclaradas negras [&hellip;]<\/p>\n","protected":false},"author":8,"featured_media":0,"parent":0,"menu_order":0,"comment_status":"closed","ping_status":"closed","template":"","meta":{"footnotes":""},"class_list":["post-561","page","type-page","status-publish","hentry"],"_links":{"self":[{"href":"https:\/\/pos.uel.br\/gbm\/wp-json\/wp\/v2\/pages\/561","targetHints":{"allow":["GET"]}}],"collection":[{"href":"https:\/\/pos.uel.br\/gbm\/wp-json\/wp\/v2\/pages"}],"about":[{"href":"https:\/\/pos.uel.br\/gbm\/wp-json\/wp\/v2\/types\/page"}],"author":[{"embeddable":true,"href":"https:\/\/pos.uel.br\/gbm\/wp-json\/wp\/v2\/users\/8"}],"replies":[{"embeddable":true,"href":"https:\/\/pos.uel.br\/gbm\/wp-json\/wp\/v2\/comments?post=561"}],"version-history":[{"count":14,"href":"https:\/\/pos.uel.br\/gbm\/wp-json\/wp\/v2\/pages\/561\/revisions"}],"predecessor-version":[{"id":1596,"href":"https:\/\/pos.uel.br\/gbm\/wp-json\/wp\/v2\/pages\/561\/revisions\/1596"}],"wp:attachment":[{"href":"https:\/\/pos.uel.br\/gbm\/wp-json\/wp\/v2\/media?parent=561"}],"curies":[{"name":"wp","href":"https:\/\/api.w.org\/{rel}","templated":true}]}}

Política de cotas

<figure class="wp-block-table"><table><tbody><tr><td>O processo seletivo para Mestrado e Doutorado do PPG em Genética e Biologia Molecular utilizará, a partir de 2022, a reserva de vagas sociais nas seguinte modalidades:<br>I &#8211; Ampla Concorrência, que se referem àquelas que não estão submetidas a nenhuma modalidade de reserva ou suplementariedade de vagas, totalizando 70%;<br>II &#8211; Reservadas para pessoas autodeclaradas negras (pretas e pardas), totalizando 30%;<br>III &#8211; Suplementares para pessoas autodeclaradas indígenas e deficientes, totalizando 10%;<br>As vagas suplementares serão automaticamente criadas caso haja candidatas/os indígenas e deficientes.</td></tr></tbody></table></figure>



<p><strong>Veja nossa política de cotas</strong>: <a href="https://pos.uel.br/gbm/wp-content/uploads/2024/04/Politica-de-cotas-na-pos.pdf" data-type="URL" data-id="https://pos.uel.br/gbm/wp-content/uploads/2021/06/Minuta-de-Resolucao-cotas-PG.pdf" target="_blank" rel="noreferrer noopener">arquivo em PDF</a></p>



<p>Veja os editais de seleção no quadriênio 2021-2024 </p>



<p>Edital de seleção 2021-1: <a href="https://pos.uel.br/gbm/wp-content/uploads/2021/06/Edital_PPG-GBM-09.2020-2021.pdf" data-type="URL" data-id="https://pos.uel.br/gbm/wp-content/uploads/2021/06/Edital_PPG-GBM-09.2020-2021.pdf" target="_blank" rel="noreferrer noopener">arquivo em PDF</a></p>



<p>Edital de seleção 2021-2: <a href="https://pos.uel.br/gbm/wp-content/uploads/2021/06/Edital_PPG-GBM-09.2020-2021.pdf" data-type="URL" data-id="https://pos.uel.br/gbm/wp-content/uploads/2021/06/Edital_PPG-GBM-09.2020-2021.pdf" target="_blank" rel="noreferrer noopener">arquivo em PDF</a></p>



<p>Edital de seleção 2022-1: <a href="https://pos.uel.br/gbm/wp-content/uploads/2021/09/Edital_PPG-GBM-2022-1.pdf" data-type="URL" data-id="https://pos.uel.br/gbm/wp-content/uploads/2021/09/Edital_PPG-GBM-2022-1.pdf" target="_blank" rel="noreferrer noopener">arquivo em PDF</a></p>



<p>Edital de seleção 2023-1: <a href="https://pos.uel.br/gbm/wp-content/uploads/2024/04/Edital_PPG-GBM-2023.1.pdf" data-type="link" data-id="https://pos.uel.br/gbm/wp-content/uploads/2024/04/Edital_PPG-GBM-2023.1.pdf">arquivo em PDF</a></p>



<p>Edital de seleção 2023-2: <a href="https://pos.uel.br/gbm/wp-content/uploads/2024/04/Edital_PPG-GBM_2023.2.pdf" data-type="link" data-id="https://pos.uel.br/gbm/wp-content/uploads/2024/04/Edital_PPG-GBM_2023.2.pdf">arquivo em PDF</a></p>



<p>Edital de seleção 2024-1: <a href="https://pos.uel.br/gbm/wp-content/uploads/2024/04/Edital_PPG-GBM-2024-1.pdf" data-type="link" data-id="https://pos.uel.br/gbm/wp-content/uploads/2024/04/Edital_PPG-GBM-2024-1.pdf">arquivo em PDF</a></p>

<p>O processo seletivo para Mestrado e Doutorado do PPG em Genética e Biologia Molecular utilizará, a partir de 2022, a reserva de vagas sociais nas seguinte modalidades:I &#8211; Ampla Concorrência, que se referem àquelas que não estão submetidas a nenhuma modalidade de reserva ou suplementariedade de vagas, totalizando 70%;II &#8211; Reservadas para pessoas autodeclaradas negras [&hellip;]</p>
