{"id":557,"date":"2021-06-17T20:18:48","date_gmt":"2021-06-17T23:18:48","guid":{"rendered":"https:\/\/pos.uel.br\/gbm\/?page_id=557"},"modified":"2025-06-02T11:13:11","modified_gmt":"2025-06-02T14:13:11","slug":"processo-de-selecao-mestrado","status":"publish","type":"page","link":"https:\/\/pos.uel.br\/gbm\/processo-de-selecao-mestrado\/","title":{"rendered":"Processo de sele\u00e7\u00e3o Mestrado"},"content":{"rendered":"\n<p><strong>Requisitos Mestrado<\/strong>:<\/p>\n\n\n\n<p>Poder\u00e3o candidatar-se ao Curso de Mestrado portadores de diploma de cursos superiores das \u00e1reas de Ci\u00eancias Biol\u00f3gicas, Agronomia, Biomedicina e outras afins, respeitando crit\u00e9rios estabelecido pela comiss\u00e3o coordenadora do Programa.<\/p>\n\n\n\n<p><\/p>\n\n\n\n<ul class=\"wp-block-list\">\n<li>A sele\u00e7\u00e3o ser\u00e1 realizada por uma Comiss\u00e3o de Sele\u00e7\u00e3o composta por docentes do programa indicados pela Comiss\u00e3o Coordenadora do PPG-GBM, sendo 5 docentes titulares e 2 suplentes. Constar\u00e1 das seguintes etapas e respectivos pesos: I) An\u00e1lise de Curriculum Lattes (peso 4), pontuado pelo candidato conforme tabela de pontua\u00e7\u00e3o e II) Argui\u00e7\u00e3o baseada em artigos cient\u00edficos (peso 6);<\/li>\n<\/ul>\n\n\n\n<ul class=\"wp-block-list\">\n<li>O candidato dever\u00e1 pontuar seu pr\u00f3prio curr\u00edculo, de acordo com a tabela de pontua\u00e7\u00e3o dispon\u00edvel da p\u00e1gina do PPG-GBM. Esta etapa \u00e9 eliminat\u00f3ria, de forma que apenas os candidatos com as 20 maiores notas no Curr\u00edculo seguir\u00e3o para a etapa seguinte.<\/li>\n\n\n\n<li>A nota final de cada Curriculum Lattes ser\u00e1 calculada a partir da seguinte equa\u00e7\u00e3o:<\/li>\n<\/ul>\n\n\n\n<p class=\"has-text-align-center\">Nc = Nmin + (Pc &#8211; Pmin) x (Nmax \u2013 Nmin)\/ Pmax &#8211; Pmin<\/p>\n\n\n\n<div class=\"wp-block-group\"><div class=\"wp-block-group__inner-container is-layout-constrained wp-block-group-is-layout-constrained\">\n<div class=\"wp-block-group\"><div class=\"wp-block-group__inner-container is-layout-constrained wp-block-group-is-layout-constrained\">\n<div class=\"wp-block-group is-vertical is-layout-flex wp-container-core-group-is-layout-8cf370e7 wp-block-group-is-layout-flex\">\n<p class=\"has-text-align-center\">Nc = nota final da an\u00e1lise do Curriculum Lattes do candidato; Nmax = nota at\u00e9 10,0 (dez) que a banca examinadora considera justa para o candidato que obteve a maior pontua\u00e7\u00e3o; Nmin = nota que a banca examinadora considera justa para o candidato que obteve a menor pontua\u00e7\u00e3o; Pc = pontua\u00e7\u00e3o obtida pelo candidato na an\u00e1lise do Curriculum Lattes, com base no gabarito; Pmax = pontua\u00e7\u00e3o mais alta, obtida entre os Curriculum Lattes de todos os candidatos; Pmin = pontua\u00e7\u00e3o mais baixa, obtida entre os Curriculum Lattes de todos os candidatos.<\/p>\n<\/div>\n<\/div><\/div>\n<\/div><\/div>\n\n\n\n<ul class=\"wp-block-list\">\n<li>A classifica\u00e7\u00e3o ser\u00e1 estabelecida a partir da m\u00e9dia ponderada entre a nota do curr\u00edculo (peso 4) e a nota obtida na argui\u00e7\u00e3o (peso 6). Ser\u00e3o considerados aprovados aqueles candidatos que obtiverem m\u00e9dia final igual ou superior a 6,0 (seis). Os estudantes aprovados ser\u00e3o classificados em ordem decrescente da m\u00e9dia final. Os 15 primeiros colocados ter\u00e3o direito \u00e0 matr\u00edcula.<\/li>\n<\/ul>\n\n\n\n<p><\/p>\n\n\n\n<p>Bibliografia recomendada:<\/p>\n\n\n\n<p>PIERCE, B. A., 2011. Gen\u00e9tica &#8211; Um Enfoque Conceitual. Rio de Janeiro (RJ). Guanabara Koogan. 3\u00aa ed., 774p.<\/p>\n\n\n\n<p>RAMALHO, M; Santos, J.B. &amp; Pinto, C.B. 2008. Gen\u00e9tica na Agropecu\u00e1ria. Lavras: UFLA, 4\u00aa ed., 464p.<\/p>\n\n\n\n<p>SNUSTAD, D.P. &amp; Simmons, M.J. 2013. Fundamentos de Gen\u00e9tica. Rio de Janeiro (RJ). Guanabara Koogan. S.A. 6\u00aa ed., 739p.<\/p>\n\n\n\n<p><\/p>\n\n\n\n<p><strong>Veja os editais de sele\u00e7\u00e3o no quadri\u00eanio 2021-2024<\/strong><\/p>\n\n\n\n<p>Edital de sele\u00e7\u00e3o 2021-1: <a href=\"https:\/\/pos.uel.br\/gbm\/wp-content\/uploads\/2021\/06\/Edital_PPG-GBM-09.2020-2021.pdf\" data-type=\"URL\" data-id=\"https:\/\/pos.uel.br\/gbm\/wp-content\/uploads\/2021\/06\/Edital_PPG-GBM-09.2020-2021.pdf\" target=\"_blank\" rel=\"noreferrer noopener\">arquivo em PDF<\/a><\/p>\n\n\n\n<p>Edital de sele\u00e7\u00e3o 2021-2: <a href=\"https:\/\/pos.uel.br\/gbm\/wp-content\/uploads\/2021\/06\/Edital_PPG-GBM-02.2021-Mestrado-e-doutorado-2021.2.pdf\" data-type=\"URL\" data-id=\"https:\/\/pos.uel.br\/gbm\/wp-content\/uploads\/2021\/06\/Edital_PPG-GBM-02.2021-Mestrado-e-doutorado-2021.2.pdf\" target=\"_blank\" rel=\"noreferrer noopener\">arquivo em PDF<\/a><\/p>\n\n\n\n<p>Edital de sele\u00e7\u00e3o 2022-1: <a rel=\"noreferrer noopener\" href=\"https:\/\/pos.uel.br\/gbm\/wp-content\/uploads\/2021\/09\/Edital_PPG-GBM-2022-1.pdf\" data-type=\"URL\" data-id=\"https:\/\/pos.uel.br\/gbm\/wp-content\/uploads\/2021\/09\/Edital_PPG-GBM-2022-1.pdf\" target=\"_blank\">arquivo em PDF <\/a>  \/   cronograma e vagas: <a rel=\"noreferrer noopener\" href=\"https:\/\/pos.uel.br\/gbm\/wp-content\/uploads\/2021\/09\/crongrama_-e_vagas_2021_2022.pdf\" data-type=\"URL\" data-id=\"https:\/\/pos.uel.br\/gbm\/wp-content\/uploads\/2021\/09\/crongrama_-e_vagas_2021_2022.pdf\" target=\"_blank\">arquivo em PDF<\/a><\/p>\n\n\n\n<p>Edital de sele\u00e7\u00e3o 2022-2: <a href=\"https:\/\/pos.uel.br\/gbm\/wp-content\/uploads\/2022\/04\/Edital_Programa-2022-2.pdf\" data-type=\"URL\" data-id=\"https:\/\/pos.uel.br\/gbm\/wp-content\/uploads\/2022\/04\/Edital_Programa-2022-2.pdf\" target=\"_blank\" rel=\"noreferrer noopener\">arquivo em PDF<\/a> <\/p>\n\n\n\n<p>Edital de sele\u00e7\u00e3o 2023-1: <a href=\"https:\/\/pos.uel.br\/gbm\/wp-content\/uploads\/2024\/04\/Edital_PPG-GBM-2023.1.pdf\" data-type=\"link\" data-id=\"https:\/\/pos.uel.br\/gbm\/wp-content\/uploads\/2024\/04\/Edital_PPG-GBM-2023.1.pdf\">arquivo em PDF<\/a><\/p>\n\n\n\n<p>Edital de sele\u00e7\u00e3o 2023-2: <a href=\"https:\/\/pos.uel.br\/gbm\/wp-content\/uploads\/2024\/04\/Edital_PPG-GBM_2023.2.pdf\" data-type=\"link\" data-id=\"https:\/\/pos.uel.br\/gbm\/wp-content\/uploads\/2024\/04\/Edital_PPG-GBM_2023.2.pdf\">arquivo em PD<\/a>F<\/p>\n\n\n\n<p>Edital de sele\u00e7\u00e3o 2024-1: <a href=\"https:\/\/pos.uel.br\/gbm\/wp-content\/uploads\/2024\/04\/Edital_PPG-GBM-2024-1.pdf\" data-type=\"link\" data-id=\"https:\/\/pos.uel.br\/gbm\/wp-content\/uploads\/2024\/04\/Edital_PPG-GBM-2024-1.pdf\">arquivo em PDF<\/a><\/p>\n\n\n\n<p>Edital de sele\u00e7\u00e3o 2025-1: <a href=\"https:\/\/pos.uel.br\/gbm\/wp-content\/uploads\/2025\/06\/Edital-Regular-2025-1.pdf\" data-type=\"attachment\" data-id=\"1900\">arquivo em PDF<\/a><\/p>\n\n\n\n<p><\/p>\n","protected":false},"excerpt":{"rendered":"<p>Requisitos Mestrado: Poder\u00e3o candidatar-se ao Curso de Mestrado portadores de diploma de cursos superiores das \u00e1reas de Ci\u00eancias Biol\u00f3gicas, Agronomia, Biomedicina e outras afins, respeitando crit\u00e9rios estabelecido pela comiss\u00e3o coordenadora do Programa. Nc = Nmin + (Pc &#8211; Pmin) x (Nmax \u2013 Nmin)\/ Pmax &#8211; Pmin Nc = nota final da an\u00e1lise do Curriculum Lattes [&hellip;]<\/p>\n","protected":false},"author":8,"featured_media":0,"parent":0,"menu_order":0,"comment_status":"closed","ping_status":"closed","template":"","meta":{"footnotes":""},"class_list":["post-557","page","type-page","status-publish","hentry"],"_links":{"self":[{"href":"https:\/\/pos.uel.br\/gbm\/wp-json\/wp\/v2\/pages\/557","targetHints":{"allow":["GET"]}}],"collection":[{"href":"https:\/\/pos.uel.br\/gbm\/wp-json\/wp\/v2\/pages"}],"about":[{"href":"https:\/\/pos.uel.br\/gbm\/wp-json\/wp\/v2\/types\/page"}],"author":[{"embeddable":true,"href":"https:\/\/pos.uel.br\/gbm\/wp-json\/wp\/v2\/users\/8"}],"replies":[{"embeddable":true,"href":"https:\/\/pos.uel.br\/gbm\/wp-json\/wp\/v2\/comments?post=557"}],"version-history":[{"count":22,"href":"https:\/\/pos.uel.br\/gbm\/wp-json\/wp\/v2\/pages\/557\/revisions"}],"predecessor-version":[{"id":1902,"href":"https:\/\/pos.uel.br\/gbm\/wp-json\/wp\/v2\/pages\/557\/revisions\/1902"}],"wp:attachment":[{"href":"https:\/\/pos.uel.br\/gbm\/wp-json\/wp\/v2\/media?parent=557"}],"curies":[{"name":"wp","href":"https:\/\/api.w.org\/{rel}","templated":true}]}}