{"id":509,"date":"2021-06-16T20:59:10","date_gmt":"2021-06-16T23:59:10","guid":{"rendered":"https:\/\/pos.uel.br\/gbm\/?page_id=509"},"modified":"2021-06-16T21:02:14","modified_gmt":"2021-06-17T00:02:14","slug":"regimento-do-ppg","status":"publish","type":"page","link":"https:\/\/pos.uel.br\/gbm\/regimento-do-ppg\/","title":{"rendered":"Regimento do PPG"},"content":{"rendered":"\n<p>A coordena\u00e7\u00e3o tem como pr\u00e1tica avaliar anualmente o regimento e discutir o regimento em reuni\u00f5es colegiadas, de modo a mant\u00ea-lo atualizado de acordo com as normas estaduais e federais. Com isso, o PPG busca melhor atender ao processo de forma\u00e7\u00e3o dos discentes na \u00e1rea da Gen\u00e9tica.<\/p>\n\n\n\n<p>Veja nosso regimento: <a href=\"https:\/\/pos.uel.br\/gbm\/wp-content\/uploads\/2021\/06\/nova-Resolucao-CEPE-33-Regimento-PPG-Genetica.pdf\" data-type=\"URL\" data-id=\"https:\/\/pos.uel.br\/gbm\/wp-content\/uploads\/2021\/06\/nova-Resolucao-CEPE-33-Regimento-PPG-Genetica.pdf\" target=\"_blank\" rel=\"noreferrer noopener\">arquivo em PDF<\/a><\/p>\n","protected":false},"excerpt":{"rendered":"<p>A coordena\u00e7\u00e3o tem como pr\u00e1tica avaliar anualmente o regimento e discutir o regimento em reuni\u00f5es colegiadas, de modo a mant\u00ea-lo atualizado de acordo com as normas estaduais e federais. Com isso, o PPG busca melhor atender ao processo de forma\u00e7\u00e3o dos discentes na \u00e1rea da Gen\u00e9tica. Veja nosso regimento: arquivo em PDF<\/p>\n","protected":false},"author":8,"featured_media":0,"parent":0,"menu_order":0,"comment_status":"closed","ping_status":"closed","template":"","meta":{"footnotes":""},"class_list":["post-509","page","type-page","status-publish","hentry"],"_links":{"self":[{"href":"https:\/\/pos.uel.br\/gbm\/wp-json\/wp\/v2\/pages\/509","targetHints":{"allow":["GET"]}}],"collection":[{"href":"https:\/\/pos.uel.br\/gbm\/wp-json\/wp\/v2\/pages"}],"about":[{"href":"https:\/\/pos.uel.br\/gbm\/wp-json\/wp\/v2\/types\/page"}],"author":[{"embeddable":true,"href":"https:\/\/pos.uel.br\/gbm\/wp-json\/wp\/v2\/users\/8"}],"replies":[{"embeddable":true,"href":"https:\/\/pos.uel.br\/gbm\/wp-json\/wp\/v2\/comments?post=509"}],"version-history":[{"count":3,"href":"https:\/\/pos.uel.br\/gbm\/wp-json\/wp\/v2\/pages\/509\/revisions"}],"predecessor-version":[{"id":512,"href":"https:\/\/pos.uel.br\/gbm\/wp-json\/wp\/v2\/pages\/509\/revisions\/512"}],"wp:attachment":[{"href":"https:\/\/pos.uel.br\/gbm\/wp-json\/wp\/v2\/media?parent=509"}],"curies":[{"name":"wp","href":"https:\/\/api.w.org\/{rel}","templated":true}]}}