{"id":467,"date":"2021-06-16T19:39:49","date_gmt":"2021-06-16T22:39:49","guid":{"rendered":"https:\/\/pos.uel.br\/gbm\/?page_id=467"},"modified":"2025-05-23T10:38:16","modified_gmt":"2025-05-23T13:38:16","slug":"bolsas-pdse","status":"publish","type":"page","link":"https:\/\/pos.uel.br\/gbm\/bolsas-pdse\/","title":{"rendered":"Bolsas PDSE"},"content":{"rendered":"\n<p>A Coordena\u00e7\u00e3o do PPG em Gen\u00e9tica e Biologia Molecular apoia a realiza\u00e7\u00e3o de est\u00e1gio sandu\u00edche no exterior com bolsa PDSE-CAPES. O edital para a sele\u00e7\u00e3o interna (PPG e ProPPG-UEL) \u00e9 aberto anualmente, logo ap\u00f3s a divulga\u00e7\u00e3o do calend\u00e1rio da CAPES. Os doutorandos e orientadores dever\u00e3o se manifestar por e-mail, com a entrega de documentos em formato PDF, conforme o edital e modelos anexados abaixo. A comiss\u00e3o de sele\u00e7\u00e3o avaliar\u00e1 as inscri\u00e7\u00f5es e selecionar\u00e1 os candidatos, obedecendo as regras do edital. O resultado da sele\u00e7\u00e3o interna \u00e9 divulgado por e-mail (direcionado aos candidatos e seus orientadores), assim como no site do programa. Ap\u00f3s o prazo de recurso, a lista dos selecionados \u00e9 enviada para a Pro-Reitoria (Pro-PPG). Para interessados, recomendamos que o leiam atentamente os editais anuais e se organizem para atender aos requisitos exigidos. A Pro-PPG-UEL seguir\u00e1 com a homologa\u00e7\u00e3o das candidaturas se: i) a proposta estiver em plena conformidade com o edital do ano vigente, ii) n\u00e3o houver incompatibilidade de datas para a realiza\u00e7\u00e3o do est\u00e1gio que s\u00e3o indicadas nas cartas dos orientadores tanto da UEL quanto do exterior e o per\u00edodo de est\u00e1gio indicado pelo candidato e iii) o prazo de retorno n\u00e3o exceder o prov\u00e1vel per\u00edodo de defesa do doutorado.<\/p>\n\n\n\n<p><strong><a href=\"https:\/\/pos.uel.br\/gbm\/wp-content\/uploads\/2023\/11\/Edital-PROPPG_30_PDSE_UEL-2023.pdf\" data-type=\"link\" data-id=\"https:\/\/pos.uel.br\/gbm\/wp-content\/uploads\/2023\/11\/Edital-PROPPG_30_PDSE_UEL-2023.pdf\">Veja os documentos e os resultados<\/a><\/strong><\/p>\n\n\n\n<p><strong><mark class=\"has-inline-color has-primary-accent-color\">Edital PDSE &#8211; UEL &#8211; 2024<\/mark><\/strong> (<a href=\"https:\/\/pos.uel.br\/gbm\/wp-content\/uploads\/2024\/04\/Edital_PROPPG_PDSE_UEL_2024.pdf\" data-type=\"link\" data-id=\"https:\/\/pos.uel.br\/gbm\/wp-content\/uploads\/2024\/04\/Edital_PROPPG_PDSE_UEL_2024.pdf\">PDF<\/a>)<\/p>\n\n\n\n<ul class=\"wp-block-list\">\n<li>Anexo 1 &#8211; Termo de outorga (<a href=\"https:\/\/pos.uel.br\/gbm\/wp-content\/uploads\/2024\/05\/1.-Anexo_I___Termo_de_Outorga.pdf\" data-type=\"link\" data-id=\"https:\/\/pos.uel.br\/gbm\/wp-content\/uploads\/2024\/05\/1.-Anexo_I___Termo_de_Outorga.pdf\">PDF<\/a>)<\/li>\n<\/ul>\n\n\n\n<ul class=\"wp-block-list\">\n<li>Anexo 2 &#8211; Reconhecimento da flu\u00eancia &#8211; Orientador estrangeiro (<a href=\"https:\/\/pos.uel.br\/gbm\/wp-content\/uploads\/2024\/05\/2.-Anexo-II_Declaracao_Reconhecimento_da_Fluencia_Linguistica_do_cooorientador_no_exterior__1_.pdf\" data-type=\"link\" data-id=\"https:\/\/pos.uel.br\/gbm\/wp-content\/uploads\/2024\/05\/2.-Anexo-II_Declaracao_Reconhecimento_da_Fluencia_Linguistica_do_cooorientador_no_exterior__1_.pdf\">PDF<\/a>)<\/li>\n<\/ul>\n\n\n\n<ul class=\"wp-block-list\">\n<li>Anexo 3 &#8211; Reconhecimento da flu\u00eancia &#8211; Orientador no Brasil (<a href=\"https:\/\/pos.uel.br\/gbm\/wp-content\/uploads\/2024\/05\/3.-AnexoIII_Declaracao_Reconhecimento_da_Fluencia___Orient_Brasileiro.pdf\" data-type=\"link\" data-id=\"https:\/\/pos.uel.br\/gbm\/wp-content\/uploads\/2024\/05\/3.-AnexoIII_Declaracao_Reconhecimento_da_Fluencia___Orient_Brasileiro.pdf\">PDF<\/a>)<\/li>\n<\/ul>\n\n\n\n<ul class=\"wp-block-list\">\n<li>Anexo 4 &#8211; Requisitos da profici\u00eancia (<a href=\"https:\/\/pos.uel.br\/gbm\/wp-content\/uploads\/2024\/05\/4.-Anexo_IV__Requisitos_Proficiencia_2024.pdf\" data-type=\"link\" data-id=\"https:\/\/pos.uel.br\/gbm\/wp-content\/uploads\/2024\/05\/4.-Anexo_IV__Requisitos_Proficiencia_2024.pdf\">PDF<\/a>)<\/li>\n<\/ul>\n\n\n\n<ul class=\"wp-block-list\">\n<li>Modelo da declara\u00e7\u00e3o do orientador no exterior (<a href=\"https:\/\/pos.uel.br\/gbm\/wp-content\/uploads\/2024\/05\/5.-MODELO_DA_DECLARACAO_DO_COORIENTADOR_NO_EXTERIOR_2.pdf\" data-type=\"link\" data-id=\"https:\/\/pos.uel.br\/gbm\/wp-content\/uploads\/2024\/05\/5.-MODELO_DA_DECLARACAO_DO_COORIENTADOR_NO_EXTERIOR_2.pdf\">PDF<\/a>)<\/li>\n<\/ul>\n\n\n\n<ul class=\"wp-block-list\">\n<li>Resultado da sele\u00e7\u00e3o interna (<a href=\"https:\/\/pos.uel.br\/gbm\/wp-content\/uploads\/2024\/05\/Ata-de-Resultado-da-Selecao-Interna.pdf\" data-type=\"link\" data-id=\"https:\/\/pos.uel.br\/gbm\/wp-content\/uploads\/2024\/05\/Ata-de-Resultado-da-Selecao-Interna.pdf\">PDF<\/a>)<\/li>\n<\/ul>\n\n\n\n<p><strong><mark class=\"has-inline-color has-primary-accent-color\">Edital PDSE &#8211; UEL &#8211; 2025 (<a href=\"https:\/\/pos.uel.br\/gbm\/wp-content\/uploads\/2025\/05\/Edital-PROPPG_57_PDSE_UEL-2024.pdf\" data-type=\"attachment\" data-id=\"1846\">PDF<\/a>)<\/mark><\/strong><\/p>\n\n\n\n<p><\/p>\n","protected":false},"excerpt":{"rendered":"<p>A Coordena\u00e7\u00e3o do PPG em Gen\u00e9tica e Biologia Molecular apoia a realiza\u00e7\u00e3o de est\u00e1gio sandu\u00edche no exterior com bolsa PDSE-CAPES. O edital para a sele\u00e7\u00e3o interna (PPG e ProPPG-UEL) \u00e9 aberto anualmente, logo ap\u00f3s a divulga\u00e7\u00e3o do calend\u00e1rio da CAPES. Os doutorandos e orientadores dever\u00e3o se manifestar por e-mail, com a entrega de documentos em [&hellip;]<\/p>\n","protected":false},"author":8,"featured_media":0,"parent":0,"menu_order":0,"comment_status":"closed","ping_status":"closed","template":"","meta":{"footnotes":""},"class_list":["post-467","page","type-page","status-publish","hentry"],"_links":{"self":[{"href":"https:\/\/pos.uel.br\/gbm\/wp-json\/wp\/v2\/pages\/467","targetHints":{"allow":["GET"]}}],"collection":[{"href":"https:\/\/pos.uel.br\/gbm\/wp-json\/wp\/v2\/pages"}],"about":[{"href":"https:\/\/pos.uel.br\/gbm\/wp-json\/wp\/v2\/types\/page"}],"author":[{"embeddable":true,"href":"https:\/\/pos.uel.br\/gbm\/wp-json\/wp\/v2\/users\/8"}],"replies":[{"embeddable":true,"href":"https:\/\/pos.uel.br\/gbm\/wp-json\/wp\/v2\/comments?post=467"}],"version-history":[{"count":33,"href":"https:\/\/pos.uel.br\/gbm\/wp-json\/wp\/v2\/pages\/467\/revisions"}],"predecessor-version":[{"id":1850,"href":"https:\/\/pos.uel.br\/gbm\/wp-json\/wp\/v2\/pages\/467\/revisions\/1850"}],"wp:attachment":[{"href":"https:\/\/pos.uel.br\/gbm\/wp-json\/wp\/v2\/media?parent=467"}],"curies":[{"name":"wp","href":"https:\/\/api.w.org\/{rel}","templated":true}]}}

<p>A Coordenação do PPG em Genética e Biologia Molecular apoia a realização de estágio sanduíche no exterior com bolsa PDSE-CAPES. O edital para a seleção interna (PPG e ProPPG-UEL) é aberto anualmente, logo após a divulgação do calendário da CAPES. Os doutorandos e orientadores deverão se manifestar por e-mail, com a entrega de documentos em formato PDF, conforme o edital e modelos anexados abaixo. A comissão de seleção avaliará as inscrições e selecionará os candidatos, obedecendo as regras do edital. O resultado da seleção interna é divulgado por e-mail (direcionado aos candidatos e seus orientadores), assim como no site do programa. Após o prazo de recurso, a lista dos selecionados é enviada para a Pro-Reitoria (Pro-PPG). Para interessados, recomendamos que o leiam atentamente os editais anuais e se organizem para atender aos requisitos exigidos. A Pro-PPG-UEL seguirá com a homologação das candidaturas se: i) a proposta estiver em plena conformidade com o edital do ano vigente, ii) não houver incompatibilidade de datas para a realização do estágio que são indicadas nas cartas dos orientadores tanto da UEL quanto do exterior e o período de estágio indicado pelo candidato e iii) o prazo de retorno não exceder o provável período de defesa do doutorado.</p>



<p><strong><a href="https://pos.uel.br/gbm/wp-content/uploads/2023/11/Edital-PROPPG_30_PDSE_UEL-2023.pdf" data-type="link" data-id="https://pos.uel.br/gbm/wp-content/uploads/2023/11/Edital-PROPPG_30_PDSE_UEL-2023.pdf">Veja os documentos e os resultados</a></strong></p>



<p><strong><mark class="has-inline-color has-primary-accent-color">Edital PDSE &#8211; UEL &#8211; 2024</mark></strong> (<a href="https://pos.uel.br/gbm/wp-content/uploads/2024/04/Edital_PROPPG_PDSE_UEL_2024.pdf" data-type="link" data-id="https://pos.uel.br/gbm/wp-content/uploads/2024/04/Edital_PROPPG_PDSE_UEL_2024.pdf">PDF</a>)</p>



<ul class="wp-block-list">
<li>Anexo 1 &#8211; Termo de outorga (<a href="https://pos.uel.br/gbm/wp-content/uploads/2024/05/1.-Anexo_I___Termo_de_Outorga.pdf" data-type="link" data-id="https://pos.uel.br/gbm/wp-content/uploads/2024/05/1.-Anexo_I___Termo_de_Outorga.pdf">PDF</a>)</li>
</ul>



<ul class="wp-block-list">
<li>Anexo 2 &#8211; Reconhecimento da fluência &#8211; Orientador estrangeiro (<a href="https://pos.uel.br/gbm/wp-content/uploads/2024/05/2.-Anexo-II_Declaracao_Reconhecimento_da_Fluencia_Linguistica_do_cooorientador_no_exterior__1_.pdf" data-type="link" data-id="https://pos.uel.br/gbm/wp-content/uploads/2024/05/2.-Anexo-II_Declaracao_Reconhecimento_da_Fluencia_Linguistica_do_cooorientador_no_exterior__1_.pdf">PDF</a>)</li>
</ul>



<ul class="wp-block-list">
<li>Anexo 3 &#8211; Reconhecimento da fluência &#8211; Orientador no Brasil (<a href="https://pos.uel.br/gbm/wp-content/uploads/2024/05/3.-AnexoIII_Declaracao_Reconhecimento_da_Fluencia___Orient_Brasileiro.pdf" data-type="link" data-id="https://pos.uel.br/gbm/wp-content/uploads/2024/05/3.-AnexoIII_Declaracao_Reconhecimento_da_Fluencia___Orient_Brasileiro.pdf">PDF</a>)</li>
</ul>



<ul class="wp-block-list">
<li>Anexo 4 &#8211; Requisitos da proficiência (<a href="https://pos.uel.br/gbm/wp-content/uploads/2024/05/4.-Anexo_IV__Requisitos_Proficiencia_2024.pdf" data-type="link" data-id="https://pos.uel.br/gbm/wp-content/uploads/2024/05/4.-Anexo_IV__Requisitos_Proficiencia_2024.pdf">PDF</a>)</li>
</ul>



<ul class="wp-block-list">
<li>Modelo da declaração do orientador no exterior (<a href="https://pos.uel.br/gbm/wp-content/uploads/2024/05/5.-MODELO_DA_DECLARACAO_DO_COORIENTADOR_NO_EXTERIOR_2.pdf" data-type="link" data-id="https://pos.uel.br/gbm/wp-content/uploads/2024/05/5.-MODELO_DA_DECLARACAO_DO_COORIENTADOR_NO_EXTERIOR_2.pdf">PDF</a>)</li>
</ul>



<ul class="wp-block-list">
<li>Resultado da seleção interna (<a href="https://pos.uel.br/gbm/wp-content/uploads/2024/05/Ata-de-Resultado-da-Selecao-Interna.pdf" data-type="link" data-id="https://pos.uel.br/gbm/wp-content/uploads/2024/05/Ata-de-Resultado-da-Selecao-Interna.pdf">PDF</a>)</li>
</ul>



<p><strong><mark class="has-inline-color has-primary-accent-color">Edital PDSE &#8211; UEL &#8211; 2025 (<a href="https://pos.uel.br/gbm/wp-content/uploads/2025/05/Edital-PROPPG_57_PDSE_UEL-2024.pdf" data-type="attachment" data-id="1846">PDF</a>)</mark></strong></p>



<p></p>

<p>A Coordenação do PPG em Genética e Biologia Molecular apoia a realização de estágio sanduíche no exterior com bolsa PDSE-CAPES. O edital para a seleção interna (PPG e ProPPG-UEL) é aberto anualmente, logo após a divulgação do calendário da CAPES. Os doutorandos e orientadores deverão se manifestar por e-mail, com a entrega de documentos em [&hellip;]</p>
