{"id":167,"date":"2021-06-09T14:09:27","date_gmt":"2021-06-09T17:09:27","guid":{"rendered":"https:\/\/pos.uel.br\/gbm\/?page_id=167"},"modified":"2025-02-24T17:51:02","modified_gmt":"2025-02-24T20:51:02","slug":"consolidacao-2017-2020","status":"publish","type":"page","link":"https:\/\/pos.uel.br\/gbm\/autoavaliacao-3\/consolidacao-2017-2020\/","title":{"rendered":"Consolida\u00e7\u00e3o dos question\u00e1rios aplicados"},"content":{"rendered":"\n<p><\/p>\n\n\n\n<p>Veja o relat\u00f3rio consolidado dos discentes (2017-2020) &#8211; <a href=\"https:\/\/pos.uel.br\/gbm\/wp-content\/uploads\/2021\/06\/autoavaliacao_discentes_PPG-GBM-UEL-2017_2020.pdf\">PDF<\/a><\/p>\n\n\n\n<p>Veja o relat\u00f3rio consolidado dos docentes  (2017-2020) &#8211; <a href=\"https:\/\/pos.uel.br\/gbm\/wp-content\/uploads\/2021\/06\/autoavaliacao_docentes_PPG-GBM-UEL-2017_2020.pdf\" data-type=\"URL\" data-id=\"https:\/\/pos.uel.br\/gbm\/wp-content\/uploads\/2021\/06\/autoavaliacao_docentes_PPG-GBM-UEL-2017_2020.pdf\" target=\"_blank\" rel=\"noreferrer noopener\">PDF<\/a><\/p>\n\n\n\n<p>Veja o relat\u00f3rio consolidado dos discentes (2021-2022) \u2013&nbsp;<a href=\"https:\/\/pos.uel.br\/gbm\/wp-content\/uploads\/2022\/03\/Formulario-Bianual-de-Autoavaliacao-Discente-PPG-GBM-2021-2022.pdf\" data-type=\"URL\" data-id=\"https:\/\/pos.uel.br\/gbm\/wp-content\/uploads\/2022\/03\/Formulario-Bianual-de-Autoavaliacao-Discente-PPG-GBM-2021-2022.pdf\" target=\"_blank\" rel=\"noreferrer noopener\">PDF<\/a><\/p>\n\n\n\n<p>Veja o relat\u00f3rio consolidado dos docentes (2021-2022) \u2013&nbsp;<a href=\"https:\/\/pos.uel.br\/gbm\/wp-content\/uploads\/2022\/03\/Formulario-Bianual-de-Autoavaliacao-Docente-PPG-GBM-2021-2022.pdf\" data-type=\"URL\" data-id=\"https:\/\/pos.uel.br\/gbm\/wp-content\/uploads\/2022\/03\/Formulario-Bianual-de-Autoavaliacao-Docente-PPG-GBM-2021-2022.pdf\" target=\"_blank\" rel=\"noreferrer noopener\">PDF<\/a><\/p>\n\n\n\n<p>Veja o relat\u00f3rio consolidado (2023-2024) \u2013\u00a0<a href=\"https:\/\/drive.google.com\/file\/d\/1sYGZetf2THpoemA1zzaRj73Jf42fWwiE\/view?usp=sharing\" data-type=\"link\" data-id=\"https:\/\/drive.google.com\/file\/d\/1sYGZetf2THpoemA1zzaRj73Jf42fWwiE\/view?usp=sharing\">PDF<\/a><\/p>\n\n\n\n<p><\/p>\n","protected":false},"excerpt":{"rendered":"<p>Veja o relat\u00f3rio consolidado dos discentes (2017-2020) &#8211; PDF Veja o relat\u00f3rio consolidado dos docentes (2017-2020) &#8211; PDF Veja o relat\u00f3rio consolidado dos discentes (2021-2022) \u2013&nbsp;PDF Veja o relat\u00f3rio consolidado dos docentes (2021-2022) \u2013&nbsp;PDF Veja o relat\u00f3rio consolidado (2023-2024) \u2013\u00a0PDF<\/p>\n","protected":false},"author":8,"featured_media":0,"parent":163,"menu_order":0,"comment_status":"closed","ping_status":"closed","template":"","meta":{"footnotes":""},"class_list":["post-167","page","type-page","status-publish","hentry"],"_links":{"self":[{"href":"https:\/\/pos.uel.br\/gbm\/wp-json\/wp\/v2\/pages\/167","targetHints":{"allow":["GET"]}}],"collection":[{"href":"https:\/\/pos.uel.br\/gbm\/wp-json\/wp\/v2\/pages"}],"about":[{"href":"https:\/\/pos.uel.br\/gbm\/wp-json\/wp\/v2\/types\/page"}],"author":[{"embeddable":true,"href":"https:\/\/pos.uel.br\/gbm\/wp-json\/wp\/v2\/users\/8"}],"replies":[{"embeddable":true,"href":"https:\/\/pos.uel.br\/gbm\/wp-json\/wp\/v2\/comments?post=167"}],"version-history":[{"count":13,"href":"https:\/\/pos.uel.br\/gbm\/wp-json\/wp\/v2\/pages\/167\/revisions"}],"predecessor-version":[{"id":1792,"href":"https:\/\/pos.uel.br\/gbm\/wp-json\/wp\/v2\/pages\/167\/revisions\/1792"}],"up":[{"embeddable":true,"href":"https:\/\/pos.uel.br\/gbm\/wp-json\/wp\/v2\/pages\/163"}],"wp:attachment":[{"href":"https:\/\/pos.uel.br\/gbm\/wp-json\/wp\/v2\/media?parent=167"}],"curies":[{"name":"wp","href":"https:\/\/api.w.org\/{rel}","templated":true}]}}

Consolidação dos questionários aplicados

<p></p>



<p>Veja o relatório consolidado dos discentes (2017-2020) &#8211; <a href="https://pos.uel.br/gbm/wp-content/uploads/2021/06/autoavaliacao_discentes_PPG-GBM-UEL-2017_2020.pdf">PDF</a></p>



<p>Veja o relatório consolidado dos docentes  (2017-2020) &#8211; <a href="https://pos.uel.br/gbm/wp-content/uploads/2021/06/autoavaliacao_docentes_PPG-GBM-UEL-2017_2020.pdf" data-type="URL" data-id="https://pos.uel.br/gbm/wp-content/uploads/2021/06/autoavaliacao_docentes_PPG-GBM-UEL-2017_2020.pdf" target="_blank" rel="noreferrer noopener">PDF</a></p>



<p>Veja o relatório consolidado dos discentes (2021-2022) –&nbsp;<a href="https://pos.uel.br/gbm/wp-content/uploads/2022/03/Formulario-Bianual-de-Autoavaliacao-Discente-PPG-GBM-2021-2022.pdf" data-type="URL" data-id="https://pos.uel.br/gbm/wp-content/uploads/2022/03/Formulario-Bianual-de-Autoavaliacao-Discente-PPG-GBM-2021-2022.pdf" target="_blank" rel="noreferrer noopener">PDF</a></p>



<p>Veja o relatório consolidado dos docentes (2021-2022) –&nbsp;<a href="https://pos.uel.br/gbm/wp-content/uploads/2022/03/Formulario-Bianual-de-Autoavaliacao-Docente-PPG-GBM-2021-2022.pdf" data-type="URL" data-id="https://pos.uel.br/gbm/wp-content/uploads/2022/03/Formulario-Bianual-de-Autoavaliacao-Docente-PPG-GBM-2021-2022.pdf" target="_blank" rel="noreferrer noopener">PDF</a></p>



<p>Veja o relatório consolidado (2023-2024) – <a href="https://drive.google.com/file/d/1sYGZetf2THpoemA1zzaRj73Jf42fWwiE/view?usp=sharing" data-type="link" data-id="https://drive.google.com/file/d/1sYGZetf2THpoemA1zzaRj73Jf42fWwiE/view?usp=sharing">PDF</a></p>



<p></p>

<p>Veja o relatório consolidado dos discentes (2017-2020) &#8211; PDF Veja o relatório consolidado dos docentes (2017-2020) &#8211; PDF Veja o relatório consolidado dos discentes (2021-2022) –&nbsp;PDF Veja o relatório consolidado dos docentes (2021-2022) –&nbsp;PDF Veja o relatório consolidado (2023-2024) – PDF</p>
