{"id":136,"date":"2021-05-26T08:16:01","date_gmt":"2021-05-26T11:16:01","guid":{"rendered":"https:\/\/pos.uel.br\/gbm\/?page_id=136"},"modified":"2021-05-26T08:16:01","modified_gmt":"2021-05-26T11:16:01","slug":"matricula-e-ingresso-ao-ppg-gbm","status":"publish","type":"page","link":"https:\/\/pos.uel.br\/gbm\/matricula-e-ingresso-ao-ppg-gbm\/","title":{"rendered":"Matr\u00edcula e ingresso ao PPG-GBM"},"content":{"rendered":"\n<p>Ter\u00e3o\u00a0direito\u00a0\u00e0\u00a0matr\u00edcula\u00a0os\u00a0candidatos\u00a0inscritos\u00a0que\u00a0forem\u00a0aprovados\u00a0e\u00a0classificados\u00a0no\u00a0processo\u00a0de\u00a0sele\u00e7\u00e3o,<\/p>\n\n\n\n<p>desde&nbsp;que&nbsp;n\u00e3o&nbsp;ultrapasse&nbsp;o&nbsp;n\u00famero&nbsp;de&nbsp;vagas&nbsp;ofertadas&nbsp;para&nbsp;cada&nbsp;n\u00edvel&nbsp;no&nbsp;processo&nbsp;de&nbsp;sele\u00e7\u00e3o.&nbsp;&nbsp;<\/p>\n\n\n\n<ul class=\"wp-block-list\"><li>O&nbsp;estudante&nbsp;matricular-se-\u00e1&nbsp;e&nbsp;ter\u00e1&nbsp;seus&nbsp;estudos&nbsp;supervisionados&nbsp;por&nbsp;um&nbsp;orientador.&nbsp;&nbsp;&nbsp;<\/li><li>O&nbsp;estudante&nbsp;que&nbsp;n\u00e3o&nbsp;realizar&nbsp;sua&nbsp;matr\u00edcula&nbsp;de&nbsp;acordo&nbsp;com&nbsp;o&nbsp;Calend\u00e1rio&nbsp;da&nbsp;P\u00f3s-Gradua\u00e7\u00e3o ser\u00e1 desligado do Programa.&nbsp;<\/li><\/ul>\n\n\n\n<p>Os&nbsp;estudantes&nbsp;matriculados&nbsp;ser\u00e3o&nbsp;classificados&nbsp;como&nbsp;aluno&nbsp;regular ou especial, de acordo com o Regulamento dos Programas&nbsp;de&nbsp;P\u00f3s-Gradua\u00e7\u00e3o&nbsp;Stricto&nbsp;Sensu:&nbsp;<\/p>\n\n\n\n<ul class=\"wp-block-list\"><li>&nbsp;aprovado&nbsp;no&nbsp;exame&nbsp;de&nbsp;sele\u00e7\u00e3o,&nbsp;matriculado&nbsp;no&nbsp;Programa&nbsp;de&nbsp;Mestrado&nbsp;ou&nbsp;Doutorado,&nbsp;em&nbsp;obedi\u00eancia a todos os&nbsp;requisitos&nbsp;necess\u00e1rios&nbsp;\u00e0&nbsp;obten\u00e7\u00e3o&nbsp;dos&nbsp;diplomas&nbsp;correspondentes;&nbsp;<\/li><li>&nbsp;matriculado&nbsp;em&nbsp;disciplinas&nbsp;isoladas&nbsp;do&nbsp;Programa,&nbsp;definidas&nbsp;pela&nbsp;Coordena\u00e7\u00e3o&nbsp;e&nbsp;ouvido&nbsp;o&nbsp;docente respons\u00e1vel pela&nbsp;disciplina&nbsp;antes&nbsp;do&nbsp;per\u00edodo&nbsp;de&nbsp;inscri\u00e7\u00e3o&nbsp;e&nbsp;divulgadas&nbsp;com&nbsp;anteced\u00eancia&nbsp;pela&nbsp;Pro-PPG.<\/li><li>O estudante regular poder\u00e1 cursar em tempo integral ou parcial, obedecidos os prazos m\u00e1ximos permitidos para a obten\u00e7\u00e3o dos t\u00edtulos de Mestre ou Doutor<\/li><li>O estudante especial poder\u00e1 cursar at\u00e9 50% dos cr\u00e9ditos em disciplinas exigidas pelo Programa, mediante requerimento semestral \u00e0 coordena\u00e7\u00e3o, desde que devidamente comprovada a conclus\u00e3o da gradua\u00e7\u00e3o, seguido de hist\u00f3rico escolar e curr\u00edculo vitae.<\/li><\/ul>\n","protected":false},"excerpt":{"rendered":"<p>Ter\u00e3o\u00a0direito\u00a0\u00e0\u00a0matr\u00edcula\u00a0os\u00a0candidatos\u00a0inscritos\u00a0que\u00a0forem\u00a0aprovados\u00a0e\u00a0classificados\u00a0no\u00a0processo\u00a0de\u00a0sele\u00e7\u00e3o, desde&nbsp;que&nbsp;n\u00e3o&nbsp;ultrapasse&nbsp;o&nbsp;n\u00famero&nbsp;de&nbsp;vagas&nbsp;ofertadas&nbsp;para&nbsp;cada&nbsp;n\u00edvel&nbsp;no&nbsp;processo&nbsp;de&nbsp;sele\u00e7\u00e3o.&nbsp;&nbsp; O&nbsp;estudante&nbsp;matricular-se-\u00e1&nbsp;e&nbsp;ter\u00e1&nbsp;seus&nbsp;estudos&nbsp;supervisionados&nbsp;por&nbsp;um&nbsp;orientador.&nbsp;&nbsp;&nbsp; O&nbsp;estudante&nbsp;que&nbsp;n\u00e3o&nbsp;realizar&nbsp;sua&nbsp;matr\u00edcula&nbsp;de&nbsp;acordo&nbsp;com&nbsp;o&nbsp;Calend\u00e1rio&nbsp;da&nbsp;P\u00f3s-Gradua\u00e7\u00e3o ser\u00e1 desligado do Programa.&nbsp; Os&nbsp;estudantes&nbsp;matriculados&nbsp;ser\u00e3o&nbsp;classificados&nbsp;como&nbsp;aluno&nbsp;regular ou especial, de acordo com o Regulamento dos Programas&nbsp;de&nbsp;P\u00f3s-Gradua\u00e7\u00e3o&nbsp;Stricto&nbsp;Sensu:&nbsp; &nbsp;aprovado&nbsp;no&nbsp;exame&nbsp;de&nbsp;sele\u00e7\u00e3o,&nbsp;matriculado&nbsp;no&nbsp;Programa&nbsp;de&nbsp;Mestrado&nbsp;ou&nbsp;Doutorado,&nbsp;em&nbsp;obedi\u00eancia a todos os&nbsp;requisitos&nbsp;necess\u00e1rios&nbsp;\u00e0&nbsp;obten\u00e7\u00e3o&nbsp;dos&nbsp;diplomas&nbsp;correspondentes;&nbsp; &nbsp;matriculado&nbsp;em&nbsp;disciplinas&nbsp;isoladas&nbsp;do&nbsp;Programa,&nbsp;definidas&nbsp;pela&nbsp;Coordena\u00e7\u00e3o&nbsp;e&nbsp;ouvido&nbsp;o&nbsp;docente respons\u00e1vel pela&nbsp;disciplina&nbsp;antes&nbsp;do&nbsp;per\u00edodo&nbsp;de&nbsp;inscri\u00e7\u00e3o&nbsp;e&nbsp;divulgadas&nbsp;com&nbsp;anteced\u00eancia&nbsp;pela&nbsp;Pro-PPG. O estudante regular poder\u00e1 cursar em tempo integral ou parcial, obedecidos os prazos m\u00e1ximos permitidos para a obten\u00e7\u00e3o dos t\u00edtulos de Mestre ou Doutor O estudante especial poder\u00e1 cursar at\u00e9 [&hellip;]<\/p>\n","protected":false},"author":8,"featured_media":0,"parent":0,"menu_order":0,"comment_status":"closed","ping_status":"closed","template":"","meta":{"footnotes":""},"class_list":["post-136","page","type-page","status-publish","hentry"],"_links":{"self":[{"href":"https:\/\/pos.uel.br\/gbm\/wp-json\/wp\/v2\/pages\/136","targetHints":{"allow":["GET"]}}],"collection":[{"href":"https:\/\/pos.uel.br\/gbm\/wp-json\/wp\/v2\/pages"}],"about":[{"href":"https:\/\/pos.uel.br\/gbm\/wp-json\/wp\/v2\/types\/page"}],"author":[{"embeddable":true,"href":"https:\/\/pos.uel.br\/gbm\/wp-json\/wp\/v2\/users\/8"}],"replies":[{"embeddable":true,"href":"https:\/\/pos.uel.br\/gbm\/wp-json\/wp\/v2\/comments?post=136"}],"version-history":[{"count":1,"href":"https:\/\/pos.uel.br\/gbm\/wp-json\/wp\/v2\/pages\/136\/revisions"}],"predecessor-version":[{"id":137,"href":"https:\/\/pos.uel.br\/gbm\/wp-json\/wp\/v2\/pages\/136\/revisions\/137"}],"wp:attachment":[{"href":"https:\/\/pos.uel.br\/gbm\/wp-json\/wp\/v2\/media?parent=136"}],"curies":[{"name":"wp","href":"https:\/\/api.w.org\/{rel}","templated":true}]}}

Matrícula e ingresso ao PPG-GBM

<p>Terão direito à matrícula os candidatos inscritos que forem aprovados e classificados no processo de seleção,</p>



<p>desde&nbsp;que&nbsp;não&nbsp;ultrapasse&nbsp;o&nbsp;número&nbsp;de&nbsp;vagas&nbsp;ofertadas&nbsp;para&nbsp;cada&nbsp;nível&nbsp;no&nbsp;processo&nbsp;de&nbsp;seleção.&nbsp;&nbsp;</p>



<ul class="wp-block-list"><li>O&nbsp;estudante&nbsp;matricular-se-á&nbsp;e&nbsp;terá&nbsp;seus&nbsp;estudos&nbsp;supervisionados&nbsp;por&nbsp;um&nbsp;orientador.&nbsp;&nbsp;&nbsp;</li><li>O&nbsp;estudante&nbsp;que&nbsp;não&nbsp;realizar&nbsp;sua&nbsp;matrícula&nbsp;de&nbsp;acordo&nbsp;com&nbsp;o&nbsp;Calendário&nbsp;da&nbsp;Pós-Graduação será desligado do Programa.&nbsp;</li></ul>



<p>Os&nbsp;estudantes&nbsp;matriculados&nbsp;serão&nbsp;classificados&nbsp;como&nbsp;aluno&nbsp;regular ou especial, de acordo com o Regulamento dos Programas&nbsp;de&nbsp;Pós-Graduação&nbsp;Stricto&nbsp;Sensu:&nbsp;</p>



<ul class="wp-block-list"><li>&nbsp;aprovado&nbsp;no&nbsp;exame&nbsp;de&nbsp;seleção,&nbsp;matriculado&nbsp;no&nbsp;Programa&nbsp;de&nbsp;Mestrado&nbsp;ou&nbsp;Doutorado,&nbsp;em&nbsp;obediência a todos os&nbsp;requisitos&nbsp;necessários&nbsp;à&nbsp;obtenção&nbsp;dos&nbsp;diplomas&nbsp;correspondentes;&nbsp;</li><li>&nbsp;matriculado&nbsp;em&nbsp;disciplinas&nbsp;isoladas&nbsp;do&nbsp;Programa,&nbsp;definidas&nbsp;pela&nbsp;Coordenação&nbsp;e&nbsp;ouvido&nbsp;o&nbsp;docente responsável pela&nbsp;disciplina&nbsp;antes&nbsp;do&nbsp;período&nbsp;de&nbsp;inscrição&nbsp;e&nbsp;divulgadas&nbsp;com&nbsp;antecedência&nbsp;pela&nbsp;Pro-PPG.</li><li>O estudante regular poderá cursar em tempo integral ou parcial, obedecidos os prazos máximos permitidos para a obtenção dos títulos de Mestre ou Doutor</li><li>O estudante especial poderá cursar até 50% dos créditos em disciplinas exigidas pelo Programa, mediante requerimento semestral à coordenação, desde que devidamente comprovada a conclusão da graduação, seguido de histórico escolar e currículo vitae.</li></ul>

<p>Terão direito à matrícula os candidatos inscritos que forem aprovados e classificados no processo de seleção, desde&nbsp;que&nbsp;não&nbsp;ultrapasse&nbsp;o&nbsp;número&nbsp;de&nbsp;vagas&nbsp;ofertadas&nbsp;para&nbsp;cada&nbsp;nível&nbsp;no&nbsp;processo&nbsp;de&nbsp;seleção.&nbsp;&nbsp; O&nbsp;estudante&nbsp;matricular-se-á&nbsp;e&nbsp;terá&nbsp;seus&nbsp;estudos&nbsp;supervisionados&nbsp;por&nbsp;um&nbsp;orientador.&nbsp;&nbsp;&nbsp; O&nbsp;estudante&nbsp;que&nbsp;não&nbsp;realizar&nbsp;sua&nbsp;matrícula&nbsp;de&nbsp;acordo&nbsp;com&nbsp;o&nbsp;Calendário&nbsp;da&nbsp;Pós-Graduação será desligado do Programa.&nbsp; Os&nbsp;estudantes&nbsp;matriculados&nbsp;serão&nbsp;classificados&nbsp;como&nbsp;aluno&nbsp;regular ou especial, de acordo com o Regulamento dos Programas&nbsp;de&nbsp;Pós-Graduação&nbsp;Stricto&nbsp;Sensu:&nbsp; &nbsp;aprovado&nbsp;no&nbsp;exame&nbsp;de&nbsp;seleção,&nbsp;matriculado&nbsp;no&nbsp;Programa&nbsp;de&nbsp;Mestrado&nbsp;ou&nbsp;Doutorado,&nbsp;em&nbsp;obediência a todos os&nbsp;requisitos&nbsp;necessários&nbsp;à&nbsp;obtenção&nbsp;dos&nbsp;diplomas&nbsp;correspondentes;&nbsp; &nbsp;matriculado&nbsp;em&nbsp;disciplinas&nbsp;isoladas&nbsp;do&nbsp;Programa,&nbsp;definidas&nbsp;pela&nbsp;Coordenação&nbsp;e&nbsp;ouvido&nbsp;o&nbsp;docente responsável pela&nbsp;disciplina&nbsp;antes&nbsp;do&nbsp;período&nbsp;de&nbsp;inscrição&nbsp;e&nbsp;divulgadas&nbsp;com&nbsp;antecedência&nbsp;pela&nbsp;Pro-PPG. O estudante regular poderá cursar em tempo integral ou parcial, obedecidos os prazos máximos permitidos para a obtenção dos títulos de Mestre ou Doutor O estudante especial poderá cursar até [&hellip;]</p>
