{"id":12,"date":"2021-04-29T12:26:25","date_gmt":"2021-04-29T15:26:25","guid":{"rendered":"https:\/\/pos.uel.br\/gbm\/?page_id=12"},"modified":"2023-03-08T16:21:09","modified_gmt":"2023-03-08T19:21:09","slug":"linhas-de-pesquisa","status":"publish","type":"page","link":"https:\/\/pos.uel.br\/gbm\/linhas-de-pesquisa\/","title":{"rendered":"Linhas de pesquisa"},"content":{"rendered":"\n<p>O objetivo do PPG-GBM \u00e9 formar profissionais de alto n\u00edvel, com s\u00f3lidos conhecimentos em Gen\u00e9tica e Biologia Molecular, aptos para exercerem&nbsp;atividades relacionadas \u00e0 Gen\u00e9tica e \u00e1reas correlatas, em institui\u00e7\u00f5es&nbsp;e empresas&nbsp;p\u00fablicas e privadas. O Programa sempre manteve o foco a forma\u00e7\u00e3o de recursos humanos,&nbsp;aptos a atuarem&nbsp;e colaborarem&nbsp;na solu\u00e7\u00e3o de problemas da sociedade nas \u00e1reas de meio ambiente, agronomia e sa\u00fade, em um contexto regionalizado.  A miss\u00e3o do programa \u00e9 ampla, e nos permite organiz\u00e1-la em t\u00f3picos como: i) capacita\u00e7\u00e3o de pessoal para o estudo e diagn\u00f3stico gen\u00e9tico relacionados \u00e0 biodiversidade e conserva\u00e7\u00e3o, produ\u00e7\u00e3o de variedades de cultiv\u00e1veis, monitoramento de compostos causadores de danos gen\u00e9ticos; ii) transfer\u00eancia de conhecimento ao setor produtivo, seja pela gera\u00e7\u00e3o de produtos e tecnologia (como bioinseticidas, plantas modificadas e compostos secund\u00e1rios); iii) suporte ao setor da sa\u00fade e desenvolvimento, com informa\u00e7\u00f5es relacionadas \u00e0 doen\u00e7as de base gen\u00e9tica como o c\u00e2ncer, assim como a gera\u00e7\u00e3o de bio-produtos associados ao controle de endemias, como por exemplo a dengue e iv) contribui\u00e7\u00e3o com a busca por&nbsp;solu\u00e7\u00f5es que permitam uma melhoria da qualidade s\u00f3cio-econ\u00f4mica do pa\u00eds e da regi\u00e3o Norte do Paran\u00e1, onde o PPG-GBM&nbsp;est\u00e1 inserido.<\/p>\n\n\n\n<p>Para tal, o Programa de P\u00f3s-gradua\u00e7\u00e3o em Gen\u00e9tica e Biologia Molecular atua em tr\u00eas amplas linhas de pesquisa, com docentes distribu\u00eddos em mais de uma linha. Os temas envolvem ambas ci\u00eancias, b\u00e1sica e aplicada, com possibilidades de coopera\u00e7\u00e3o entre os laborat\u00f3rios.<\/p>\n\n\n\n<p><strong>\u200bBiologia Molecular, Metodologias \u00d4micas e Aplica\u00e7\u00f5es<\/strong><\/p>\n\n\n\n<ul class=\"wp-block-list\">\n<li>Aplica\u00e7\u00e3o de metodologias \u00f4micas e de biologia molecular para estudos de express\u00e3o g\u00eanica e diagn\u00f3sticos moleculares. Engenharia gen\u00e9tica, edi\u00e7\u00e3o de genomas e caracteriza\u00e7\u00e3o de plantas transformadas. Gen\u00f4mica funcional e redes biol\u00f3gicas aplicadas \u00e0 intera\u00e7\u00e3o planta-pat\u00f3geno, controle biol\u00f3gico e produ\u00e7\u00e3o.<\/li>\n<\/ul>\n\n\n\n<p>\u200b<strong>Diversidade Gen\u00e9tica e Evolu\u00e7\u00e3o<\/strong><\/p>\n\n\n\n<ul class=\"wp-block-list\">\n<li>Estudos de diversidade gen\u00e9tica em animais, plantas e microrganismos, com o emprego de ferramentas moleculares e citomoleculares. An\u00e1lises de popula\u00e7\u00f5es, gen\u00f4mica evolutiva e da conserva\u00e7\u00e3o, filogenia e filogeografia, baseadas em marcadores moleculares, DNA barcode e dados de sequenciamento. Biologia celular comparativa, baseada em dados morfol\u00f3gicos, ultraestruturais e de imunocolora\u00e7\u00e3o.<\/li>\n<\/ul>\n\n\n\n<p>\u200b<strong>Toxicogen\u00f4mica, Oncogen\u00e9tica e Gen\u00e9tica do Desenvolvimento<\/strong><\/p>\n\n\n\n<ul class=\"wp-block-list\">\n<li>Estudos toxicogen\u00f4micos e de prote\u00e7\u00e3o gen\u00f4mica, por meio de an\u00e1lises citogen\u00e9ticas, epigen\u00e9ticas e moleculares. Testes utilizando compostos naturais e xenobi\u00f3ticos, culturas celulares bi- e tridimensionais, monitoramento ambiental e em popula\u00e7\u00f5es humanas. Modelos experimentais aplicados \u00e0 reprodu\u00e7\u00e3o e desenvolvimento. Avalia\u00e7\u00e3o de mecanismos gen\u00e9ticos e epigen\u00e9ticos como biomarcadores de susceptibilidade e progn\u00f3stico em tumores malignos.<\/li>\n<\/ul>\n","protected":false},"excerpt":{"rendered":"<p>O objetivo do PPG-GBM \u00e9 formar profissionais de alto n\u00edvel, com s\u00f3lidos conhecimentos em Gen\u00e9tica e Biologia Molecular, aptos para exercerem&nbsp;atividades relacionadas \u00e0 Gen\u00e9tica e \u00e1reas correlatas, em institui\u00e7\u00f5es&nbsp;e empresas&nbsp;p\u00fablicas e privadas. O Programa sempre manteve o foco a forma\u00e7\u00e3o de recursos humanos,&nbsp;aptos a atuarem&nbsp;e colaborarem&nbsp;na solu\u00e7\u00e3o de problemas da sociedade nas \u00e1reas de meio [&hellip;]<\/p>\n","protected":false},"author":7,"featured_media":0,"parent":0,"menu_order":0,"comment_status":"closed","ping_status":"closed","template":"","meta":{"footnotes":""},"class_list":["post-12","page","type-page","status-publish","hentry"],"_links":{"self":[{"href":"https:\/\/pos.uel.br\/gbm\/wp-json\/wp\/v2\/pages\/12","targetHints":{"allow":["GET"]}}],"collection":[{"href":"https:\/\/pos.uel.br\/gbm\/wp-json\/wp\/v2\/pages"}],"about":[{"href":"https:\/\/pos.uel.br\/gbm\/wp-json\/wp\/v2\/types\/page"}],"author":[{"embeddable":true,"href":"https:\/\/pos.uel.br\/gbm\/wp-json\/wp\/v2\/users\/7"}],"replies":[{"embeddable":true,"href":"https:\/\/pos.uel.br\/gbm\/wp-json\/wp\/v2\/comments?post=12"}],"version-history":[{"count":6,"href":"https:\/\/pos.uel.br\/gbm\/wp-json\/wp\/v2\/pages\/12\/revisions"}],"predecessor-version":[{"id":1237,"href":"https:\/\/pos.uel.br\/gbm\/wp-json\/wp\/v2\/pages\/12\/revisions\/1237"}],"wp:attachment":[{"href":"https:\/\/pos.uel.br\/gbm\/wp-json\/wp\/v2\/media?parent=12"}],"curies":[{"name":"wp","href":"https:\/\/api.w.org\/{rel}","templated":true}]}}

<p>O objetivo do PPG-GBM é formar profissionais de alto nível, com sólidos conhecimentos em Genética e Biologia Molecular, aptos para exercerem&nbsp;atividades relacionadas à Genética e áreas correlatas, em instituições&nbsp;e empresas&nbsp;públicas e privadas. O Programa sempre manteve o foco a formação de recursos humanos,&nbsp;aptos a atuarem&nbsp;e colaborarem&nbsp;na solução de problemas da sociedade nas áreas de meio ambiente, agronomia e saúde, em um contexto regionalizado.  A missão do programa é ampla, e nos permite organizá-la em tópicos como: i) capacitação de pessoal para o estudo e diagnóstico genético relacionados à biodiversidade e conservação, produção de variedades de cultiváveis, monitoramento de compostos causadores de danos genéticos; ii) transferência de conhecimento ao setor produtivo, seja pela geração de produtos e tecnologia (como bioinseticidas, plantas modificadas e compostos secundários); iii) suporte ao setor da saúde e desenvolvimento, com informações relacionadas à doenças de base genética como o câncer, assim como a geração de bio-produtos associados ao controle de endemias, como por exemplo a dengue e iv) contribuição com a busca por&nbsp;soluções que permitam uma melhoria da qualidade sócio-econômica do país e da região Norte do Paraná, onde o PPG-GBM&nbsp;está inserido.</p>



<p>Para tal, o Programa de Pós-graduação em Genética e Biologia Molecular atua em três amplas linhas de pesquisa, com docentes distribuídos em mais de uma linha. Os temas envolvem ambas ciências, básica e aplicada, com possibilidades de cooperação entre os laboratórios.</p>



<p><strong>​Biologia Molecular, Metodologias Ômicas e Aplicações</strong></p>



<ul class="wp-block-list">
<li>Aplicação de metodologias ômicas e de biologia molecular para estudos de expressão gênica e diagnósticos moleculares. Engenharia genética, edição de genomas e caracterização de plantas transformadas. Genômica funcional e redes biológicas aplicadas à interação planta-patógeno, controle biológico e produção.</li>
</ul>



<p>​<strong>Diversidade Genética e Evolução</strong></p>



<ul class="wp-block-list">
<li>Estudos de diversidade genética em animais, plantas e microrganismos, com o emprego de ferramentas moleculares e citomoleculares. Análises de populações, genômica evolutiva e da conservação, filogenia e filogeografia, baseadas em marcadores moleculares, DNA barcode e dados de sequenciamento. Biologia celular comparativa, baseada em dados morfológicos, ultraestruturais e de imunocoloração.</li>
</ul>



<p>​<strong>Toxicogenômica, Oncogenética e Genética do Desenvolvimento</strong></p>



<ul class="wp-block-list">
<li>Estudos toxicogenômicos e de proteção genômica, por meio de análises citogenéticas, epigenéticas e moleculares. Testes utilizando compostos naturais e xenobióticos, culturas celulares bi- e tridimensionais, monitoramento ambiental e em populações humanas. Modelos experimentais aplicados à reprodução e desenvolvimento. Avaliação de mecanismos genéticos e epigenéticos como biomarcadores de susceptibilidade e prognóstico em tumores malignos.</li>
</ul>

<p>O objetivo do PPG-GBM é formar profissionais de alto nível, com sólidos conhecimentos em Genética e Biologia Molecular, aptos para exercerem&nbsp;atividades relacionadas à Genética e áreas correlatas, em instituições&nbsp;e empresas&nbsp;públicas e privadas. O Programa sempre manteve o foco a formação de recursos humanos,&nbsp;aptos a atuarem&nbsp;e colaborarem&nbsp;na solução de problemas da sociedade nas áreas de meio [&hellip;]</p>
