{"id":727,"date":"2021-10-04T21:15:13","date_gmt":"2021-10-05T00:15:13","guid":{"rendered":"https:\/\/pos.uel.br\/fisica\/?page_id=727"},"modified":"2021-10-04T21:18:48","modified_gmt":"2021-10-05T00:18:48","slug":"fisica-nuclear-aplicada","status":"publish","type":"page","link":"https:\/\/pos.uel.br\/fisica\/es\/grupos-de-pesquisa-2\/fisica-nuclear-aplicada\/","title":{"rendered":"F\u00edsica Nuclear Aplicada"},"content":{"rendered":"\n<p>La historia del Grupo de F\u00edsica Nuclear Aplicada (GFNA) de la UEL, que comenz\u00f3 en 1977, est\u00e1 entrelazada con la del propio Departamento de F\u00edsica y, en particular, con la historia de la implementaci\u00f3n y desarrollo de las actividades de investigaci\u00f3n en la UEL. Adem\u00e1s de la estructuraci\u00f3n del Grupo, del laboratorio y de la producci\u00f3n cient\u00edfica, el GFNA contribuye a la formaci\u00f3n de recursos humanos desde la iniciaci\u00f3n cient\u00edfica junior hasta los estudios posdoctorales. Dado que el grupo desarrolla investigaci\u00f3n aplicada, la mayor\u00eda de los proyectos son multidisciplinarios. Se desarrollan proyectos en las \u00e1reas de Arqueometr\u00eda, Medio Ambiente, Alimentos, Forense, Agronom\u00eda, Odontolog\u00eda, Ciencia de Materiales, entre otras. Existe una red de colaboraciones con qu\u00edmicos, bi\u00f3logos, arque\u00f3logos, restauradores, polic\u00edas, agr\u00f3nomos, ingenieros civiles y de alimentos, odont\u00f3logos, entre otros. Adem\u00e1s, todos los profesores del GFNA son miembros y uno de ellos forma parte del Comit\u00e9 de Gesti\u00f3n del INCT-FNA (Instituto Nacional de Ciencia y Tecnolog\u00eda &#8211; F\u00edsica Nuclear y Aplicaciones). Entre las colaboraciones actuales en el \u00e1rea del 12vo Informe Cuatrienal &#8211; PPG-Arqueometr\u00eda F\u00edsica, destacamos en el pa\u00eds las actividades con el Museu Paranaense (MUPA) desde 1997, con el Museo de Arqueolog\u00eda y Etnolog\u00eda (MAE) de la USP \/ SP desde 2003, con el Centro Brasile\u00f1o de Investigaci\u00f3n en F\u00edsica (CBPF) desde 2006 y con el Museo de Arte de S\u00e3o Paulo (MASP) desde 2008, entre otros museos brasile\u00f1os; a nivel internacional, se destacan las colaboraciones con el Dr. Roberto Cesareo, profesor titular de la Universit\u00e0 di Sassari, y la Dra. Maria Filomena Guerra (CNRS Francia).<\/p>\n","protected":false},"excerpt":{"rendered":"<p>La historia del Grupo de F\u00edsica Nuclear Aplicada (GFNA) de la UEL, que comenz\u00f3 en 1977, est\u00e1 entrelazada con la del propio Departamento de F\u00edsica y, en particular, con la historia de la implementaci\u00f3n y desarrollo de las actividades de investigaci\u00f3n en la UEL. Adem\u00e1s de la estructuraci\u00f3n del Grupo, del laboratorio y de la [&hellip;]<\/p>\n","protected":false},"author":8,"featured_media":0,"parent":732,"menu_order":0,"comment_status":"closed","ping_status":"closed","template":"","meta":{"_acf_changed":false,"footnotes":""},"class_list":["post-727","page","type-page","status-publish","hentry"],"acf":[],"_links":{"self":[{"href":"https:\/\/pos.uel.br\/fisica\/wp-json\/wp\/v2\/pages\/727","targetHints":{"allow":["GET"]}}],"collection":[{"href":"https:\/\/pos.uel.br\/fisica\/wp-json\/wp\/v2\/pages"}],"about":[{"href":"https:\/\/pos.uel.br\/fisica\/wp-json\/wp\/v2\/types\/page"}],"author":[{"embeddable":true,"href":"https:\/\/pos.uel.br\/fisica\/wp-json\/wp\/v2\/users\/8"}],"replies":[{"embeddable":true,"href":"https:\/\/pos.uel.br\/fisica\/wp-json\/wp\/v2\/comments?post=727"}],"version-history":[{"count":2,"href":"https:\/\/pos.uel.br\/fisica\/wp-json\/wp\/v2\/pages\/727\/revisions"}],"predecessor-version":[{"id":729,"href":"https:\/\/pos.uel.br\/fisica\/wp-json\/wp\/v2\/pages\/727\/revisions\/729"}],"up":[{"embeddable":true,"href":"https:\/\/pos.uel.br\/fisica\/wp-json\/wp\/v2\/pages\/732"}],"wp:attachment":[{"href":"https:\/\/pos.uel.br\/fisica\/wp-json\/wp\/v2\/media?parent=727"}],"curies":[{"name":"wp","href":"https:\/\/api.w.org\/{rel}","templated":true}]}}