{"id":723,"date":"2021-10-04T21:14:32","date_gmt":"2021-10-05T00:14:32","guid":{"rendered":"https:\/\/pos.uel.br\/fisica\/?page_id=723"},"modified":"2021-10-04T21:19:11","modified_gmt":"2021-10-05T00:19:11","slug":"particulas-e-campos","status":"publish","type":"page","link":"https:\/\/pos.uel.br\/fisica\/es\/grupos-de-pesquisa-2\/particulas-e-campos\/","title":{"rendered":"Part\u00edculas e Campos"},"content":{"rendered":"\n<p>El grupo de Part\u00edculas y Campos ha estado trabajando en la interfaz entre la teor\u00eda cu\u00e1ntica de campos (TCC) y la materia condensada, con trabajos publicados en revistas tradicionales en el \u00e1rea como Journal of High Energy Physics, Physical Review B, Physical Review D e Physical Review Letters. Los intereses del grupo se han centrado en una serie de m\u00e9todos no perturbativos de la TCC, tales como la expansi\u00f3n 1\/N, el proceso de bosonizaci\u00f3n, la invariancia conforme, las dualidades y las teor\u00edas de campos topol\u00f3gicas. Estos temas consisten en herramientas vers\u00e1tiles para describir aspectos relevantes de sistemas f\u00edsicos como transiciones de fase y ordenamiento topol\u00f3gico. El grupo cuenta con la colaboraci\u00f3n de investigadores de la Universidad de Boston (EE. UU.) y el Instituto Paul Scherer (Suiza), que ha servido como puerta de entrada para que los estudiantes del grupo desarrollen pr\u00e1cticas de doctorado s\u00e1ndwich.<\/p>\n","protected":false},"excerpt":{"rendered":"<p>El grupo de Part\u00edculas y Campos ha estado trabajando en la interfaz entre la teor\u00eda cu\u00e1ntica de campos (TCC) y la materia condensada, con trabajos publicados en revistas tradicionales en el \u00e1rea como Journal of High Energy Physics, Physical Review B, Physical Review D e Physical Review Letters. Los intereses del grupo se han centrado [&hellip;]<\/p>\n","protected":false},"author":8,"featured_media":0,"parent":732,"menu_order":0,"comment_status":"closed","ping_status":"closed","template":"","meta":{"_acf_changed":false,"footnotes":""},"class_list":["post-723","page","type-page","status-publish","hentry"],"acf":[],"_links":{"self":[{"href":"https:\/\/pos.uel.br\/fisica\/wp-json\/wp\/v2\/pages\/723","targetHints":{"allow":["GET"]}}],"collection":[{"href":"https:\/\/pos.uel.br\/fisica\/wp-json\/wp\/v2\/pages"}],"about":[{"href":"https:\/\/pos.uel.br\/fisica\/wp-json\/wp\/v2\/types\/page"}],"author":[{"embeddable":true,"href":"https:\/\/pos.uel.br\/fisica\/wp-json\/wp\/v2\/users\/8"}],"replies":[{"embeddable":true,"href":"https:\/\/pos.uel.br\/fisica\/wp-json\/wp\/v2\/comments?post=723"}],"version-history":[{"count":1,"href":"https:\/\/pos.uel.br\/fisica\/wp-json\/wp\/v2\/pages\/723\/revisions"}],"predecessor-version":[{"id":724,"href":"https:\/\/pos.uel.br\/fisica\/wp-json\/wp\/v2\/pages\/723\/revisions\/724"}],"up":[{"embeddable":true,"href":"https:\/\/pos.uel.br\/fisica\/wp-json\/wp\/v2\/pages\/732"}],"wp:attachment":[{"href":"https:\/\/pos.uel.br\/fisica\/wp-json\/wp\/v2\/media?parent=723"}],"curies":[{"name":"wp","href":"https:\/\/api.w.org\/{rel}","templated":true}]}}