{"id":711,"date":"2021-10-04T21:10:30","date_gmt":"2021-10-05T00:10:30","guid":{"rendered":"https:\/\/pos.uel.br\/fisica\/?page_id=711"},"modified":"2021-10-04T21:10:31","modified_gmt":"2021-10-05T00:10:31","slug":"areas-de-investigacion","status":"publish","type":"page","link":"https:\/\/pos.uel.br\/fisica\/es\/acerca-del-programa\/areas-de-investigacion\/","title":{"rendered":"\u00c1reas de investigaci\u00f3n"},"content":{"rendered":"\n<p>El Programa de Posgrado en F\u00edsica es un programa acad\u00e9mico, reconocido por la CAPES desde 1996, y activo en el campo de la Astronom\u00eda\/F\u00edsica. Las \u00e1reas de investigaci\u00f3n del programa son:<\/p>\n\n\n\n<p><br><strong>Astronom\u00eda:<\/strong><br>Astrof\u00edsica y Astropart\u00edculas<br>Gravitaci\u00f3n y cosmolog\u00eda<\/p>\n\n\n\n<p><br><strong>F\u00edsica:<\/strong><br>F\u00edsica de la Materia Condensada<br>F\u00edsica Nuclear Aplicada<br>F\u00edsica de Part\u00edculas y Campos<\/p>\n","protected":false},"excerpt":{"rendered":"<p>El Programa de Posgrado en F\u00edsica es un programa acad\u00e9mico, reconocido por la CAPES desde 1996, y activo en el campo de la Astronom\u00eda\/F\u00edsica. Las \u00e1reas de investigaci\u00f3n del programa son: Astronom\u00eda:Astrof\u00edsica y Astropart\u00edculasGravitaci\u00f3n y cosmolog\u00eda F\u00edsica:F\u00edsica de la Materia CondensadaF\u00edsica Nuclear AplicadaF\u00edsica de Part\u00edculas y Campos<\/p>\n","protected":false},"author":8,"featured_media":0,"parent":708,"menu_order":0,"comment_status":"closed","ping_status":"closed","template":"","meta":{"_acf_changed":false,"footnotes":""},"class_list":["post-711","page","type-page","status-publish","hentry"],"acf":[],"_links":{"self":[{"href":"https:\/\/pos.uel.br\/fisica\/wp-json\/wp\/v2\/pages\/711","targetHints":{"allow":["GET"]}}],"collection":[{"href":"https:\/\/pos.uel.br\/fisica\/wp-json\/wp\/v2\/pages"}],"about":[{"href":"https:\/\/pos.uel.br\/fisica\/wp-json\/wp\/v2\/types\/page"}],"author":[{"embeddable":true,"href":"https:\/\/pos.uel.br\/fisica\/wp-json\/wp\/v2\/users\/8"}],"replies":[{"embeddable":true,"href":"https:\/\/pos.uel.br\/fisica\/wp-json\/wp\/v2\/comments?post=711"}],"version-history":[{"count":1,"href":"https:\/\/pos.uel.br\/fisica\/wp-json\/wp\/v2\/pages\/711\/revisions"}],"predecessor-version":[{"id":712,"href":"https:\/\/pos.uel.br\/fisica\/wp-json\/wp\/v2\/pages\/711\/revisions\/712"}],"up":[{"embeddable":true,"href":"https:\/\/pos.uel.br\/fisica\/wp-json\/wp\/v2\/pages\/708"}],"wp:attachment":[{"href":"https:\/\/pos.uel.br\/fisica\/wp-json\/wp\/v2\/media?parent=711"}],"curies":[{"name":"wp","href":"https:\/\/api.w.org\/{rel}","templated":true}]}}