{"id":61,"date":"2021-05-07T08:46:25","date_gmt":"2021-05-07T11:46:25","guid":{"rendered":"https:\/\/pos.uel.br\/fisica\/?page_id=61"},"modified":"2024-05-02T18:21:39","modified_gmt":"2024-05-02T21:21:39","slug":"grupos-de-pesquisa","status":"publish","type":"page","link":"https:\/\/pos.uel.br\/fisica\/posts\/grupos-de-pesquisa\/","title":{"rendered":"Grupos de pesquisa"},"content":{"rendered":"\n<p><a href=\"https:\/\/pos.uel.br\/fisica\/posts\/grupos-de-pesquisa\/particulas-e-campos\/\" data-type=\"page\" data-id=\"184\">Part\u00edculas e Campos<\/a><\/p>\n\n\n\n<p><a href=\"https:\/\/pos.uel.br\/fisica\/posts\/grupos-de-pesquisa\/fisica-da-materia-condensada\/\" data-type=\"page\" data-id=\"182\">F\u00edsica da Mat\u00e9ria Condensada<\/a><\/p>\n\n\n\n<p><a href=\"https:\/\/pos.uel.br\/fisica\/posts\/grupos-de-pesquisa\/fisica-nuclear-aplicada\/\" data-type=\"page\" data-id=\"180\">F\u00edsica Nuclear Aplicada<\/a><\/p>\n\n\n\n<p><a href=\"https:\/\/pos.uel.br\/fisica\/posts\/grupos-de-pesquisa\/gravitacao-e-cosmologia\/\" data-type=\"page\" data-id=\"178\">Astrof\u00edsica, Gravita\u00e7\u00e3o e Cosmologia<\/a><\/p>\n","protected":false},"excerpt":{"rendered":"<p>Part\u00edculas e Campos F\u00edsica da Mat\u00e9ria Condensada F\u00edsica Nuclear Aplicada Astrof\u00edsica, Gravita\u00e7\u00e3o e Cosmologia<\/p>\n","protected":false},"author":7,"featured_media":0,"parent":449,"menu_order":0,"comment_status":"closed","ping_status":"closed","template":"","meta":{"_acf_changed":false,"footnotes":""},"class_list":["post-61","page","type-page","status-publish","hentry"],"acf":[],"_links":{"self":[{"href":"https:\/\/pos.uel.br\/fisica\/wp-json\/wp\/v2\/pages\/61","targetHints":{"allow":["GET"]}}],"collection":[{"href":"https:\/\/pos.uel.br\/fisica\/wp-json\/wp\/v2\/pages"}],"about":[{"href":"https:\/\/pos.uel.br\/fisica\/wp-json\/wp\/v2\/types\/page"}],"author":[{"embeddable":true,"href":"https:\/\/pos.uel.br\/fisica\/wp-json\/wp\/v2\/users\/7"}],"replies":[{"embeddable":true,"href":"https:\/\/pos.uel.br\/fisica\/wp-json\/wp\/v2\/comments?post=61"}],"version-history":[{"count":3,"href":"https:\/\/pos.uel.br\/fisica\/wp-json\/wp\/v2\/pages\/61\/revisions"}],"predecessor-version":[{"id":1110,"href":"https:\/\/pos.uel.br\/fisica\/wp-json\/wp\/v2\/pages\/61\/revisions\/1110"}],"up":[{"embeddable":true,"href":"https:\/\/pos.uel.br\/fisica\/wp-json\/wp\/v2\/pages\/449"}],"wp:attachment":[{"href":"https:\/\/pos.uel.br\/fisica\/wp-json\/wp\/v2\/media?parent=61"}],"curies":[{"name":"wp","href":"https:\/\/api.w.org\/{rel}","templated":true}]}}

<p><a href="https://pos.uel.br/fisica/posts/grupos-de-pesquisa/particulas-e-campos/" data-type="page" data-id="184">Partículas e Campos</a></p>



<p><a href="https://pos.uel.br/fisica/posts/grupos-de-pesquisa/fisica-da-materia-condensada/" data-type="page" data-id="182">Física da Matéria Condensada</a></p>



<p><a href="https://pos.uel.br/fisica/posts/grupos-de-pesquisa/fisica-nuclear-aplicada/" data-type="page" data-id="180">Física Nuclear Aplicada</a></p>



<p><a href="https://pos.uel.br/fisica/posts/grupos-de-pesquisa/gravitacao-e-cosmologia/" data-type="page" data-id="178">Astrofísica, Gravitação e Cosmologia</a></p>

<p>Partículas e Campos Física da Matéria Condensada Física Nuclear Aplicada Astrofísica, Gravitação e Cosmologia</p>
