{"id":239,"date":"2021-06-09T21:22:10","date_gmt":"2021-06-10T00:22:10","guid":{"rendered":"https:\/\/pos.uel.br\/fisica\/?page_id=239"},"modified":"2026-03-06T16:11:37","modified_gmt":"2026-03-06T19:11:37","slug":"relatorio-quadrienais","status":"publish","type":"page","link":"https:\/\/pos.uel.br\/fisica\/posts\/sobre-o-programa\/relatorio-quadrienais\/","title":{"rendered":"Relat\u00f3rio quadrienais"},"content":{"rendered":"\n<p>Relat\u00f3rios quadrienais de avalia\u00e7\u00e3o do Programa<\/p>\n\n\n\n<p><a href=\"https:\/\/pos.uel.br\/fisica\/wp-content\/uploads\/2026\/03\/Relatorio-quadrienal-PPGFisicaUEL_2025final.pdf\">Quadri\u00eanio 2021-2024<\/a><\/p>\n\n\n\n<p><a href=\"https:\/\/pos.uel.br\/fisica\/wp-content\/uploads\/2021\/07\/Relatorio_quadrienal_PPGUEL.pdf\">Quadri\u00eanio 2017-2020<br><\/a>Quadri\u00eanio 2013-2016<\/p>\n","protected":false},"excerpt":{"rendered":"<p>Relat\u00f3rios quadrienais de avalia\u00e7\u00e3o do Programa Quadri\u00eanio 2021-2024 Quadri\u00eanio 2017-2020Quadri\u00eanio 2013-2016<\/p>\n","protected":false},"author":8,"featured_media":0,"parent":8,"menu_order":0,"comment_status":"closed","ping_status":"closed","template":"","meta":{"_acf_changed":false,"footnotes":""},"class_list":["post-239","page","type-page","status-publish","hentry"],"acf":[],"_links":{"self":[{"href":"https:\/\/pos.uel.br\/fisica\/wp-json\/wp\/v2\/pages\/239","targetHints":{"allow":["GET"]}}],"collection":[{"href":"https:\/\/pos.uel.br\/fisica\/wp-json\/wp\/v2\/pages"}],"about":[{"href":"https:\/\/pos.uel.br\/fisica\/wp-json\/wp\/v2\/types\/page"}],"author":[{"embeddable":true,"href":"https:\/\/pos.uel.br\/fisica\/wp-json\/wp\/v2\/users\/8"}],"replies":[{"embeddable":true,"href":"https:\/\/pos.uel.br\/fisica\/wp-json\/wp\/v2\/comments?post=239"}],"version-history":[{"count":4,"href":"https:\/\/pos.uel.br\/fisica\/wp-json\/wp\/v2\/pages\/239\/revisions"}],"predecessor-version":[{"id":1411,"href":"https:\/\/pos.uel.br\/fisica\/wp-json\/wp\/v2\/pages\/239\/revisions\/1411"}],"up":[{"embeddable":true,"href":"https:\/\/pos.uel.br\/fisica\/wp-json\/wp\/v2\/pages\/8"}],"wp:attachment":[{"href":"https:\/\/pos.uel.br\/fisica\/wp-json\/wp\/v2\/media?parent=239"}],"curies":[{"name":"wp","href":"https:\/\/api.w.org\/{rel}","templated":true}]}}

Relatório quadrienais

<p>Relatórios quadrienais de avaliação do Programa</p>



<p><a href="https://pos.uel.br/fisica/wp-content/uploads/2026/03/Relatorio-quadrienal-PPGFisicaUEL_2025final.pdf">Quadriênio 2021-2024</a></p>



<p><a href="https://pos.uel.br/fisica/wp-content/uploads/2021/07/Relatorio_quadrienal_PPGUEL.pdf">Quadriênio 2017-2020<br></a>Quadriênio 2013-2016</p>

<p>Relatórios quadrienais de avaliação do Programa Quadriênio 2021-2024 Quadriênio 2017-2020Quadriênio 2013-2016</p>
