{"id":212,"date":"2021-06-09T18:56:55","date_gmt":"2021-06-09T21:56:55","guid":{"rendered":"https:\/\/pos.uel.br\/fisica\/?page_id=212"},"modified":"2021-06-09T21:20:45","modified_gmt":"2021-06-10T00:20:45","slug":"infraestrutura","status":"publish","type":"page","link":"https:\/\/pos.uel.br\/fisica\/posts\/sobre-o-programa\/infraestrutura\/","title":{"rendered":"Infraestrutura"},"content":{"rendered":"\n<h4 class=\"wp-block-heading\">Laborat\u00f3rios de Pesquisa<\/h4>\n\n\n\n<ul class=\"wp-block-list\"><li><a rel=\"noreferrer noopener\" href=\"http:\/\/www.fisica.uel.br\/gfna\/\" target=\"_blank\">Laborat\u00f3rio de F\u00edsica Nuclear Aplicada<\/a><\/li><li><a rel=\"noreferrer noopener\" href=\"http:\/\/www.uel.br\/cce\/fisica\/goo\/portal\/\" target=\"_blank\">Laborat\u00f3rio de \u00d3ptica e Optoeletr\u00f4nica<\/a><\/li><li><a rel=\"noreferrer noopener\" href=\"http:\/\/www.uel.br\/laboratorios\/filmat\/\" target=\"_blank\">Laborat\u00f3rio de Filmes Finos e Materiais<\/a><\/li><li>Laborat\u00f3rio de Fluoresc\u00eancia e Resson\u00e2ncia Paramagn\u00e9tica Eletr\u00f4nica<\/li><li><a rel=\"noreferrer noopener\" href=\"http:\/\/www.uel.br\/grupo-pesquisa\/atomol\/portal\/\" target=\"_blank\">LBMM \u2013 Laborat\u00f3rio de Biof\u00edsica e Mec\u00e2nica Molecular<\/a><\/li><li><a rel=\"noreferrer noopener\" href=\"https:\/\/larxgestao.wixsite.com\/larx-uel\" data-type=\"URL\" data-id=\"https:\/\/larxgestao.wixsite.com\/larx-uel\" target=\"_blank\">Laborat\u00f3rios de An\u00e1lises por T\u00e9cnicas de Raios X<\/a><\/li><\/ul>\n\n\n\n<h4 class=\"wp-block-heading\">Laborat\u00f3rios de Apoio<\/h4>\n\n\n\n<ul class=\"wp-block-list\"><li>Oficina Mec\u00e2nica;<\/li><li>Oficina de Vidros;<\/li><li>Laborat\u00f3rio de Eletr\u00f4nica;<\/li><li>Laborat\u00f3rio de Inform\u00e1tica.<\/li><\/ul>\n\n\n\n<h4 class=\"wp-block-heading\">Bibliotecas<\/h4>\n\n\n\n<p><a href=\"http:\/\/www.uel.br\/bc\/portal\/\" target=\"_blank\" rel=\"noreferrer noopener\">Sistema de Bibliotecas UEL<\/a><\/p>\n","protected":false},"excerpt":{"rendered":"<p>Laborat\u00f3rios de Pesquisa Laborat\u00f3rio de F\u00edsica Nuclear Aplicada Laborat\u00f3rio de \u00d3ptica e Optoeletr\u00f4nica Laborat\u00f3rio de Filmes Finos e Materiais Laborat\u00f3rio de Fluoresc\u00eancia e Resson\u00e2ncia Paramagn\u00e9tica Eletr\u00f4nica LBMM \u2013 Laborat\u00f3rio de Biof\u00edsica e Mec\u00e2nica Molecular Laborat\u00f3rios de An\u00e1lises por T\u00e9cnicas de Raios X Laborat\u00f3rios de Apoio Oficina Mec\u00e2nica; Oficina de Vidros; Laborat\u00f3rio de Eletr\u00f4nica; Laborat\u00f3rio de [&hellip;]<\/p>\n","protected":false},"author":8,"featured_media":0,"parent":8,"menu_order":0,"comment_status":"closed","ping_status":"closed","template":"","meta":{"_acf_changed":false,"footnotes":""},"class_list":["post-212","page","type-page","status-publish","hentry"],"acf":[],"_links":{"self":[{"href":"https:\/\/pos.uel.br\/fisica\/wp-json\/wp\/v2\/pages\/212","targetHints":{"allow":["GET"]}}],"collection":[{"href":"https:\/\/pos.uel.br\/fisica\/wp-json\/wp\/v2\/pages"}],"about":[{"href":"https:\/\/pos.uel.br\/fisica\/wp-json\/wp\/v2\/types\/page"}],"author":[{"embeddable":true,"href":"https:\/\/pos.uel.br\/fisica\/wp-json\/wp\/v2\/users\/8"}],"replies":[{"embeddable":true,"href":"https:\/\/pos.uel.br\/fisica\/wp-json\/wp\/v2\/comments?post=212"}],"version-history":[{"count":3,"href":"https:\/\/pos.uel.br\/fisica\/wp-json\/wp\/v2\/pages\/212\/revisions"}],"predecessor-version":[{"id":238,"href":"https:\/\/pos.uel.br\/fisica\/wp-json\/wp\/v2\/pages\/212\/revisions\/238"}],"up":[{"embeddable":true,"href":"https:\/\/pos.uel.br\/fisica\/wp-json\/wp\/v2\/pages\/8"}],"wp:attachment":[{"href":"https:\/\/pos.uel.br\/fisica\/wp-json\/wp\/v2\/media?parent=212"}],"curies":[{"name":"wp","href":"https:\/\/api.w.org\/{rel}","templated":true}]}}