{"id":184,"date":"2021-06-09T17:16:01","date_gmt":"2021-06-09T20:16:01","guid":{"rendered":"https:\/\/pos.uel.br\/fisica\/?page_id=184"},"modified":"2021-06-09T17:54:16","modified_gmt":"2021-06-09T20:54:16","slug":"particulas-e-campos","status":"publish","type":"page","link":"https:\/\/pos.uel.br\/fisica\/posts\/grupos-de-pesquisa\/particulas-e-campos\/","title":{"rendered":"Part\u00edculas e Campos"},"content":{"rendered":"\n<p>O grupo de Part\u00edculas e Campos vem atuando na interface entre a teoria qu\u00e2ntica de campos (TQC) e a mat\u00e9ria condensada, com trabalhos publicados em revistas tradicionais da \u00e1rea como o Journal of High Energy Physics, Physical Review B, Physical Review D e Physical Review Letters. Os interesses do grupo t\u00eam se voltado a uma s\u00e9rie de m\u00e9todos n\u00e3o-perturbativos da TQC, tais como a expans\u00e3o 1\/N, o processo de bosoniza\u00e7\u00e3o, invari\u00e2ncia conforme, dualidades e teorias de campos topol\u00f3gicas. Estes temas consistem em ferramentas vers\u00e1teis para descrever aspectos relevantes de sistemas f\u00edsicos como transi\u00e7\u00f5es de fases e ordenamento topol\u00f3gico. O grupo possui colabora\u00e7\u00e3o com pesquisadores da Universidade de Boston (EUA) e do Paul Scherer Institute (Su\u00ed\u00e7a), a qual tem servido como uma porta de acesso para estudantes do grupo desenvolverem est\u00e1gios de doutorado sandu\u00edche. As principais linhas de atua\u00e7\u00e3o do grupo s\u00e3o:<\/p>\n\n\n\n<ul class=\"wp-block-list\"><li>Transi\u00e7\u00f5es de fases cl\u00e1ssicas (t\u00e9rmicas) e qu\u00e2nticas<\/li><li>Dualidades em teorias de campos e sistemas topologicamente ordenados<\/li><li>Fases ex\u00f3ticas da mat\u00e9ria<\/li><\/ul>\n","protected":false},"excerpt":{"rendered":"<p>O grupo de Part\u00edculas e Campos vem atuando na interface entre a teoria qu\u00e2ntica de campos (TQC) e a mat\u00e9ria condensada, com trabalhos publicados em revistas tradicionais da \u00e1rea como o Journal of High Energy Physics, Physical Review B, Physical Review D e Physical Review Letters. Os interesses do grupo t\u00eam se voltado a uma [&hellip;]<\/p>\n","protected":false},"author":8,"featured_media":0,"parent":61,"menu_order":0,"comment_status":"closed","ping_status":"closed","template":"","meta":{"_acf_changed":false,"footnotes":""},"class_list":["post-184","page","type-page","status-publish","hentry"],"acf":[],"_links":{"self":[{"href":"https:\/\/pos.uel.br\/fisica\/wp-json\/wp\/v2\/pages\/184","targetHints":{"allow":["GET"]}}],"collection":[{"href":"https:\/\/pos.uel.br\/fisica\/wp-json\/wp\/v2\/pages"}],"about":[{"href":"https:\/\/pos.uel.br\/fisica\/wp-json\/wp\/v2\/types\/page"}],"author":[{"embeddable":true,"href":"https:\/\/pos.uel.br\/fisica\/wp-json\/wp\/v2\/users\/8"}],"replies":[{"embeddable":true,"href":"https:\/\/pos.uel.br\/fisica\/wp-json\/wp\/v2\/comments?post=184"}],"version-history":[{"count":2,"href":"https:\/\/pos.uel.br\/fisica\/wp-json\/wp\/v2\/pages\/184\/revisions"}],"predecessor-version":[{"id":199,"href":"https:\/\/pos.uel.br\/fisica\/wp-json\/wp\/v2\/pages\/184\/revisions\/199"}],"up":[{"embeddable":true,"href":"https:\/\/pos.uel.br\/fisica\/wp-json\/wp\/v2\/pages\/61"}],"wp:attachment":[{"href":"https:\/\/pos.uel.br\/fisica\/wp-json\/wp\/v2\/media?parent=184"}],"curies":[{"name":"wp","href":"https:\/\/api.w.org\/{rel}","templated":true}]}}