{"id":132,"date":"2021-05-20T14:47:42","date_gmt":"2021-05-20T17:47:42","guid":{"rendered":"https:\/\/pos.uel.br\/fisica\/?page_id=132"},"modified":"2021-06-09T16:30:13","modified_gmt":"2021-06-09T19:30:13","slug":"exame-unificado","status":"publish","type":"page","link":"https:\/\/pos.uel.br\/fisica\/posts\/ingresso\/exame-unificado\/","title":{"rendered":"Exame Unificado"},"content":{"rendered":"\n<p>A admiss\u00e3o de novos estudantes no Programa \u00e9 feita com base na nota do <a href=\"http:\/\/sbfisica.org.br\/v1\/euf\/\">Exame Unificado das P\u00f3s-Gradua\u00e7\u00f5es em F\u00edsica<\/a>. O exame \u00e9 aplicado duas vezes ao ano, e o candidato ao PPG-F\u00edsica \u00e9 inteiramente respons\u00e1vel por se inscrever no EUF e realizar o exame. Vale ressaltar que as datas do EUF s\u00e3o completamente independentes dos editais deste PPG-F\u00edsica. Assim, os candidatos devem se atentar aos prazos oficiais do EUF, de modo que as notas estejam dispon\u00edveis a tempo para a inscri\u00e7\u00e3o no PPG-F\u00edsica.<\/p>\n\n\n\n<p>O PPG-F\u00edsica estabelece um prazo de validade de dois anos para os exames, e uma nota de corte igual a 1,0 (um v\u00edrgula zero). Em virtude das diferen\u00e7as nas datas dos editais do PPG-F\u00edsica e do EUF, exames com datas de 2 anos e 6 meses podem ser excepcionalmente aceitos.<\/p>\n\n\n\n<p>Maiores informa\u00e7\u00f5es sobre o EUF: <a href=\"http:\/\/sbfisica.org.br\/v1\/euf\/index.php\">http:\/\/sbfisica.org.br\/v1\/euf\/index.php<\/a><\/p>\n","protected":false},"excerpt":{"rendered":"<p>A admiss\u00e3o de novos estudantes no Programa \u00e9 feita com base na nota do Exame Unificado das P\u00f3s-Gradua\u00e7\u00f5es em F\u00edsica. O exame \u00e9 aplicado duas vezes ao ano, e o candidato ao PPG-F\u00edsica \u00e9 inteiramente respons\u00e1vel por se inscrever no EUF e realizar o exame. Vale ressaltar que as datas do EUF s\u00e3o completamente independentes [&hellip;]<\/p>\n","protected":false},"author":8,"featured_media":0,"parent":153,"menu_order":0,"comment_status":"closed","ping_status":"closed","template":"","meta":{"_acf_changed":false,"footnotes":""},"class_list":["post-132","page","type-page","status-publish","hentry"],"acf":[],"_links":{"self":[{"href":"https:\/\/pos.uel.br\/fisica\/wp-json\/wp\/v2\/pages\/132","targetHints":{"allow":["GET"]}}],"collection":[{"href":"https:\/\/pos.uel.br\/fisica\/wp-json\/wp\/v2\/pages"}],"about":[{"href":"https:\/\/pos.uel.br\/fisica\/wp-json\/wp\/v2\/types\/page"}],"author":[{"embeddable":true,"href":"https:\/\/pos.uel.br\/fisica\/wp-json\/wp\/v2\/users\/8"}],"replies":[{"embeddable":true,"href":"https:\/\/pos.uel.br\/fisica\/wp-json\/wp\/v2\/comments?post=132"}],"version-history":[{"count":2,"href":"https:\/\/pos.uel.br\/fisica\/wp-json\/wp\/v2\/pages\/132\/revisions"}],"predecessor-version":[{"id":135,"href":"https:\/\/pos.uel.br\/fisica\/wp-json\/wp\/v2\/pages\/132\/revisions\/135"}],"up":[{"embeddable":true,"href":"https:\/\/pos.uel.br\/fisica\/wp-json\/wp\/v2\/pages\/153"}],"wp:attachment":[{"href":"https:\/\/pos.uel.br\/fisica\/wp-json\/wp\/v2\/media?parent=132"}],"curies":[{"name":"wp","href":"https:\/\/api.w.org\/{rel}","templated":true}]}}

<p>A admissão de novos estudantes no Programa é feita com base na nota do <a href="http://sbfisica.org.br/v1/euf/">Exame Unificado das Pós-Graduações em Física</a>. O exame é aplicado duas vezes ao ano, e o candidato ao PPG-Física é inteiramente responsável por se inscrever no EUF e realizar o exame. Vale ressaltar que as datas do EUF são completamente independentes dos editais deste PPG-Física. Assim, os candidatos devem se atentar aos prazos oficiais do EUF, de modo que as notas estejam disponíveis a tempo para a inscrição no PPG-Física.</p>



<p>O PPG-Física estabelece um prazo de validade de dois anos para os exames, e uma nota de corte igual a 1,0 (um vírgula zero). Em virtude das diferenças nas datas dos editais do PPG-Física e do EUF, exames com datas de 2 anos e 6 meses podem ser excepcionalmente aceitos.</p>



<p>Maiores informações sobre o EUF: <a href="http://sbfisica.org.br/v1/euf/index.php">http://sbfisica.org.br/v1/euf/index.php</a></p>

<p>A admissão de novos estudantes no Programa é feita com base na nota do Exame Unificado das Pós-Graduações em Física. O exame é aplicado duas vezes ao ano, e o candidato ao PPG-Física é inteiramente responsável por se inscrever no EUF e realizar o exame. Vale ressaltar que as datas do EUF são completamente independentes [&hellip;]</p>
