{"id":11,"date":"2021-04-29T13:56:29","date_gmt":"2021-04-29T16:56:29","guid":{"rendered":"https:\/\/pos.uel.br\/fisica\/?page_id=11"},"modified":"2021-09-21T10:45:59","modified_gmt":"2021-09-21T13:45:59","slug":"areas-de-concentracao","status":"publish","type":"page","link":"https:\/\/pos.uel.br\/fisica\/posts\/sobre-o-programa\/areas-de-concentracao\/","title":{"rendered":"\u00c1reas de concentra\u00e7\u00e3o"},"content":{"rendered":"\n<p>O Programa de P\u00f3s-gradua\u00e7\u00e3o em F\u00edsica \u00e9 um programa acad\u00eamico, reconhecido pela CAPES desde 1996, e atuante na \u00e1rea de Astronomia\/F\u00edsica. As \u00e1reas de concentra\u00e7\u00e3o do programa s\u00e3o:<\/p>\n\n\n\n<p><strong>Astronomia:<br><\/strong>Astrof\u00edsica e Astropart\u00edculas<br>Gravita\u00e7\u00e3o e Cosmologia<\/p>\n\n\n\n<p><strong>F\u00edsica:<br><\/strong>F\u00edsica da Mat\u00e9ria Condensada<br>F\u00edsica Nuclear Aplicada<br>F\u00edsica de Part\u00edculas e Campos<\/p>\n","protected":false},"excerpt":{"rendered":"<p>O Programa de P\u00f3s-gradua\u00e7\u00e3o em F\u00edsica \u00e9 um programa acad\u00eamico, reconhecido pela CAPES desde 1996, e atuante na \u00e1rea de Astronomia\/F\u00edsica. As \u00e1reas de concentra\u00e7\u00e3o do programa s\u00e3o: Astronomia:Astrof\u00edsica e Astropart\u00edculasGravita\u00e7\u00e3o e Cosmologia F\u00edsica:F\u00edsica da Mat\u00e9ria CondensadaF\u00edsica Nuclear AplicadaF\u00edsica de Part\u00edculas e Campos<\/p>\n","protected":false},"author":7,"featured_media":0,"parent":8,"menu_order":0,"comment_status":"closed","ping_status":"closed","template":"","meta":{"_acf_changed":false,"footnotes":""},"class_list":["post-11","page","type-page","status-publish","hentry"],"acf":[],"_links":{"self":[{"href":"https:\/\/pos.uel.br\/fisica\/wp-json\/wp\/v2\/pages\/11","targetHints":{"allow":["GET"]}}],"collection":[{"href":"https:\/\/pos.uel.br\/fisica\/wp-json\/wp\/v2\/pages"}],"about":[{"href":"https:\/\/pos.uel.br\/fisica\/wp-json\/wp\/v2\/types\/page"}],"author":[{"embeddable":true,"href":"https:\/\/pos.uel.br\/fisica\/wp-json\/wp\/v2\/users\/7"}],"replies":[{"embeddable":true,"href":"https:\/\/pos.uel.br\/fisica\/wp-json\/wp\/v2\/comments?post=11"}],"version-history":[{"count":5,"href":"https:\/\/pos.uel.br\/fisica\/wp-json\/wp\/v2\/pages\/11\/revisions"}],"predecessor-version":[{"id":235,"href":"https:\/\/pos.uel.br\/fisica\/wp-json\/wp\/v2\/pages\/11\/revisions\/235"}],"up":[{"embeddable":true,"href":"https:\/\/pos.uel.br\/fisica\/wp-json\/wp\/v2\/pages\/8"}],"wp:attachment":[{"href":"https:\/\/pos.uel.br\/fisica\/wp-json\/wp\/v2\/media?parent=11"}],"curies":[{"name":"wp","href":"https:\/\/api.w.org\/{rel}","templated":true}]}}

Áreas de concentração

<p>O Programa de Pós-graduação em Física é um programa acadêmico, reconhecido pela CAPES desde 1996, e atuante na área de Astronomia/Física. As áreas de concentração do programa são:</p>



<p><strong>Astronomia:<br></strong>Astrofísica e Astropartículas<br>Gravitação e Cosmologia</p>



<p><strong>Física:<br></strong>Física da Matéria Condensada<br>Física Nuclear Aplicada<br>Física de Partículas e Campos</p>

<p>O Programa de Pós-graduação em Física é um programa acadêmico, reconhecido pela CAPES desde 1996, e atuante na área de Astronomia/Física. As áreas de concentração do programa são: Astronomia:Astrofísica e AstropartículasGravitação e Cosmologia Física:Física da Matéria CondensadaFísica Nuclear AplicadaFísica de Partículas e Campos</p>
