{"id":676,"date":"2025-07-09T14:42:16","date_gmt":"2025-07-09T17:42:16","guid":{"rendered":"https:\/\/pos.uel.br\/financas\/?page_id=676"},"modified":"2025-10-09T08:11:16","modified_gmt":"2025-10-09T11:11:16","slug":"estrutura-curricular","status":"publish","type":"page","link":"https:\/\/pos.uel.br\/financas\/estrutura-curricular\/","title":{"rendered":"Estrutura Curricular"},"content":{"rendered":"\n<p>O Curso ter\u00e1 a dura\u00e7\u00e3o de 360 (trezentos e sessenta) horas, correspondentes a 24 (vinte e quatro) cr\u00e9ditos, a serem desenvolvidos em 3 (tr\u00eas) per\u00edodos letivos. O desenvolvimento do Curso obedecer\u00e1 a seguinte organiza\u00e7\u00e3o curricular.&nbsp;<\/p>\n\n\n\n<p>Cada disciplina \u00e9 apresentada em 2 (dois) encontros presenciais aos s\u00e1bados, com carga hor\u00e1ria individual de 10 (dez) horas-aula, totalizando 20 (vinte) horas\/aula de forma te\u00f3rico\/pr\u00e1tica, desenvolvida em sala de aula ou laborat\u00f3rios de inform\u00e1tica do Centro de Estudos Sociais Aplicados (CESA) da Universidade Estadual de Londrina.&nbsp;&nbsp;<\/p>\n\n\n\n<p>A carga hor\u00e1ria complementar de 5 (cinco) horas-aula em cada um dos 2 (dois) encontros ser\u00e1 cumprida mediante aplica\u00e7\u00e3o de atividades extraclasse, de natureza te\u00f3rica e\/ou pr\u00e1tica, desenvolvidas pelo docente da disciplina e estar\u00e3o sujeitas \u00e0 avalia\u00e7\u00e3o, a crit\u00e9rio de cada docente. Estas atividades ser\u00e3o disponibilizadas aos acad\u00eamicos por meio eletr\u00f4nico, que ir\u00e3o servir de subs\u00eddio para as aulas presenciais, totalizando 10 (dez) horas-aula para cada disciplina.<\/p>\n\n\n\n<p>Portanto, cada disciplina contar\u00e1 com 30 (trinta) horas\/aula, podendo ocorrer aulas em semanas alternadas ou em semanas sequenciais, totalizando 20 (vinte) horas\/aula de forma presencial e 10 (dez horas) de atividades complementares.<\/p>\n\n\n\n<figure class=\"wp-block-table is-style-stripes has-small-font-size\"><table class=\"has-fixed-layout\"><tbody><tr><td><strong>C\u00f3digo<\/strong><\/td><td><strong>Disciplina<\/strong><\/td><td><strong>N\u00ba de Cr\u00e9ditos<\/strong><\/td><td><strong>Carga Hor\u00e1ria<\/strong><\/td><\/tr><tr><td>2ADM451<\/td><td>Gest\u00e3o Estrat\u00e9gica de Finan\u00e7as<\/td><td>02<\/td><td>30<\/td><\/tr><tr><td>2ECO158<\/td><td>Mercado de Capitais<\/td><td>02<\/td><td>30<\/td><\/tr><tr><td>2ADM430<\/td><td>Estrat\u00e9gia Empresarial e Simula\u00e7\u00e3o Empresarial<\/td><td>02<\/td><td>30<\/td><\/tr><tr><td>2ADM431<\/td><td>Or\u00e7amento Empresarial<\/td><td>02<\/td><td>30<\/td><\/tr><tr><td>2ADM432<\/td><td>Gest\u00e3o do Capital de Giro<\/td><td>02<\/td><td>30<\/td><\/tr><tr><td>2ADM433<\/td><td>An\u00e1lise de Investimentos de Capital<\/td><td>02<\/td><td>30<\/td><\/tr><tr><td>2ADM566<\/td><td>Valuation: Avalia\u00e7\u00e3o de Empresas<\/td><td>02<\/td><td>30<\/td><\/tr><tr><td>2CON090<\/td><td>T\u00e9cnicas Financeiras Aplicadas \u00e0 Gest\u00e3o Empresarial<\/td><td>02<\/td><td>30<\/td><\/tr><tr><td>2ECO159<\/td><td>M\u00e9todos Quantitativos Aplicados \u00e0 Finan\u00e7as<\/td><td>02<\/td><td>30<\/td><\/tr><tr><td>2CON095<\/td><td>T\u00f3picos de Contabilidade Financeira<\/td><td>02<\/td><td>30<\/td><\/tr><tr><td>2CON092<\/td><td>Gest\u00e3o Avan\u00e7ada de Custos<\/td><td>02<\/td><td>30<\/td><\/tr><tr><td>2CON093<\/td><td>An\u00e1lise das Demonstra\u00e7\u00f5es Cont\u00e1beis<\/td><td>02<\/td><td>30<\/td><\/tr><\/tbody><\/table><\/figure>\n\n\n\n<div class=\"wp-block-columns is-layout-flex wp-container-core-columns-is-layout-9d6595d7 wp-block-columns-is-layout-flex\">\n<div class=\"wp-block-column is-layout-flow wp-block-column-is-layout-flow\"><\/div>\n<\/div>\n","protected":false},"excerpt":{"rendered":"<p>O Curso ter\u00e1 a dura\u00e7\u00e3o de 360 (trezentos e sessenta) horas, correspondentes a 24 (vinte e quatro) cr\u00e9ditos, a serem desenvolvidos em 3 (tr\u00eas) per\u00edodos letivos. O desenvolvimento do Curso obedecer\u00e1 a seguinte organiza\u00e7\u00e3o curricular.&nbsp; Cada disciplina \u00e9 apresentada em 2 (dois) encontros presenciais aos s\u00e1bados, com carga hor\u00e1ria individual de 10 (dez) horas-aula, totalizando [&hellip;]<\/p>\n","protected":false},"author":9,"featured_media":0,"parent":0,"menu_order":0,"comment_status":"closed","ping_status":"closed","template":"","meta":{"_acf_changed":false,"_themeisle_gutenberg_block_has_review":false,"footnotes":""},"class_list":["post-676","page","type-page","status-publish","hentry"],"acf":[],"_links":{"self":[{"href":"https:\/\/pos.uel.br\/financas\/wp-json\/wp\/v2\/pages\/676","targetHints":{"allow":["GET"]}}],"collection":[{"href":"https:\/\/pos.uel.br\/financas\/wp-json\/wp\/v2\/pages"}],"about":[{"href":"https:\/\/pos.uel.br\/financas\/wp-json\/wp\/v2\/types\/page"}],"author":[{"embeddable":true,"href":"https:\/\/pos.uel.br\/financas\/wp-json\/wp\/v2\/users\/9"}],"replies":[{"embeddable":true,"href":"https:\/\/pos.uel.br\/financas\/wp-json\/wp\/v2\/comments?post=676"}],"version-history":[{"count":4,"href":"https:\/\/pos.uel.br\/financas\/wp-json\/wp\/v2\/pages\/676\/revisions"}],"predecessor-version":[{"id":742,"href":"https:\/\/pos.uel.br\/financas\/wp-json\/wp\/v2\/pages\/676\/revisions\/742"}],"wp:attachment":[{"href":"https:\/\/pos.uel.br\/financas\/wp-json\/wp\/v2\/media?parent=676"}],"curies":[{"name":"wp","href":"https:\/\/api.w.org\/{rel}","templated":true}]}}

<p>O Curso terá a duração de 360 (trezentos e sessenta) horas, correspondentes a 24 (vinte e quatro) créditos, a serem desenvolvidos em 3 (três) períodos letivos. O desenvolvimento do Curso obedecerá a seguinte organização curricular.&nbsp;</p>



<p>Cada disciplina é apresentada em 2 (dois) encontros presenciais aos sábados, com carga horária individual de 10 (dez) horas-aula, totalizando 20 (vinte) horas/aula de forma teórico/prática, desenvolvida em sala de aula ou laboratórios de informática do Centro de Estudos Sociais Aplicados (CESA) da Universidade Estadual de Londrina.&nbsp;&nbsp;</p>



<p>A carga horária complementar de 5 (cinco) horas-aula em cada um dos 2 (dois) encontros será cumprida mediante aplicação de atividades extraclasse, de natureza teórica e/ou prática, desenvolvidas pelo docente da disciplina e estarão sujeitas à avaliação, a critério de cada docente. Estas atividades serão disponibilizadas aos acadêmicos por meio eletrônico, que irão servir de subsídio para as aulas presenciais, totalizando 10 (dez) horas-aula para cada disciplina.</p>



<p>Portanto, cada disciplina contará com 30 (trinta) horas/aula, podendo ocorrer aulas em semanas alternadas ou em semanas sequenciais, totalizando 20 (vinte) horas/aula de forma presencial e 10 (dez horas) de atividades complementares.</p>



<figure class="wp-block-table is-style-stripes has-small-font-size"><table class="has-fixed-layout"><tbody><tr><td><strong>Código</strong></td><td><strong>Disciplina</strong></td><td><strong>Nº de Créditos</strong></td><td><strong>Carga Horária</strong></td></tr><tr><td>2ADM451</td><td>Gestão Estratégica de Finanças</td><td>02</td><td>30</td></tr><tr><td>2ECO158</td><td>Mercado de Capitais</td><td>02</td><td>30</td></tr><tr><td>2ADM430</td><td>Estratégia Empresarial e Simulação Empresarial</td><td>02</td><td>30</td></tr><tr><td>2ADM431</td><td>Orçamento Empresarial</td><td>02</td><td>30</td></tr><tr><td>2ADM432</td><td>Gestão do Capital de Giro</td><td>02</td><td>30</td></tr><tr><td>2ADM433</td><td>Análise de Investimentos de Capital</td><td>02</td><td>30</td></tr><tr><td>2ADM566</td><td>Valuation: Avaliação de Empresas</td><td>02</td><td>30</td></tr><tr><td>2CON090</td><td>Técnicas Financeiras Aplicadas à Gestão Empresarial</td><td>02</td><td>30</td></tr><tr><td>2ECO159</td><td>Métodos Quantitativos Aplicados à Finanças</td><td>02</td><td>30</td></tr><tr><td>2CON095</td><td>Tópicos de Contabilidade Financeira</td><td>02</td><td>30</td></tr><tr><td>2CON092</td><td>Gestão Avançada de Custos</td><td>02</td><td>30</td></tr><tr><td>2CON093</td><td>Análise das Demonstrações Contábeis</td><td>02</td><td>30</td></tr></tbody></table></figure>



<div class="wp-block-columns is-layout-flex wp-container-core-columns-is-layout-9d6595d7 wp-block-columns-is-layout-flex">
<div class="wp-block-column is-layout-flow wp-block-column-is-layout-flow"></div>
</div>

<p>O Curso terá a duração de 360 (trezentos e sessenta) horas, correspondentes a 24 (vinte e quatro) créditos, a serem desenvolvidos em 3 (três) períodos letivos. O desenvolvimento do Curso obedecerá a seguinte organização curricular.&nbsp; Cada disciplina é apresentada em 2 (dois) encontros presenciais aos sábados, com carga horária individual de 10 (dez) horas-aula, totalizando [&hellip;]</p>
