{"id":673,"date":"2025-07-09T14:38:50","date_gmt":"2025-07-09T17:38:50","guid":{"rendered":"https:\/\/pos.uel.br\/financas\/?page_id=673"},"modified":"2025-10-02T16:39:34","modified_gmt":"2025-10-02T19:39:34","slug":"sobre-o-curso","status":"publish","type":"page","link":"https:\/\/pos.uel.br\/financas\/sobre-o-curso\/","title":{"rendered":"Sobre o curso"},"content":{"rendered":"\n<p><\/p>\n\n\n\n<p class=\"has-primary-accent-color has-text-color has-link-color wp-elements-af84d4d43b2572d127b4e79417a40381\"><strong>OBJETIVOS<\/strong><\/p>\n\n\n\n<p>O objetivo do curso de Especializa\u00e7\u00e3o em Finan\u00e7as Corporativas \u00e9 proporcionar aos seus alunos uma vis\u00e3o sist\u00eamica e integrada das modernas t\u00e9cnicas de gest\u00e3o financeira, visualizando as organiza\u00e7\u00f5es de uma forma integrada que auxiliem a efici\u00eancia do processo decis\u00f3rio.<\/p>\n\n\n\n<hr class=\"wp-block-separator has-alpha-channel-opacity is-style-wide\" \/>\n\n\n\n<p class=\"has-primary-accent-color has-text-color has-link-color wp-elements-f659a05abe45c6874286a1b5100f7698\"><strong>P\u00daBLICO ALVO<\/strong><\/p>\n\n\n\n<p>Poder\u00e3o candidatar-se ao Curso graduados e graduandos em Administra\u00e7\u00e3o de Empresas, Ci\u00eancias Cont\u00e1beis, Economia e \u00e1reas afins, desde que comprovem a conclus\u00e3o da gradua\u00e7\u00e3o at\u00e9 a data da matr\u00edcula.<\/p>\n\n\n\n<hr class=\"wp-block-separator has-alpha-channel-opacity is-style-wide\" \/>\n\n\n\n<p class=\"has-primary-accent-color has-text-color has-link-color wp-elements-8a5d50c40a3f9ef95e96ecd795253bd0\"><strong>N\u00daMERO DE VAGAS<\/strong><\/p>\n\n\n\n<p>M\u00ednimo: 35 (trinta e cinco)<\/p>\n\n\n\n<p>M\u00e1ximo: 45 (quarenta e cinco)<\/p>\n\n\n\n<hr class=\"wp-block-separator has-alpha-channel-opacity is-style-wide\" \/>\n\n\n\n<p class=\"has-primary-accent-color has-text-color has-link-color wp-elements-6848bac0283c7d3a57065ed731b47198\"><strong>INVESTIMENTO<\/strong><\/p>\n\n\n\n<p>18 parcelas de R$ 330,00 (a primeira parcela, no ato da matr\u00edcula)<\/p>\n\n\n\n<hr class=\"wp-block-separator has-alpha-channel-opacity is-style-wide\" \/>\n\n\n\n<p class=\"has-primary-accent-color has-text-color has-link-color wp-elements-286bb88d9cb9de9a94be3bd86454892b\"><strong>IN\u00cdCIO E T\u00c9RMINO DAS AULAS | CURSO<\/strong><\/p>\n\n\n\n<p>In\u00edcio das aulas: 21\/03\/2026<\/p>\n\n\n\n<p>T\u00e9rmino: julho de 2027<\/p>\n\n\n\n<p>As aulas s\u00e3o ministradas aos s\u00e1bados de manh\u00e3 e \u00e0 tarde, de modo presencial, podendo ocorrer aulas em semanas alternadas ou em semanas sequenciais, totalizando 24 (vinte e quatro) finais de semana com aula. Al\u00e9m das aulas presenciais, s\u00e3o desenvolvidas atividades extraclasse, conforme detalhamento descrito na Estrutura Curricular.<\/p>\n\n\n\n<hr class=\"wp-block-separator has-alpha-channel-opacity is-style-wide\" \/>\n\n\n\n<h5 class=\"wp-block-heading has-primary-accent-color has-text-color has-link-color wp-elements-cec12c0234445921f0ee3442a045a44d\">Turma com in\u00edcio em 2026<\/h5>\n\n\n\n<p>Presencial.<\/p>\n\n\n\n<hr class=\"wp-block-separator has-alpha-channel-opacity is-style-wide\" \/>\n\n\n\n<h5 class=\"wp-block-heading has-primary-accent-color has-text-color has-link-color wp-elements-26153a125e06ad00c06ba48520887ce6\">Inscri\u00e7\u00f5es online<\/h5>\n\n\n\n<p>Realize o upload da documenta\u00e7\u00e3o somente via sistema de Inscri\u00e7\u00e3o online \u2013 Acesse o Edital de Oferta no menu INSCRI\u00c7\u00d5ES.<\/p>\n\n\n\n<hr class=\"wp-block-separator has-alpha-channel-opacity is-style-wide\" \/>\n\n\n\n<div class=\"wp-block-columns is-layout-flex wp-container-core-columns-is-layout-9d6595d7 wp-block-columns-is-layout-flex\">\n<div class=\"wp-block-column is-layout-flow wp-block-column-is-layout-flow\"><\/div>\n<\/div>\n\n\n\n<p><\/p>\n","protected":false},"excerpt":{"rendered":"<p>OBJETIVOS O objetivo do curso de Especializa\u00e7\u00e3o em Finan\u00e7as Corporativas \u00e9 proporcionar aos seus alunos uma vis\u00e3o sist\u00eamica e integrada das modernas t\u00e9cnicas de gest\u00e3o financeira, visualizando as organiza\u00e7\u00f5es de uma forma integrada que auxiliem a efici\u00eancia do processo decis\u00f3rio. P\u00daBLICO ALVO Poder\u00e3o candidatar-se ao Curso graduados e graduandos em Administra\u00e7\u00e3o de Empresas, Ci\u00eancias Cont\u00e1beis, [&hellip;]<\/p>\n","protected":false},"author":9,"featured_media":0,"parent":0,"menu_order":0,"comment_status":"closed","ping_status":"closed","template":"","meta":{"_acf_changed":false,"_themeisle_gutenberg_block_has_review":false,"footnotes":""},"class_list":["post-673","page","type-page","status-publish","hentry"],"acf":[],"_links":{"self":[{"href":"https:\/\/pos.uel.br\/financas\/wp-json\/wp\/v2\/pages\/673","targetHints":{"allow":["GET"]}}],"collection":[{"href":"https:\/\/pos.uel.br\/financas\/wp-json\/wp\/v2\/pages"}],"about":[{"href":"https:\/\/pos.uel.br\/financas\/wp-json\/wp\/v2\/types\/page"}],"author":[{"embeddable":true,"href":"https:\/\/pos.uel.br\/financas\/wp-json\/wp\/v2\/users\/9"}],"replies":[{"embeddable":true,"href":"https:\/\/pos.uel.br\/financas\/wp-json\/wp\/v2\/comments?post=673"}],"version-history":[{"count":9,"href":"https:\/\/pos.uel.br\/financas\/wp-json\/wp\/v2\/pages\/673\/revisions"}],"predecessor-version":[{"id":734,"href":"https:\/\/pos.uel.br\/financas\/wp-json\/wp\/v2\/pages\/673\/revisions\/734"}],"wp:attachment":[{"href":"https:\/\/pos.uel.br\/financas\/wp-json\/wp\/v2\/media?parent=673"}],"curies":[{"name":"wp","href":"https:\/\/api.w.org\/{rel}","templated":true}]}}

<p></p>



<p class="has-primary-accent-color has-text-color has-link-color wp-elements-af84d4d43b2572d127b4e79417a40381"><strong>OBJETIVOS</strong></p>



<p>O objetivo do curso de Especialização em Finanças Corporativas é proporcionar aos seus alunos uma visão sistêmica e integrada das modernas técnicas de gestão financeira, visualizando as organizações de uma forma integrada que auxiliem a eficiência do processo decisório.</p>



<hr class="wp-block-separator has-alpha-channel-opacity is-style-wide" />



<p class="has-primary-accent-color has-text-color has-link-color wp-elements-f659a05abe45c6874286a1b5100f7698"><strong>PÚBLICO ALVO</strong></p>



<p>Poderão candidatar-se ao Curso graduados e graduandos em Administração de Empresas, Ciências Contábeis, Economia e áreas afins, desde que comprovem a conclusão da graduação até a data da matrícula.</p>



<hr class="wp-block-separator has-alpha-channel-opacity is-style-wide" />



<p class="has-primary-accent-color has-text-color has-link-color wp-elements-8a5d50c40a3f9ef95e96ecd795253bd0"><strong>NÚMERO DE VAGAS</strong></p>



<p>Mínimo: 35 (trinta e cinco)</p>



<p>Máximo: 45 (quarenta e cinco)</p>



<hr class="wp-block-separator has-alpha-channel-opacity is-style-wide" />



<p class="has-primary-accent-color has-text-color has-link-color wp-elements-6848bac0283c7d3a57065ed731b47198"><strong>INVESTIMENTO</strong></p>



<p>18 parcelas de R$ 330,00 (a primeira parcela, no ato da matrícula)</p>



<hr class="wp-block-separator has-alpha-channel-opacity is-style-wide" />



<p class="has-primary-accent-color has-text-color has-link-color wp-elements-286bb88d9cb9de9a94be3bd86454892b"><strong>INÍCIO E TÉRMINO DAS AULAS | CURSO</strong></p>



<p>Início das aulas: 21/03/2026</p>



<p>Término: julho de 2027</p>



<p>As aulas são ministradas aos sábados de manhã e à tarde, de modo presencial, podendo ocorrer aulas em semanas alternadas ou em semanas sequenciais, totalizando 24 (vinte e quatro) finais de semana com aula. Além das aulas presenciais, são desenvolvidas atividades extraclasse, conforme detalhamento descrito na Estrutura Curricular.</p>



<hr class="wp-block-separator has-alpha-channel-opacity is-style-wide" />



<h5 class="wp-block-heading has-primary-accent-color has-text-color has-link-color wp-elements-cec12c0234445921f0ee3442a045a44d">Turma com início em 2026</h5>



<p>Presencial.</p>



<hr class="wp-block-separator has-alpha-channel-opacity is-style-wide" />



<h5 class="wp-block-heading has-primary-accent-color has-text-color has-link-color wp-elements-26153a125e06ad00c06ba48520887ce6">Inscrições online</h5>



<p>Realize o upload da documentação somente via sistema de Inscrição online – Acesse o Edital de Oferta no menu INSCRIÇÕES.</p>



<hr class="wp-block-separator has-alpha-channel-opacity is-style-wide" />



<div class="wp-block-columns is-layout-flex wp-container-core-columns-is-layout-9d6595d7 wp-block-columns-is-layout-flex">
<div class="wp-block-column is-layout-flow wp-block-column-is-layout-flow"></div>
</div>



<p></p>

<p>OBJETIVOS O objetivo do curso de Especialização em Finanças Corporativas é proporcionar aos seus alunos uma visão sistêmica e integrada das modernas técnicas de gestão financeira, visualizando as organizações de uma forma integrada que auxiliem a eficiência do processo decisório. PÚBLICO ALVO Poderão candidatar-se ao Curso graduados e graduandos em Administração de Empresas, Ciências Contábeis, [&hellip;]</p>
