{"id":560,"date":"2023-03-27T16:29:24","date_gmt":"2023-03-27T19:29:24","guid":{"rendered":"https:\/\/pos.uel.br\/financas\/?page_id=560"},"modified":"2025-07-09T15:52:13","modified_gmt":"2025-07-09T18:52:13","slug":"monografia","status":"publish","type":"page","link":"https:\/\/pos.uel.br\/financas\/monografia\/","title":{"rendered":"Monografia"},"content":{"rendered":"\n<p>Monografia Turma 2022-1<\/p>\n\n\n\n<p>Informa\u00e7\u00f5es:<\/p>\n\n\n\n<p><a href=\"https:\/\/sistemas.uel.br\/portaldepos\/index\">Portal do Estudante de P\u00f3s-Gradua\u00e7\u00e3o<\/a><\/p>\n\n\n\n<p><\/p>\n\n\n\n<p class=\"has-site-background-color has-text-color\">.<\/p>\n\n\n\n<p class=\"has-site-background-color has-text-color\">.<\/p>\n\n\n\n<p class=\"has-site-background-color has-text-color\">.<\/p>\n\n\n\n<p class=\"has-site-background-color has-text-color\">.<\/p>\n\n\n\n<p class=\"has-site-background-color has-text-color\">.<\/p>\n\n\n\n<p class=\"has-site-background-color has-text-color\">.<\/p>\n\n\n\n<p class=\"has-site-background-color has-text-color\">.<\/p>\n\n\n\n<p><\/p>\n\n\n\n<p><\/p>\n\n\n\n<p><\/p>\n\n\n\n<p><\/p>\n\n\n\n<p><\/p>\n\n\n\n<p><\/p>\n\n\n\n<p><\/p>\n\n\n\n<p><\/p>\n\n\n\n<p><\/p>\n\n\n\n<p><\/p>\n\n\n\n<p><\/p>\n\n\n\n<p><\/p>\n\n\n\n<p><\/p>\n\n\n\n<p><\/p>\n\n\n\n<p><\/p>\n\n\n\n<p><\/p>\n\n\n\n<p><\/p>\n\n\n\n<p><\/p>\n\n\n\n<p><\/p>\n\n\n\n<p><\/p>\n\n\n\n<p><\/p>\n\n\n\n<p><\/p>\n\n\n\n<p><\/p>\n\n\n\n<p><\/p>\n\n\n\n<p><\/p>\n\n\n\n<p><\/p>\n\n\n\n<p><\/p>\n\n\n\n<p><\/p>\n\n\n\n<p><\/p>\n\n\n\n<p><\/p>\n\n\n\n<p><\/p>\n\n\n\n<p><\/p>\n\n\n\n<p><\/p>\n\n\n\n<p><\/p>\n\n\n\n<p><\/p>\n\n\n\n<p><\/p>\n\n\n\n<p><\/p>\n\n\n\n<p><\/p>\n\n\n\n<p><\/p>\n\n\n\n<p><\/p>\n\n\n\n<p><\/p>\n\n\n\n<p><\/p>\n\n\n\n<p><\/p>\n\n\n\n<p><\/p>\n\n\n\n<p><\/p>\n\n\n\n<p><\/p>\n\n\n\n<p><\/p>\n\n\n\n<p><\/p>\n","protected":false},"excerpt":{"rendered":"<p>Monografia Turma 2022-1 Informa\u00e7\u00f5es: Portal do Estudante de P\u00f3s-Gradua\u00e7\u00e3o . . . . . . .<\/p>\n","protected":false},"author":8,"featured_media":0,"parent":0,"menu_order":0,"comment_status":"closed","ping_status":"closed","template":"","meta":{"_acf_changed":false,"_themeisle_gutenberg_block_has_review":false,"footnotes":""},"class_list":["post-560","page","type-page","status-publish","hentry"],"acf":[],"_links":{"self":[{"href":"https:\/\/pos.uel.br\/financas\/wp-json\/wp\/v2\/pages\/560","targetHints":{"allow":["GET"]}}],"collection":[{"href":"https:\/\/pos.uel.br\/financas\/wp-json\/wp\/v2\/pages"}],"about":[{"href":"https:\/\/pos.uel.br\/financas\/wp-json\/wp\/v2\/types\/page"}],"author":[{"embeddable":true,"href":"https:\/\/pos.uel.br\/financas\/wp-json\/wp\/v2\/users\/8"}],"replies":[{"embeddable":true,"href":"https:\/\/pos.uel.br\/financas\/wp-json\/wp\/v2\/comments?post=560"}],"version-history":[{"count":8,"href":"https:\/\/pos.uel.br\/financas\/wp-json\/wp\/v2\/pages\/560\/revisions"}],"predecessor-version":[{"id":701,"href":"https:\/\/pos.uel.br\/financas\/wp-json\/wp\/v2\/pages\/560\/revisions\/701"}],"wp:attachment":[{"href":"https:\/\/pos.uel.br\/financas\/wp-json\/wp\/v2\/media?parent=560"}],"curies":[{"name":"wp","href":"https:\/\/api.w.org\/{rel}","templated":true}]}}