{"id":583,"date":"2024-10-04T09:08:49","date_gmt":"2024-10-04T12:08:49","guid":{"rendered":"https:\/\/pos.uel.br\/filosofiapolitica\/?page_id=583"},"modified":"2025-10-03T15:21:59","modified_gmt":"2025-10-03T18:21:59","slug":"insc_2024","status":"publish","type":"page","link":"https:\/\/pos.uel.br\/filosofiapolitica\/inscricoes\/insc_2024\/","title":{"rendered":"Insc_2024"},"content":{"rendered":"\n<p class=\"has-secondary-accent-color has-text-color has-medium-font-size\"><strong>Primeiro Semestre 2024<\/strong><\/p>\n\n\n\n<figure class=\"wp-block-table has-small-font-size\"><table><thead><tr><td class=\"has-text-align-center\" data-align=\"center\"><strong>&nbsp;DOC<\/strong><strong><\/strong><\/td><td><strong>ATIVIDADES<\/strong><strong><\/strong><\/td><td class=\"has-text-align-center\" data-align=\"center\"><strong>DATA<\/strong> |<strong> PER\u00cdODO DE PUBLICA\u00c7\u00c3O<\/strong><\/td><td class=\"has-text-align-center\" data-align=\"center\"><strong>SITUA\u00c7\u00c3O ATUAL<\/strong><strong><\/strong><\/td><\/tr><\/thead><tbody><tr><td class=\"has-text-align-center\" data-align=\"center\"><a href=\"https:\/\/pos.uel.br\/filosofiapolitica\/wp-content\/uploads\/2023\/10\/123_Edital-de-Oferta_2024_16out2023.pdf\" data-type=\"link\" data-id=\"https:\/\/pos.uel.br\/filosofiapolitica\/wp-content\/uploads\/2023\/10\/123_Edital-de-Oferta_2024_16out2023.pdf\" target=\"_blank\" rel=\"noreferrer noopener\"><img decoding=\"async\" class=\"wp-image-412\" style=\"width: 25px\" src=\"https:\/\/pos.uel.br\/direitocivil\/wp-content\/uploads\/2022\/09\/paste_red1-e1663003698481.jpg\" alt=\"\"><\/a><\/td><td>Edital de Oferta | Inscri\u00e7\u00e3o e Sele\u00e7\u00e3o<\/td><td class=\"has-text-align-center\" data-align=\"center\">16\/10\/2023 <\/td><td class=\"has-text-align-center\" data-align=\"center\">&nbsp;<strong><\/strong><strong>Imprescind\u00edvel Leitura!<\/strong><\/td><\/tr><tr><td class=\"has-text-align-center\" data-align=\"center\"><a href=\"https:\/\/pos.uel.br\/filosofiapolitica\/wp-content\/uploads\/2022\/09\/Form_Isencao_Inscricao.doc\" data-type=\"link\" data-id=\"https:\/\/pos.uel.br\/filosofiapolitica\/wp-content\/uploads\/2022\/09\/Form_Isencao_Inscricao.doc\" target=\"_blank\" rel=\"noreferrer noopener\"><img decoding=\"async\" class=\"wp-image-412\" style=\"width: 25px\" src=\"https:\/\/pos.uel.br\/direitocivil\/wp-content\/uploads\/2022\/09\/paste_red1-e1663003698481.jpg\" alt=\"\"><\/a><\/td><td>Pedido de Isen\u00e7\u00e3o: Doa\u00e7\u00e3o de Sangue e Servi\u00e7o Eleitoral<\/td><td class=\"has-text-align-center\" data-align=\"center\"> 18\/10\/2023 a 20\/10\/2023<\/td><td class=\"has-text-align-center\" data-align=\"center\">&nbsp;<\/td><\/tr><tr><td class=\"has-text-align-center\" data-align=\"center\"><\/td><td>Publica\u00e7\u00e3o do Edital do Resultado dos pedidos de Isen\u00e7\u00e3o<\/td><td class=\"has-text-align-center\" data-align=\"center\"> 25\/10\/2023<\/td><td class=\"has-text-align-center\" data-align=\"center\">&nbsp;<\/td><\/tr><tr><td class=\"has-text-align-center\" data-align=\"center\">&nbsp;<\/td><td>Pedido de Recurso ao Resultado de Isen\u00e7\u00f5es<\/td><td class=\"has-text-align-center\" data-align=\"center\"> 26\/10\/2023<\/td><td class=\"has-text-align-center\" data-align=\"center\">&nbsp;<\/td><\/tr><tr><td class=\"has-text-align-center\" data-align=\"center\"><\/td><td>Publica\u00e7\u00e3o do Edital do Resultado dos Recursos referente aos pedidos de Isen\u00e7\u00f5es<\/td><td class=\"has-text-align-center\" data-align=\"center\"> 30\/10\/2023<\/td><td class=\"has-text-align-center\" data-align=\"center\">&nbsp;<\/td><\/tr><tr><td class=\"has-text-align-center\" data-align=\"center\"><a href=\"https:\/\/pos.uel.br\/filosofiapolitica\/wp-content\/uploads\/2022\/09\/2023_FPJ_Formulario-Curriculo-NOVO.doc\" data-type=\"link\" data-id=\"https:\/\/pos.uel.br\/filosofiapolitica\/wp-content\/uploads\/2022\/09\/2023_FPJ_Formulario-Curriculo-NOVO.doc\" target=\"_blank\" rel=\"noreferrer noopener\"><img decoding=\"async\" class=\"wp-image-412\" style=\"width: 25px\" src=\"https:\/\/pos.uel.br\/direitocivil\/wp-content\/uploads\/2022\/09\/paste_red1-e1663003698481.jpg\" alt=\"\"><\/a><\/td><td>Curr\u00edculo | Formul\u00e1rio Obrigat\u00f3rio<\/td><td class=\"has-text-align-center\" data-align=\"center\"> 01\/11\/2023<\/td><td class=\"has-text-align-center\" data-align=\"center\"><\/td><\/tr><tr><td class=\"has-text-align-center\" data-align=\"center\"><a href=\"https:\/\/pos.uel.br\/direitocivil\/wp-content\/uploads\/2024\/01\/Edital-Prorrogacao_15jan24_Geral.pdf\" target=\"_blank\" rel=\"noreferrer noopener\"><img decoding=\"async\" class=\"wp-image-412\" style=\"width: 25px\" src=\"https:\/\/pos.uel.br\/direitocivil\/wp-content\/uploads\/2022\/09\/paste_red1-e1663003698481.jpg\" alt=\"\"><\/a><\/td><td>Edital de Prorroga\u00e7\u00e3o | Inscri\u00e7\u00e3o e Sele\u00e7\u00e3o<\/td><td class=\"has-text-align-center\" data-align=\"center\">18\/01\/2024<\/td><td class=\"has-text-align-center\" data-align=\"center\"><\/td><\/tr><tr><td class=\"has-text-align-center\" data-align=\"center\"><\/td><td>Inscri\u00e7\u00e3o online<\/td><td class=\"has-text-align-center\" data-align=\"center\"><strong><strong>01\/11\/2023 a <\/strong><\/strong><s>15\/01\/2024<\/s>  <strong>&#8211; <strong>02\/02\/2024<\/strong><\/strong><\/td><td class=\"has-text-align-center\" data-align=\"center\">No \u00faltimo dia <strong>at\u00e9 \u00e0s 16h<\/strong><\/td><\/tr><tr><td class=\"has-text-align-center\" data-align=\"center\">&nbsp;<\/td><td>Entrega de Documentos via e-mail, incluindo boleto e comprovante de pagamento \u2013 cesapos@uel.br<\/td><td class=\"has-text-align-center\" data-align=\"center\"><strong>01\/11\/2023 a <\/strong><s>16\/01\/2024<\/s><strong> &#8211; 05\/02\/2024<\/strong><\/td><td class=\"has-text-align-center\" data-align=\"center\">No<strong>&nbsp;<\/strong>\u00faltimo dia <strong>at\u00e9 \u00e0s 16h<\/strong><\/td><\/tr><tr><td class=\"has-text-align-center\" data-align=\"center\">&nbsp;<\/td><td>Sele\u00e7\u00e3o<\/td><td class=\"has-text-align-center\" data-align=\"center\"><s>06\/02\/2024<\/s><strong><s> <\/s>-08\/02\/2024 a 09\/02\/2024<\/strong> <\/td><td class=\"has-text-align-center\" data-align=\"center\">&nbsp;<\/td><\/tr><tr><td class=\"has-text-align-center\" data-align=\"center\"><a href=\"https:\/\/pos.uel.br\/filosofiapolitica\/wp-content\/uploads\/2024\/02\/123_Edital-de-Resultado_20fev24.pdf\" target=\"_blank\" rel=\"noreferrer noopener\"><img decoding=\"async\" class=\"wp-image-412\" style=\"width: 25px\" src=\"https:\/\/pos.uel.br\/direitocivil\/wp-content\/uploads\/2022\/09\/paste_red1-e1663003698481.jpg\" alt=\"\"><\/a><a href=\"https:\/\/pos.uel.br\/direitocivil\/wp-content\/uploads\/2023\/02\/158_Edital-de-Resultado_17fev23.pdf\" data-type=\"URL\" data-id=\"https:\/\/pos.uel.br\/direitocivil\/wp-content\/uploads\/2023\/02\/158_Edital-de-Resultado_17fev23.pdf\" target=\"_blank\" rel=\"noreferrer noopener\"><\/a><\/td><td>Publica\u00e7\u00e3o do Edital de Resultado<\/td><td class=\"has-text-align-center\" data-align=\"center\"> 19\/02\/2024<\/td><td class=\"has-text-align-center\" data-align=\"center\">&nbsp;<strong>18h<\/strong> | <strong>Imprescind\u00edvel Leitura!<\/strong><\/td><\/tr><tr><td class=\"has-text-align-center\" data-align=\"center\"><a href=\"https:\/\/pos.uel.br\/filosofiapolitica\/wp-content\/uploads\/2024\/02\/123_Comunicado-de-Matricula_2024.pdf\" target=\"_blank\" rel=\"noreferrer noopener\"><img decoding=\"async\" class=\"wp-image-412\" style=\"width: 25px\" src=\"https:\/\/pos.uel.br\/direitocivil\/wp-content\/uploads\/2022\/09\/paste_red1-e1663003698481.jpg\" alt=\"\"><\/a><a href=\"https:\/\/pos.uel.br\/direitocivil\/wp-content\/uploads\/2023\/02\/158_Dir-Civil_Comunicado-de-Matricula_2023.pdf\" data-type=\"URL\" data-id=\"https:\/\/pos.uel.br\/direitocivil\/wp-content\/uploads\/2023\/02\/158_Dir-Civil_Comunicado-de-Matricula_2023.pdf\" target=\"_blank\" rel=\"noreferrer noopener\"><\/a><\/td><td>Publica\u00e7\u00e3o do Comunicado de Matr\u00edcula<\/td><td class=\"has-text-align-center\" data-align=\"center\"> 21\/02\/2024<\/td><td class=\"has-text-align-center\" data-align=\"center\"><strong>&nbsp;Imprescind\u00edvel Leitura!<\/strong><\/td><\/tr><tr><td class=\"has-text-align-center\" data-align=\"center\"><a href=\"https:\/\/pos.uel.br\/filosofiapolitica\/wp-content\/uploads\/2024\/02\/123_Numero-de-Matricula.pdf\" target=\"_blank\" rel=\"noreferrer noopener\"><img decoding=\"async\" class=\"wp-image-412\" style=\"width: 25px\" src=\"https:\/\/pos.uel.br\/direitocivil\/wp-content\/uploads\/2022\/09\/paste_red1-e1663003698481.jpg\" alt=\"\"><\/a><\/td><td>Divulga\u00e7\u00e3o do N\u00famero de Matr\u00edcula<\/td><td class=\"has-text-align-center\" data-align=\"center\"> 21\/02\/2024<\/td><td class=\"has-text-align-center\" data-align=\"center\">&nbsp;<\/td><\/tr><tr><td class=\"has-text-align-center\" data-align=\"center\">&nbsp;<\/td><td>Matr\u00edcula \u2013 Via Web e entrega de documentos pendentes<\/td><td class=\"has-text-align-center\" data-align=\"center\"> <strong>21\/02\/2024 a 23\/02\/2024<\/strong><\/td><td class=\"has-text-align-center\" data-align=\"center\">&nbsp;<\/td><\/tr><tr><td class=\"has-text-align-center\" data-align=\"center\">&nbsp;<\/td><td>Convoca\u00e7\u00e3o de suplente &#8211; via e-mail<\/td><td class=\"has-text-align-center\" data-align=\"center\"> A partir de 26\/02\/2024<\/td><td class=\"has-text-align-center\" data-align=\"center\">&nbsp;<\/td><\/tr><tr><td class=\"has-text-align-center\" data-align=\"center\">&nbsp;<\/td><td>Matr\u00edcula de suplente<\/td><td class=\"has-text-align-center\" data-align=\"center\">A partir de 26\/02\/2024<\/td><td class=\"has-text-align-center\" data-align=\"center\">&nbsp;<\/td><\/tr><tr><td class=\"has-text-align-center\" data-align=\"center\">&nbsp;<\/td><td>In\u00edcio das Aulas &#8211; data a confirmar pela Coordena\u00e7\u00e3o do Curso<\/td><td class=\"has-text-align-center\" data-align=\"center\">a confirmar: <br>08 ou 15\/03\/2024 <\/td><td class=\"has-text-align-center\" data-align=\"center\"><strong>&nbsp;Entre em contato com a Coordena\u00e7\u00e3o do curso!<\/strong><\/td><\/tr><\/tbody><\/table><\/figure>\n\n\n\n<hr class=\"wp-block-separator has-text-color has-secondary-accent-color has-alpha-channel-opacity has-secondary-accent-background-color has-background is-style-wide\" \/>\n","protected":false},"excerpt":{"rendered":"<p>Primeiro Semestre 2024 &nbsp;DOC ATIVIDADES DATA | PER\u00cdODO DE PUBLICA\u00c7\u00c3O SITUA\u00c7\u00c3O ATUAL Edital de Oferta | Inscri\u00e7\u00e3o e Sele\u00e7\u00e3o 16\/10\/2023 &nbsp;Imprescind\u00edvel Leitura! Pedido de Isen\u00e7\u00e3o: Doa\u00e7\u00e3o de Sangue e Servi\u00e7o Eleitoral 18\/10\/2023 a 20\/10\/2023 &nbsp; Publica\u00e7\u00e3o do Edital do Resultado dos pedidos de Isen\u00e7\u00e3o 25\/10\/2023 &nbsp; &nbsp; Pedido de Recurso ao Resultado de Isen\u00e7\u00f5es 26\/10\/2023 [&hellip;]<\/p>\n","protected":false},"author":7,"featured_media":0,"parent":59,"menu_order":0,"comment_status":"closed","ping_status":"closed","template":"","meta":{"_acf_changed":false,"_themeisle_gutenberg_block_has_review":false,"footnotes":""},"class_list":["post-583","page","type-page","status-publish","hentry"],"acf":[],"_links":{"self":[{"href":"https:\/\/pos.uel.br\/filosofiapolitica\/wp-json\/wp\/v2\/pages\/583","targetHints":{"allow":["GET"]}}],"collection":[{"href":"https:\/\/pos.uel.br\/filosofiapolitica\/wp-json\/wp\/v2\/pages"}],"about":[{"href":"https:\/\/pos.uel.br\/filosofiapolitica\/wp-json\/wp\/v2\/types\/page"}],"author":[{"embeddable":true,"href":"https:\/\/pos.uel.br\/filosofiapolitica\/wp-json\/wp\/v2\/users\/7"}],"replies":[{"embeddable":true,"href":"https:\/\/pos.uel.br\/filosofiapolitica\/wp-json\/wp\/v2\/comments?post=583"}],"version-history":[{"count":3,"href":"https:\/\/pos.uel.br\/filosofiapolitica\/wp-json\/wp\/v2\/pages\/583\/revisions"}],"predecessor-version":[{"id":680,"href":"https:\/\/pos.uel.br\/filosofiapolitica\/wp-json\/wp\/v2\/pages\/583\/revisions\/680"}],"up":[{"embeddable":true,"href":"https:\/\/pos.uel.br\/filosofiapolitica\/wp-json\/wp\/v2\/pages\/59"}],"wp:attachment":[{"href":"https:\/\/pos.uel.br\/filosofiapolitica\/wp-json\/wp\/v2\/media?parent=583"}],"curies":[{"name":"wp","href":"https:\/\/api.w.org\/{rel}","templated":true}]}}