{"id":31,"date":"2022-08-30T17:01:41","date_gmt":"2022-08-30T20:01:41","guid":{"rendered":"https:\/\/pos.uel.br\/direitocivil\/?page_id=31"},"modified":"2025-10-09T08:40:50","modified_gmt":"2025-10-09T11:40:50","slug":"regulamento","status":"publish","type":"page","link":"https:\/\/pos.uel.br\/filosofiapolitica\/regulamento\/","title":{"rendered":"Resolu\u00e7\u00f5es | Delibera\u00e7\u00f5es\u00a0"},"content":{"rendered":"\n<hr class=\"wp-block-separator has-text-color has-secondary-accent-color has-alpha-channel-opacity has-secondary-accent-background-color has-background is-style-wide\" \/>\n\n\n\n<div class=\"wp-block-columns is-layout-flex wp-container-core-columns-is-layout-9d6595d7 wp-block-columns-is-layout-flex\">\n<div class=\"wp-block-column is-layout-flow wp-block-column-is-layout-flow\">\n<p style=\"font-size:16px\"><strong><u>Vigente<\/u><\/strong><\/p>\n\n\n\n<p class=\"has-small-font-size\">. <a href=\"https:\/\/pos.uel.br\/filosofiapolitica\/wp-content\/uploads\/2022\/10\/Reest-Esp-Filosofia-Pol-e-Juridica-2019-2-Delib-005-2019.pdf\" data-type=\"URL\" data-id=\"https:\/\/pos.uel.br\/filosofiapolitica\/wp-content\/uploads\/2022\/10\/Reest-Esp-Filosofia-Pol-e-Juridica-2019-2-Delib-005-2019.pdf\" target=\"_blank\" rel=\"noreferrer noopener\">Delibera\u00e7\u00e3o_005\/2019-FPJ-Reestrutura\u00e7\u00e3o<\/a><\/p>\n\n\n\n<p class=\"has-small-font-size\">. <a href=\"https:\/\/pos.uel.br\/filosofiapolitica\/wp-content\/uploads\/2022\/10\/Res-CA-09-2020-Mensal-Esp-Filos-Politica.pdf\" data-type=\"URL\" data-id=\"https:\/\/pos.uel.br\/filosofiapolitica\/wp-content\/uploads\/2022\/10\/Res-CA-09-2020-Mensal-Esp-Filos-Politica.pdf\" target=\"_blank\" rel=\"noreferrer noopener\">Resolu\u00e7\u00e3o_009\/2020-FPJ-Mensalidade<\/a><\/p>\n\n\n\n<p class=\"has-small-font-size\">. <a href=\"https:\/\/pos.uel.br\/filosofiapolitica\/wp-content\/uploads\/2022\/10\/Res-CEPE-14-2020-Vagas-Esp-Filos-Politica.pdf\" data-type=\"URL\" data-id=\"https:\/\/pos.uel.br\/filosofiapolitica\/wp-content\/uploads\/2022\/10\/Res-CEPE-14-2020-Vagas-Esp-Filos-Politica.pdf\" target=\"_blank\" rel=\"noreferrer noopener\">Resolu\u00e7\u00e3o_014\/2020-FPJ-Vagas<\/a><\/p>\n\n\n\n<p style=\"font-size:16px\"><strong><u>At\u00e9 2019<\/u><\/strong><\/p>\n\n\n\n<p class=\"has-small-font-size\">. <a href=\"https:\/\/pos.uel.br\/filosofiapolitica\/wp-content\/uploads\/2022\/10\/Reest-Esp-Filosofia-Pol-e-Juridica-2019-2-Delib-005-2019.pdf\" data-type=\"URL\" data-id=\"https:\/\/pos.uel.br\/filosofiapolitica\/wp-content\/uploads\/2022\/10\/Reest-Esp-Filosofia-Pol-e-Juridica-2019-2-Delib-005-2019.pdf\" target=\"_blank\" rel=\"noreferrer noopener\">Delibera\u00e7\u00e3o_005\/2019-FPJ-Reestrutura\u00e7\u00e3o<\/a><\/p>\n\n\n\n<p class=\"has-small-font-size\">. <a href=\"https:\/\/pos.uel.br\/filosofiapolitica\/wp-content\/uploads\/2022\/10\/Mensalid-Esp-Filosofia-Pol-e-Juridica-2019-Res-CA-30-2019.pdf\" data-type=\"URL\" data-id=\"https:\/\/pos.uel.br\/filosofiapolitica\/wp-content\/uploads\/2022\/10\/Mensalid-Esp-Filosofia-Pol-e-Juridica-2019-Res-CA-30-2019.pdf\" target=\"_blank\" rel=\"noreferrer noopener\">Resolu\u00e7\u00e3o_030\/2019-FPJ-Mensalidade<\/a><\/p>\n\n\n\n<p class=\"has-small-font-size\">.<a href=\"https:\/\/pos.uel.br\/filosofiapolitica\/wp-content\/uploads\/2022\/10\/Vagas-Esp-Filosofia-Pol-e-Juridica-Res-CEPE-28-2019.pdf\" target=\"_blank\" rel=\"noreferrer noopener\"> Resolu\u00e7\u00e3o_028\/2019-FPJ-Vagas<\/a><\/p>\n<\/div>\n\n\n\n<div class=\"wp-block-column is-layout-flow wp-block-column-is-layout-flow\"><div class=\"wp-block-image is-resized is-style-default\">\n<figure class=\"aligncenter\"><img loading=\"lazy\" decoding=\"async\" width=\"795\" height=\"467\" src=\"https:\/\/pos.uel.br\/direitocivil\/wp-content\/uploads\/2022\/09\/ementas.png\" alt=\"\" class=\"wp-image-174\" style=\"width:366px;height:auto\" srcset=\"https:\/\/pos.uel.br\/filosofiapolitica\/wp-content\/uploads\/2022\/09\/ementas.png 795w, https:\/\/pos.uel.br\/filosofiapolitica\/wp-content\/uploads\/2022\/09\/ementas-300x176.png 300w, https:\/\/pos.uel.br\/filosofiapolitica\/wp-content\/uploads\/2022\/09\/ementas-768x451.png 768w\" sizes=\"auto, (max-width: 795px) 100vw, 795px\" \/><figcaption class=\"wp-element-caption\"><strong>EMENTAS<\/strong><\/figcaption><\/figure>\n<\/div><\/div>\n<\/div>\n\n\n\n<hr class=\"wp-block-separator has-text-color has-secondary-accent-color has-alpha-channel-opacity has-secondary-accent-background-color has-background is-style-wide\" \/>\n","protected":false},"excerpt":{"rendered":"<p>Vigente . Delibera\u00e7\u00e3o_005\/2019-FPJ-Reestrutura\u00e7\u00e3o . Resolu\u00e7\u00e3o_009\/2020-FPJ-Mensalidade . Resolu\u00e7\u00e3o_014\/2020-FPJ-Vagas At\u00e9 2019 . Delibera\u00e7\u00e3o_005\/2019-FPJ-Reestrutura\u00e7\u00e3o . Resolu\u00e7\u00e3o_030\/2019-FPJ-Mensalidade . Resolu\u00e7\u00e3o_028\/2019-FPJ-Vagas<\/p>\n","protected":false},"author":7,"featured_media":0,"parent":0,"menu_order":0,"comment_status":"closed","ping_status":"closed","template":"","meta":{"_acf_changed":false,"_themeisle_gutenberg_block_has_review":false,"footnotes":""},"class_list":["post-31","page","type-page","status-publish","hentry"],"acf":[],"_links":{"self":[{"href":"https:\/\/pos.uel.br\/filosofiapolitica\/wp-json\/wp\/v2\/pages\/31","targetHints":{"allow":["GET"]}}],"collection":[{"href":"https:\/\/pos.uel.br\/filosofiapolitica\/wp-json\/wp\/v2\/pages"}],"about":[{"href":"https:\/\/pos.uel.br\/filosofiapolitica\/wp-json\/wp\/v2\/types\/page"}],"author":[{"embeddable":true,"href":"https:\/\/pos.uel.br\/filosofiapolitica\/wp-json\/wp\/v2\/users\/7"}],"replies":[{"embeddable":true,"href":"https:\/\/pos.uel.br\/filosofiapolitica\/wp-json\/wp\/v2\/comments?post=31"}],"version-history":[{"count":10,"href":"https:\/\/pos.uel.br\/filosofiapolitica\/wp-json\/wp\/v2\/pages\/31\/revisions"}],"predecessor-version":[{"id":688,"href":"https:\/\/pos.uel.br\/filosofiapolitica\/wp-json\/wp\/v2\/pages\/31\/revisions\/688"}],"wp:attachment":[{"href":"https:\/\/pos.uel.br\/filosofiapolitica\/wp-json\/wp\/v2\/media?parent=31"}],"curies":[{"name":"wp","href":"https:\/\/api.w.org\/{rel}","templated":true}]}}