{"id":233,"date":"2022-09-06T16:53:23","date_gmt":"2022-09-06T19:53:23","guid":{"rendered":"https:\/\/pos.uel.br\/direitocivil\/?page_id=233"},"modified":"2022-10-13T15:02:20","modified_gmt":"2022-10-13T18:02:20","slug":"insc_2020","status":"publish","type":"page","link":"https:\/\/pos.uel.br\/filosofiapolitica\/inscricoes\/insc_2020\/","title":{"rendered":"Insc_2020"},"content":{"rendered":"\n<p>Situa\u00e7\u00e3o do Processo:&nbsp;&nbsp;&nbsp;<strong>&nbsp;<\/strong><strong>&nbsp;<\/strong>&nbsp;Conclu\u00eddo<strong>&nbsp;<\/strong>&nbsp;&nbsp;&nbsp;&nbsp;&nbsp;Em&nbsp;Andamento&nbsp;&nbsp;&nbsp;&nbsp;&nbsp;<strong>&nbsp;<\/strong><strong>&nbsp;Aguardando<\/strong>&nbsp;&nbsp;&nbsp;<\/p>\n\n\n\n<figure class=\"wp-block-table has-small-font-size\"><table><tbody><tr><td class=\"has-text-align-center\" data-align=\"center\"><strong>DOC.<\/strong><\/td><td><strong>ATIVIDADES<\/strong><\/td><td class=\"has-text-align-center\" data-align=\"center\"><strong>DATA \/PER\u00cdODO DE PUBLICA\u00c7\u00c3O<\/strong><\/td><td class=\"has-text-align-center\" data-align=\"center\"><strong>SITUA\u00c7\u00c3O ATUAL<\/strong><\/td><\/tr><tr><td class=\"has-text-align-center\" data-align=\"center\"><a rel=\"noreferrer noopener\" href=\"http:\/\/www.uel.br\/pos\/filosofiapolitica\/pages\/arquivos\/Comunicados\/edital001_abertura_FPJ_08junho2020.pdf\" target=\"_blank\"><\/a>\u00a0<a rel=\"noreferrer noopener\" href=\"https:\/\/pos.uel.br\/filosofiapolitica\/wp-content\/uploads\/2022\/10\/edital001_abertura_FPJ_08junho2020_2020.pdf\" data-type=\"URL\" data-id=\"https:\/\/pos.uel.br\/filosofiapolitica\/wp-content\/uploads\/2022\/10\/edital001_abertura_FPJ_08junho2020_2020.pdf\" target=\"_blank\"><img loading=\"lazy\" decoding=\"async\" width=\"24\" height=\"21\" src=\"http:\/\/www.uel.br\/pos\/estado\/pages\/arquivos\/Imagens\/paste_red1.jpg\" alt=\"\"><\/a><\/td><td>Edital de Oferta \/ Inscri\u00e7\u00e3o<\/td><td class=\"has-text-align-center\" data-align=\"center\">&nbsp;08\/06\/2020<\/td><td class=\"has-text-align-center\" data-align=\"center\">&nbsp;<\/td><\/tr><tr><td class=\"has-text-align-center\" data-align=\"center\"><a href=\"https:\/\/pos.uel.br\/filosofiapolitica\/wp-content\/uploads\/2022\/10\/edital002_prorrogacao_FPJ_16julho2020_2020.pdf\" data-type=\"URL\" data-id=\"https:\/\/pos.uel.br\/filosofiapolitica\/wp-content\/uploads\/2022\/10\/edital002_prorrogacao_FPJ_16julho2020_2020.pdf\" target=\"_blank\" rel=\"noreferrer noopener\"><img loading=\"lazy\" decoding=\"async\" width=\"24\" height=\"21\" src=\"http:\/\/www.uel.br\/pos\/estado\/pages\/arquivos\/Imagens\/paste_red1.jpg\" alt=\"\"><\/a><a rel=\"noreferrer noopener\" href=\"http:\/\/www.uel.br\/pos\/filosofiapolitica\/pages\/arquivos\/Comunicados\/edital002_prorrogacao_FPJ_16julho2020.pdf\" target=\"_blank\"><\/a><\/td><td>Edital de Prorroga\u00e7\u00e3o<\/td><td class=\"has-text-align-center\" data-align=\"center\">&#8211;&nbsp;<\/td><td class=\"has-text-align-center\" data-align=\"center\">&nbsp;14\/07\/2020&nbsp;<\/td><\/tr><tr><td class=\"has-text-align-center\" data-align=\"center\">&nbsp;&nbsp;<\/td><td>Inscri\u00e7\u00e3o online<\/td><td class=\"has-text-align-center\" data-align=\"center\">&nbsp;10\/06\/2020 a&nbsp;13\/07\/2020&nbsp;<\/td><td class=\"has-text-align-center\" data-align=\"center\">&nbsp;Prorrogado at\u00e9 20\/07\/2020<\/td><\/tr><tr><td class=\"has-text-align-center\" data-align=\"center\">&nbsp;&nbsp;<\/td><td>&nbsp;Entrega de Documentos via e-mail, incluindo comprovante de pagamento e boleto &#8211; mestrados@uel.br&nbsp;<\/td><td class=\"has-text-align-center\" data-align=\"center\">10\/06\/2020 a&nbsp;14\/07\/2020&nbsp;<\/td><td class=\"has-text-align-center\" data-align=\"center\">Prorrogado at\u00e9 21\/07\/2020&nbsp;&nbsp;&nbsp;<\/td><\/tr><tr><td class=\"has-text-align-center\" data-align=\"center\">&nbsp;&nbsp;<\/td><td>Entrega de Documentos pessoalmente ou por terceiros<\/td><td class=\"has-text-align-center\" data-align=\"center\">somente via e-mail<\/td><td class=\"has-text-align-center\" data-align=\"center\">somente via e-mail&nbsp;<\/td><\/tr><tr><td class=\"has-text-align-center\" data-align=\"center\"><a href=\"http:\/\/www.uel.br\/pos\/filosofiapolitica\/pages\/arquivos\/Comunicados\/Filosofia%20Politica%20-%20Comunicado%20selecao%202020-2.pdf\" target=\"_blank\" rel=\"noreferrer noopener\"><\/a>&nbsp;<\/td><td>Comunicado de Sele\u00e7\u00e3o<\/td><td class=\"has-text-align-center\" data-align=\"center\">&nbsp;16\/07\/2020<\/td><td class=\"has-text-align-center\" data-align=\"center\">Alterado para 22\/07\/2020&nbsp;<\/td><\/tr><tr><td class=\"has-text-align-center\" data-align=\"center\">&nbsp;&nbsp;<\/td><td>Sele\u00e7\u00e3o<\/td><td class=\"has-text-align-center\" data-align=\"center\">&nbsp;16\/07\/2020 a 20\/07\/2020<\/td><td class=\"has-text-align-center\" data-align=\"center\">Alterado para 23\/07\/2020&nbsp;<\/td><\/tr><tr><td class=\"has-text-align-center\" data-align=\"center\"><a rel=\"noreferrer noopener\" href=\"http:\/\/www.uel.br\/pos\/filosofiapolitica\/pages\/arquivos\/Comunicados\/FPJ%20-%20Edital%20de%20Resultado%2027jul2020.pdf\" target=\"_blank\"><\/a><a href=\"https:\/\/pos.uel.br\/filosofiapolitica\/wp-content\/uploads\/2022\/10\/FPJ-Edital-de-Resultado-27jul2020_2020.pdf\" data-type=\"URL\" data-id=\"https:\/\/pos.uel.br\/filosofiapolitica\/wp-content\/uploads\/2022\/10\/FPJ-Edital-de-Resultado-27jul2020_2020.pdf\" target=\"_blank\" rel=\"noreferrer noopener\"><img loading=\"lazy\" decoding=\"async\" width=\"24\" height=\"21\" src=\"http:\/\/www.uel.br\/pos\/estado\/pages\/arquivos\/Imagens\/paste_red1.jpg\" alt=\"\"><\/a>\u00a0\u00a0<\/td><td>Edital de Resultado<\/td><td class=\"has-text-align-center\" data-align=\"center\">27\/07\/2020&nbsp;<\/td><td class=\"has-text-align-center\" data-align=\"center\">27\/07\/2020&nbsp;<\/td><\/tr><tr><td class=\"has-text-align-center\" data-align=\"center\"><a href=\"http:\/\/www.uel.br\/pos\/filosofiapolitica\/pages\/arquivos\/Comunicados\/Filosofia%20-%20Comunicado%20de%20Matricula%20-%202020-2.pdf\" target=\"_blank\" rel=\"noreferrer noopener\"><\/a>&nbsp;<\/td><td>Comunicado de Matr\u00edcula<\/td><td class=\"has-text-align-center\" data-align=\"center\">29\/07\/2020&nbsp;<\/td><td class=\"has-text-align-center\" data-align=\"center\">29\/07\/2020&nbsp;<\/td><\/tr><tr><td class=\"has-text-align-center\" data-align=\"center\"><a href=\"http:\/\/www.uel.br\/pos\/filosofiapolitica\/pages\/arquivos\/Comunicados\/Filosofia%20-%20numero%20matricula-2020-2.PDF\" target=\"_blank\" rel=\"noreferrer noopener\"><\/a>&nbsp;&nbsp;<\/td><td>Divulga\u00e7\u00e3o do N\u00famero de Matr\u00edcula<\/td><td class=\"has-text-align-center\" data-align=\"center\">&nbsp;29\/07\/2020<\/td><td class=\"has-text-align-center\" data-align=\"center\">29\/07\/2020&nbsp;<\/td><\/tr><tr><td class=\"has-text-align-center\" data-align=\"center\">&nbsp;&nbsp;<\/td><td>Matr\u00edcula &#8211; Via Web e entrega de documentos pendentes<\/td><td class=\"has-text-align-center\" data-align=\"center\">29\/07\/2020 a 30\/07\/2020&nbsp;<\/td><td class=\"has-text-align-center\" data-align=\"center\">&nbsp;29\/07\/2020 a 30\/07\/2020<\/td><\/tr><tr><td class=\"has-text-align-center\" data-align=\"center\">&nbsp;&nbsp;<\/td><td>Convoca\u00e7\u00e3o de suplente<\/td><td class=\"has-text-align-center\" data-align=\"center\">&nbsp;04\/08\/2020<\/td><td class=\"has-text-align-center\" data-align=\"center\">&nbsp;04\/08\/2020<\/td><\/tr><tr><td class=\"has-text-align-center\" data-align=\"center\">&nbsp;&nbsp;<\/td><td>Matr\u00edcula de suplente<\/td><td class=\"has-text-align-center\" data-align=\"center\">&nbsp;05\/08\/2020<\/td><td class=\"has-text-align-center\" data-align=\"center\">&nbsp;05\/08\/2020<\/td><\/tr><tr><td class=\"has-text-align-center\" data-align=\"center\">&nbsp;&nbsp;<\/td><td>In\u00edcio das Aulas<\/td><td class=\"has-text-align-center\" data-align=\"center\">08\/08\/2020&nbsp;<\/td><td class=\"has-text-align-center\" data-align=\"center\">08\/08\/2020&nbsp;<\/td><\/tr><\/tbody><\/table><\/figure>\n","protected":false},"excerpt":{"rendered":"<p>Situa\u00e7\u00e3o do Processo:&nbsp;&nbsp;&nbsp;&nbsp;&nbsp;&nbsp;Conclu\u00eddo&nbsp;&nbsp;&nbsp;&nbsp;&nbsp;&nbsp;Em&nbsp;Andamento&nbsp;&nbsp;&nbsp;&nbsp;&nbsp;&nbsp;&nbsp;Aguardando&nbsp;&nbsp;&nbsp; DOC. ATIVIDADES DATA \/PER\u00cdODO DE PUBLICA\u00c7\u00c3O SITUA\u00c7\u00c3O ATUAL \u00a0 Edital de Oferta \/ Inscri\u00e7\u00e3o &nbsp;08\/06\/2020 &nbsp; Edital de Prorroga\u00e7\u00e3o &#8211;&nbsp; &nbsp;14\/07\/2020&nbsp; &nbsp;&nbsp; Inscri\u00e7\u00e3o online &nbsp;10\/06\/2020 a&nbsp;13\/07\/2020&nbsp; &nbsp;Prorrogado at\u00e9 20\/07\/2020 &nbsp;&nbsp; &nbsp;Entrega de Documentos via e-mail, incluindo comprovante de pagamento e boleto &#8211; mestrados@uel.br&nbsp; 10\/06\/2020 a&nbsp;14\/07\/2020&nbsp; Prorrogado at\u00e9 21\/07\/2020&nbsp;&nbsp;&nbsp; &nbsp;&nbsp; Entrega de Documentos [&hellip;]<\/p>\n","protected":false},"author":7,"featured_media":0,"parent":59,"menu_order":0,"comment_status":"closed","ping_status":"closed","template":"","meta":{"_acf_changed":false,"_themeisle_gutenberg_block_has_review":false,"footnotes":""},"class_list":["post-233","page","type-page","status-publish","hentry"],"acf":[],"_links":{"self":[{"href":"https:\/\/pos.uel.br\/filosofiapolitica\/wp-json\/wp\/v2\/pages\/233","targetHints":{"allow":["GET"]}}],"collection":[{"href":"https:\/\/pos.uel.br\/filosofiapolitica\/wp-json\/wp\/v2\/pages"}],"about":[{"href":"https:\/\/pos.uel.br\/filosofiapolitica\/wp-json\/wp\/v2\/types\/page"}],"author":[{"embeddable":true,"href":"https:\/\/pos.uel.br\/filosofiapolitica\/wp-json\/wp\/v2\/users\/7"}],"replies":[{"embeddable":true,"href":"https:\/\/pos.uel.br\/filosofiapolitica\/wp-json\/wp\/v2\/comments?post=233"}],"version-history":[{"count":4,"href":"https:\/\/pos.uel.br\/filosofiapolitica\/wp-json\/wp\/v2\/pages\/233\/revisions"}],"predecessor-version":[{"id":500,"href":"https:\/\/pos.uel.br\/filosofiapolitica\/wp-json\/wp\/v2\/pages\/233\/revisions\/500"}],"up":[{"embeddable":true,"href":"https:\/\/pos.uel.br\/filosofiapolitica\/wp-json\/wp\/v2\/pages\/59"}],"wp:attachment":[{"href":"https:\/\/pos.uel.br\/filosofiapolitica\/wp-json\/wp\/v2\/media?parent=233"}],"curies":[{"name":"wp","href":"https:\/\/api.w.org\/{rel}","templated":true}]}}