{"id":94,"date":"2021-05-16T11:47:54","date_gmt":"2021-05-16T14:47:54","guid":{"rendered":"https:\/\/pos.uel.br\/filosofia\/?page_id=94"},"modified":"2025-09-29T15:36:56","modified_gmt":"2025-09-29T18:36:56","slug":"projetos","status":"publish","type":"page","link":"https:\/\/pos.uel.br\/filosofia\/projetos\/","title":{"rendered":"Projetos"},"content":{"rendered":"\n<p><strong>Temas de interesse de orienta\u00e7\u00e3o por docente em resson\u00e2ncia aos seus projetos de pesquisa.<\/strong><\/p>\n\n\n\n<p class=\"has-medium-font-size\"><strong>Aguinaldo Pav\u00e3o<\/strong><\/p>\n\n\n\n<p style=\"font-size:16px\">Temas e problemas preferenciais:<\/p>\n\n\n\n<ul class=\"wp-block-list\">\n<li>O fundamento da moral em Schopenhauer;<\/li>\n\n\n\n<li>Liberdade e responsabilidade moral em Schopenhauer;<\/li>\n\n\n\n<li>Justi\u00e7a e caridade como virtudes em Schopenhauer;<\/li>\n\n\n\n<li>Justi\u00e7a e teoria do direito em Schopenhauer;<\/li>\n\n\n\n<li>Doutrina da sabedoria, sentido da exist\u00eancia, metafisica do amor e metaf\u00edsica da morte em Schopenhauer;<\/li>\n\n\n\n<li>A filosofia moral de Schopenhauer e sua rela\u00e7\u00e3o com a filosofia moral de Kant;<\/li>\n\n\n\n<li>As rela\u00e7\u00f5es entre a filosofia jur\u00eddica e pol\u00edtica de Kant com a filosofia pol\u00edtica de Rawls.<\/li>\n<\/ul>\n\n\n\n<div style=\"height:24px\" aria-hidden=\"true\" class=\"wp-block-spacer\"><\/div>\n\n\n\n<p class=\"has-medium-font-size\"><strong>Arlei de Esp\u00edndola<\/strong><\/p>\n\n\n\n<p style=\"font-size:16px\">Temas e problemas preferenciais:<\/p>\n\n\n\n<ul class=\"wp-block-list\">\n<li>O pensamento \u00e9tico, pol\u00edtico e pedag\u00f3gico de Rousseau<\/li>\n\n\n\n<li>Rousseau e suas fontes de leitura no pensamento antigo<\/li>\n\n\n\n<li>Filosofia jusnaturalista moderna: Hobbes, Locke e Rousseau<\/li>\n\n\n\n<li>Rousseau e Montaigne (enquanto fonte de leitura)<\/li>\n\n\n\n<li>Interlocu\u00e7\u00f5es e conex\u00f5es entre Feuerbach, Marx e Rousseau<\/li>\n\n\n\n<li>Recep\u00e7\u00e3o contempor\u00e2nea do pensamento pol\u00edtico de Rousseau<\/li>\n<\/ul>\n\n\n\n<p><strong>Autores de interesse<\/strong>: Rousseau; Hobbes; Locke; Feuerbach; Marx.<\/p>\n\n\n\n<div style=\"height:24px\" aria-hidden=\"true\" class=\"wp-block-spacer\"><\/div>\n\n\n\n<p class=\"has-medium-font-size\"><strong>Andrea Cachel <\/strong><\/p>\n\n\n\n<p>Temas e problemas preferenciais:<\/p>\n\n\n\n<ul class=\"wp-block-list\">\n<li>Est\u00e9tica moderna e contempor\u00e2nea (Burke, Hume, Diderot, Kant, Baudelaire, Deleuze, Blanchot,\u00a0Didi-Huberman,\u00a0Martha Nussbaum)\u00a0<\/li>\n\n\n\n<li>Filosofia do cinema e da fotografia (Andr\u00e9 Bazin, Cavell, Susan Sontag, Deleuze, Blanchot)<\/li>\n\n\n\n<li>Ceticismo, empirismo e naturalismo (Sexto Emp\u00edrico, Montaigne, Locke, Berkeley e Hume)<\/li>\n\n\n\n<li>Subjetividade na modernidade (Descartes\/ Hobbes- teoria das paix\u00f5es; Hume- natureza humana: raz\u00e3o e paix\u00f5es)<\/li>\n\n\n\n<li>Liberalismo cl\u00e1ssico e natureza humana (Burke, Hume e Adam Smith)<\/li>\n\n\n\n<li>Mulheres na Filosofia (\u00c9milie du Ch\u00e2telet, Margaret\u00a0Cavendish, Simone de Beauvoir, Nussbaum, Susan Sontag)<\/li>\n<\/ul>\n\n\n\n<p><\/p>\n\n\n\n<p class=\"has-medium-font-size\"><strong>Andrea Faggion<\/strong><\/p>\n\n\n\n<p>Temas e problemas preferenciais:<\/p>\n\n\n\n<ul class=\"wp-block-list\">\n<li>Rela\u00e7\u00e3o entre direito e moralidade<\/li>\n\n\n\n<li>Racioc\u00ednio pr\u00e1tico e argumenta\u00e7\u00e3o jur\u00eddica<\/li>\n\n\n\n<li>A natureza da norma jur\u00eddica<\/li>\n\n\n\n<li>Coordena\u00e7\u00e3o e conven\u00e7\u00f5es sociais<\/li>\n\n\n\n<li>Moralidade pol\u00edtica: legitimidade da autoridade pol\u00edtica\/obriga\u00e7\u00e3o moral de obedi\u00eancia a leis positivas<\/li>\n\n\n\n<li>Teorias liberais da justi\u00e7a<\/li>\n\n\n\n<li>Valor moral<\/li>\n<\/ul>\n\n\n\n<p><strong>Autores preferenciais:<\/strong> Robert Nozick, Herbert L. A. Hart, John Finnis, Joseph Raz, Neil MacCormick e Ronald Dworkin, dentre outros, preferencialmente, pertencentes \u00e0 tradi\u00e7\u00e3o filos\u00f3fica anglo-americana.<\/p>\n\n\n\n<div style=\"height:24px\" aria-hidden=\"true\" class=\"wp-block-spacer\"><\/div>\n\n\n\n<p class=\"has-medium-font-size\"><strong>Charles Feldhaus<\/strong><\/p>\n\n\n\n<p>Temas e problemas preferenciais e autores:<\/p>\n\n\n\n<ul class=\"wp-block-list\">\n<li>Filosofia moral contempor\u00e2nea (Jurgen Habermas, John Rawls, Peter Singer, Richard Hare, Allan Gibbard)<\/li>\n\n\n\n<li>Teorias normativas:&nbsp; contratualismo moral (Rawls), concep\u00e7\u00e3o \u00e9tico discursiva (Habermas), \u00e9tica utilitarista (Singer e Hare);<\/li>\n\n\n\n<li>Teorias meta\u00e9ticas: expressivismo de normas (Gibbard), cognitivismo sem realismo (Habermas).<\/li>\n\n\n\n<li>\u00c9tica aplicada: bio\u00e9tica (Habermas, Singer, Hare).<\/li>\n\n\n\n<li>Filosofia pol\u00edtica contempor\u00e2nea (Jurgen Habermas, John Rawls, Axel Honneth)<\/li>\n\n\n\n<li>Teorias da justi\u00e7a social com \u00eanfase na discuss\u00e3o da quest\u00e3o a respeito do ponto da igualdade: utilitarismo (bem-estar), Rawls (bens prim\u00e1rios), Dworkin (recursos), Sen e Nussbaum (capacidades); Honneth (reconhecimento), Fraser (redistribui\u00e7\u00e3o e reconhecimento);<\/li>\n\n\n\n<li>Teorias normativas do estado de direito e da democracia: paradigma procedimentalista do direito (Habermas), liberalismo pol\u00edtico (Rawls), paradigma do reconhecimento (Honneth).&nbsp;<\/li>\n<\/ul>\n\n\n\n<div style=\"height:24px\" aria-hidden=\"true\" class=\"wp-block-spacer\"><\/div>\n\n\n\n<p class=\"has-medium-font-size\"><strong>Eder Soares Santos<\/strong><\/p>\n\n\n\n<p>Temas e problemas preferenciais:<\/p>\n\n\n\n<ul class=\"wp-block-list\">\n<li>Ontologia em Heidegger<\/li>\n\n\n\n<li>Ontologia na psican\u00e1lise<\/li>\n\n\n\n<li>Teoria do amadurecimento pessoal de Winnicott<\/li>\n\n\n\n<li>Paradigmas da psican\u00e1lise<\/li>\n\n\n\n<li>Enativismo<\/li>\n\n\n\n<li>Di\u00e1logo ocidente e oriente na filosofia<\/li>\n<\/ul>\n\n\n\n<div style=\"height:24px\" aria-hidden=\"true\" class=\"wp-block-spacer\"><\/div>\n\n\n\n<p class=\"has-medium-font-size\"><strong>F\u00e1bio C\u00e9sar Scherer<\/strong><\/p>\n\n\n\n<p>Temas e problemas preferenciais:<\/p>\n\n\n\n<ul class=\"wp-block-list\">\n<li>M\u00e9todo de an\u00e1lise e s\u00edntese<\/li>\n\n\n\n<li>Teoria do conhecimento e heur\u00edstica<\/li>\n\n\n\n<li>Filosofia do direito e pol\u00edtica<\/li>\n\n\n\n<li>Filosofia da hist\u00f3ria<\/li>\n\n\n\n<li>Filosofia moral<\/li>\n\n\n\n<li>Neokantismo da escola de Marburgo<\/li>\n\n\n\n<li>Concep\u00e7\u00f5es de justi\u00e7a social<\/li>\n<\/ul>\n\n\n\n<p><strong>Autores preferenciais:<\/strong><\/p>\n\n\n\n<p>Descartes, Leibniz, Wolff, Rousseau, Kant, Hegel, Marx, John Stuart Mill, Friedrich Lange, Hermann Cohen, Rodolf Stammler, Paul Natorp, Ernst Cassirer e Leonard Nelson,dentre outros, preferencialmente relacionados com a tem\u00e1tica da&nbsp;justi\u00e7a social ou&nbsp;do m\u00e9todo de an\u00e1lise e s\u00edntese.<\/p>\n\n\n\n<div style=\"height:24px\" aria-hidden=\"true\" class=\"wp-block-spacer\"><\/div>\n\n\n\n<p class=\"has-medium-font-size\"><strong>Gelson Liston<\/strong><\/p>\n\n\n\n<p>Temas e problemas preferenciais e autores:<\/p>\n\n\n\n<ul class=\"wp-block-list\">\n<li>Positivismo L\u00f3gico: Carnap, Neurath, Friedman.<\/li>\n\n\n\n<li>Racionalismo Cr\u00edtico: Popper.<\/li>\n\n\n\n<li>Anarquismo Epistemol\u00f3gico e Racionalidade Cient\u00edfica: Feyerabend.<\/li>\n<\/ul>\n\n\n\n<div style=\"height:24px\" aria-hidden=\"true\" class=\"wp-block-spacer\"><\/div>\n\n\n\n<p class=\"has-medium-font-size\"><strong>Jos\u00e9 Fernandes&nbsp;Weber<\/strong><\/p>\n\n\n\n<p>Temas preferenciais e autores de interesse para orienta\u00e7\u00e3o:<\/p>\n\n\n\n<ul class=\"wp-block-list\">\n<li>Jogo (Nietzsche, Fink, Gadamer);<\/li>\n\n\n\n<li>Imagina\u00e7\u00e3o\/Imagem (Fichte, Husserl, Fink, Bachelard, Flusser, Simondon);<\/li>\n\n\n\n<li>Filosofia da t\u00e9cnica (Heidegger, Simondon, Flusser, Sloterdijk);<\/li>\n\n\n\n<li>Est\u00e9tica\/Filosofia da Arte\/Tr\u00e1gico (Romantismo alem\u00e3o, Schopenhauer, Nietzsche, Heidegger, Nelson Rodrigues);<\/li>\n\n\n\n<li>Niilismo\/Metaf\u00edsica\/Religi\u00e3o (Schopenhauer, Dostoievski, Nietzsche, Heidegger);<\/li>\n\n\n\n<li>Constitui\u00e7\u00e3o do humano \/ Rela\u00e7\u00e3o humano-animal \/ Corpo (Schopenhauer, Nietzsche, Heidegger, Merleau-Ponty, Sloterdijk);<\/li>\n\n\n\n<li>Forma\u00e7\u00e3o (Bildung)\/Educa\u00e7\u00e3o enquanto problema filos\u00f3fico (Nietzsche, Classicismo e Romantismo, H\u00f6lderlin, Fink);<\/li>\n\n\n\n<li>Sabedoria de vida, arte de viver, experimenta\u00e7\u00e3o, cuidado e exerc\u00edcio \u2013 Abordagens contempor\u00e2neas do \u201ccuidado de si\u201d (Schopenhauer, Nietzsche, Heidegger, Foucault, Sloterdijk).<\/li>\n<\/ul>\n\n\n\n<div style=\"height:24px\" aria-hidden=\"true\" class=\"wp-block-spacer\"><\/div>\n\n\n\n<p class=\"has-medium-font-size\"><strong>Marcos Nalli<\/strong><\/p>\n\n\n\n<p>Temas e problemas preferenciais:<\/p>\n\n\n\n<ul class=\"wp-block-list\">\n<li>Biopol\u00edtica e temas correlatos;<\/li>\n\n\n\n<li>Estruturalismo e P\u00f3s-Estruturalismo;<\/li>\n\n\n\n<li>A interface entre Estruturalismo e Fenomenologia<\/li>\n\n\n\n<li>Temas de hist\u00f3ria das ci\u00eancias e tecnologias: evolucionismo, gen\u00e9tica, eugenia, biotecnologia e nanotecnologia;<\/li>\n\n\n\n<li>Filosofia da T\u00e9cnica<\/li>\n<\/ul>\n\n\n\n<p><strong>Autores de interesse:<\/strong><\/p>\n\n\n\n<p>Michel Foucault; Giorgio Agamben; Roberto Esposito; Edmund Husserl; Paul Ricouer; Gilbert Simondon; Gilles Deleuze; Jacques Derrida<\/p>\n\n\n\n<div style=\"height:24px\" aria-hidden=\"true\" class=\"wp-block-spacer\"><\/div>\n\n\n\n<p class=\"has-medium-font-size\"><strong>Marcos Rodrigues<\/strong><\/p>\n\n\n\n<p>Temas e problemas preferenciais:<\/p>\n\n\n\n<ul class=\"wp-block-list\">\n<li>Enfoques historiogr\u00e1fico e s\u00f3cio-construtivista em hist\u00f3ria e filosofia da ci\u00eancia;<\/li>\n\n\n\n<li>Argumento realista da infer\u00eancia da melhor explica\u00e7\u00e3o e suas cr\u00edticas;<\/li>\n\n\n\n<li>Hist\u00f3ria da ci\u00eancia dos seguintes epis\u00f3dios:\n<ul class=\"wp-block-list\">\n<li>Problemas sobre a hereditariedade no s\u00e9culo XIX;<\/li>\n\n\n\n<li>O nascimento e desenvolvimento da gen\u00e9tica moderna;<\/li>\n\n\n\n<li>Ignaz Semmelweis e a febre puerperal<\/li>\n\n\n\n<li>Evolucionismo darwinista;<\/li>\n\n\n\n<li>A controv\u00e9rsia da gera\u00e7\u00e3o espont\u00e2nea;<\/li>\n\n\n\n<li>A constru\u00e7\u00e3o e a aceita\u00e7\u00e3o do modelo da dupla h\u00e9lice do DNA.<\/li>\n<\/ul>\n<\/li>\n<\/ul>\n\n\n\n<p><strong>Autores de interesse:<\/strong><\/p>\n\n\n\n<p>Thomas Kuhn \/ Larry Laudan \/ Bruno Latour \/ David Bloor \/ Alexander Bird \/ Paul Thagard<\/p>\n\n\n\n<div style=\"height:24px\" aria-hidden=\"true\" class=\"wp-block-spacer\"><\/div>\n\n\n\n<p class=\"has-medium-font-size\"><strong>Maria Cristina M\u00fcller<\/strong><\/p>\n\n\n\n<p>Temas e problemas preferenciais:<\/p>\n\n\n\n<ul class=\"wp-block-list\">\n<li>Filosofia Pol\u00edtica;<\/li>\n\n\n\n<li>\u00c9tica;<\/li>\n\n\n\n<li>Filosofia Contempor\u00e2nea;<\/li>\n\n\n\n<li>Direitos humanos.<\/li>\n<\/ul>\n\n\n\n<p><strong>Autores de interesse:<\/strong><\/p>\n\n\n\n<p>1- Todos os temas e discuss\u00f5es da obra de Hannah Arendt; 2- Interlocu\u00e7\u00f5es com a obra de Hannah Arendt; Alguns temas e aspectos das obras de Giorgio Agamben, Escola de Frankfurt e Immanuel Kant.<\/p>\n\n\n\n<div style=\"height:24px\" aria-hidden=\"true\" class=\"wp-block-spacer\"><\/div>\n\n\n\n<p class=\"has-medium-font-size\"><strong>Mirian Donat<\/strong><\/p>\n\n\n\n<p>Temas e problemas preferenciais:<\/p>\n\n\n\n<ul class=\"wp-block-list\">\n<li>Filosofia da linguagem;<\/li>\n\n\n\n<li>Filosofia da Psicologia;<\/li>\n\n\n\n<li>\u00c9tica;<\/li>\n\n\n\n<li>Subjetividade.<\/li>\n<\/ul>\n\n\n\n<p><strong>Autores de interesse:<\/strong><\/p>\n\n\n\n<p>Autores da filosofia da linguagem e da filosofia anal\u00edtica contempor\u00e2nea, especialmente Wittgenstein.<\/p>\n\n\n\n<div style=\"height:24px\" aria-hidden=\"true\" class=\"wp-block-spacer\"><\/div>\n\n\n\n<p class=\"has-medium-font-size\"><strong>Rodrigo Cumpre Rabelo<\/strong><\/p>\n\n\n\n<p>Temas e problemas preferenciais<\/p>\n\n\n\n<ul class=\"wp-block-list\">\n<li>Filosofia da Arte\/Est\u00e9tica filos\u00f3fica;<\/li>\n\n\n\n<li>Antropologia filos\u00f3fica;<\/li>\n\n\n\n<li>Filosofia cr\u00edtica marxista;<\/li>\n\n\n\n<li>Rela\u00e7\u00f5es entre Est\u00e9tica e Ontologia;<\/li>\n\n\n\n<li>Est\u00e9tica marxista.<\/li>\n<\/ul>\n","protected":false},"excerpt":{"rendered":"<p>Temas de interesse de orienta\u00e7\u00e3o por docente em resson\u00e2ncia aos seus projetos de pesquisa. Aguinaldo Pav\u00e3o Temas e problemas preferenciais: Arlei de Esp\u00edndola Temas e problemas preferenciais: Autores de interesse: Rousseau; Hobbes; Locke; Feuerbach; Marx. Andrea Cachel Temas e problemas preferenciais: Andrea Faggion Temas e problemas preferenciais: Autores preferenciais: Robert Nozick, Herbert L. A. Hart, [&hellip;]<\/p>\n","protected":false},"author":16,"featured_media":0,"parent":0,"menu_order":0,"comment_status":"closed","ping_status":"closed","template":"","meta":{"footnotes":""},"class_list":["post-94","page","type-page","status-publish","hentry"],"_links":{"self":[{"href":"https:\/\/pos.uel.br\/filosofia\/wp-json\/wp\/v2\/pages\/94","targetHints":{"allow":["GET"]}}],"collection":[{"href":"https:\/\/pos.uel.br\/filosofia\/wp-json\/wp\/v2\/pages"}],"about":[{"href":"https:\/\/pos.uel.br\/filosofia\/wp-json\/wp\/v2\/types\/page"}],"author":[{"embeddable":true,"href":"https:\/\/pos.uel.br\/filosofia\/wp-json\/wp\/v2\/users\/16"}],"replies":[{"embeddable":true,"href":"https:\/\/pos.uel.br\/filosofia\/wp-json\/wp\/v2\/comments?post=94"}],"version-history":[{"count":9,"href":"https:\/\/pos.uel.br\/filosofia\/wp-json\/wp\/v2\/pages\/94\/revisions"}],"predecessor-version":[{"id":1985,"href":"https:\/\/pos.uel.br\/filosofia\/wp-json\/wp\/v2\/pages\/94\/revisions\/1985"}],"wp:attachment":[{"href":"https:\/\/pos.uel.br\/filosofia\/wp-json\/wp\/v2\/media?parent=94"}],"curies":[{"name":"wp","href":"https:\/\/api.w.org\/{rel}","templated":true}]}}