{"id":78,"date":"2021-04-28T09:36:06","date_gmt":"2021-04-28T12:36:06","guid":{"rendered":"https:\/\/pos.uel.br\/filosofia\/?page_id=78"},"modified":"2023-06-30T13:23:21","modified_gmt":"2023-06-30T16:23:21","slug":"estudante-especial","status":"publish","type":"page","link":"https:\/\/pos.uel.br\/filosofia\/estudante-especial\/","title":{"rendered":"Estudante especial"},"content":{"rendered":"\n<p><strong>EDITAL PPGFIL N. 11\/2023 \u2013 PROCESSO SELETIVO \u2013 ESTUDANTES ESPECIAIS 2023\/2<\/strong><\/p>\n\n\n\n<div data-wp-interactive=\"core\/file\" class=\"wp-block-file\"><object data-wp-bind--hidden=\"!state.hasPdfPreview\" hidden class=\"wp-block-file__embed\" data=\"https:\/\/pos.uel.br\/filosofia\/wp-content\/uploads\/2023\/06\/1-Edital_11_2023-Oferta-Estudante-Especial-PPGFIL-2023_2.pdf\" type=\"application\/pdf\" style=\"width:100%;height:600px\" aria-label=\"Incorporado de 1-Edital_11_2023-Oferta-Estudante-Especial-PPGFIL-2023_2.\"><\/object><a id=\"wp-block-file--media-4f18f1b1-82d0-4842-897f-8319e406a58d\" href=\"https:\/\/pos.uel.br\/filosofia\/wp-content\/uploads\/2023\/06\/1-Edital_11_2023-Oferta-Estudante-Especial-PPGFIL-2023_2.pdf\">1-Edital_11_2023-Oferta-Estudante-Especial-PPGFIL-2023_2<\/a><a href=\"https:\/\/pos.uel.br\/filosofia\/wp-content\/uploads\/2023\/06\/1-Edital_11_2023-Oferta-Estudante-Especial-PPGFIL-2023_2.pdf\" class=\"wp-block-file__button wp-element-button\" download aria-describedby=\"wp-block-file--media-4f18f1b1-82d0-4842-897f-8319e406a58d\">Baixar<\/a><\/div>\n\n\n\n<p><strong>Quadro de oferta de disciplinas \u2013 Segundo per\u00edodo letivo de 2023<\/strong><\/p>\n\n\n\n<p>Ao realizar a matr\u00edcula observar que a maioria das disciplinas ser\u00e3o presenciais com exce\u00e7\u00e3o da disciplina 2 FIL 266 que ser\u00e1 totalmente on-line s\u00edncrona. Verifique as disciplinas, professores e hor\u00e1rios no quadro a seguir:<\/p>\n\n\n\n<div data-wp-interactive=\"core\/file\" class=\"wp-block-file\"><object data-wp-bind--hidden=\"!state.hasPdfPreview\" hidden class=\"wp-block-file__embed\" data=\"https:\/\/pos.uel.br\/filosofia\/wp-content\/uploads\/2023\/06\/Oferta-Disciplinas-Estudante-Especial-PPGFIL-2023_2.pdf\" type=\"application\/pdf\" style=\"width:100%;height:600px\" aria-label=\"Incorporado de Oferta-Disciplinas-Estudante-Especial-PPGFIL-2023_2.\"><\/object><a id=\"wp-block-file--media-33c503aa-f547-49eb-869c-c077e59d0d18\" href=\"https:\/\/pos.uel.br\/filosofia\/wp-content\/uploads\/2023\/06\/Oferta-Disciplinas-Estudante-Especial-PPGFIL-2023_2.pdf\">Oferta-Disciplinas-Estudante-Especial-PPGFIL-2023_2<\/a><a href=\"https:\/\/pos.uel.br\/filosofia\/wp-content\/uploads\/2023\/06\/Oferta-Disciplinas-Estudante-Especial-PPGFIL-2023_2.pdf\" class=\"wp-block-file__button wp-element-button\" download aria-describedby=\"wp-block-file--media-33c503aa-f547-49eb-869c-c077e59d0d18\">Baixar<\/a><\/div>\n\n\n\n<p><\/p>\n\n\n\n<p><\/p>\n","protected":false},"excerpt":{"rendered":"<p>EDITAL PPGFIL N. 11\/2023 \u2013 PROCESSO SELETIVO \u2013 ESTUDANTES ESPECIAIS 2023\/2 Quadro de oferta de disciplinas \u2013 Segundo per\u00edodo letivo de 2023 Ao realizar a matr\u00edcula observar que a maioria das disciplinas ser\u00e3o presenciais com exce\u00e7\u00e3o da disciplina 2 FIL 266 que ser\u00e1 totalmente on-line s\u00edncrona. Verifique as disciplinas, professores e hor\u00e1rios no quadro a [&hellip;]<\/p>\n","protected":false},"author":8,"featured_media":0,"parent":0,"menu_order":0,"comment_status":"closed","ping_status":"closed","template":"","meta":{"footnotes":""},"class_list":["post-78","page","type-page","status-publish","hentry"],"_links":{"self":[{"href":"https:\/\/pos.uel.br\/filosofia\/wp-json\/wp\/v2\/pages\/78","targetHints":{"allow":["GET"]}}],"collection":[{"href":"https:\/\/pos.uel.br\/filosofia\/wp-json\/wp\/v2\/pages"}],"about":[{"href":"https:\/\/pos.uel.br\/filosofia\/wp-json\/wp\/v2\/types\/page"}],"author":[{"embeddable":true,"href":"https:\/\/pos.uel.br\/filosofia\/wp-json\/wp\/v2\/users\/8"}],"replies":[{"embeddable":true,"href":"https:\/\/pos.uel.br\/filosofia\/wp-json\/wp\/v2\/comments?post=78"}],"version-history":[{"count":14,"href":"https:\/\/pos.uel.br\/filosofia\/wp-json\/wp\/v2\/pages\/78\/revisions"}],"predecessor-version":[{"id":1218,"href":"https:\/\/pos.uel.br\/filosofia\/wp-json\/wp\/v2\/pages\/78\/revisions\/1218"}],"wp:attachment":[{"href":"https:\/\/pos.uel.br\/filosofia\/wp-json\/wp\/v2\/media?parent=78"}],"curies":[{"name":"wp","href":"https:\/\/api.w.org\/{rel}","templated":true}]}}

<p><strong>EDITAL PPGFIL N. 11/2023 – PROCESSO SELETIVO – ESTUDANTES ESPECIAIS 2023/2</strong></p>



<div data-wp-interactive="core/file" class="wp-block-file"><object data-wp-bind--hidden="!state.hasPdfPreview" hidden class="wp-block-file__embed" data="https://pos.uel.br/filosofia/wp-content/uploads/2023/06/1-Edital_11_2023-Oferta-Estudante-Especial-PPGFIL-2023_2.pdf" type="application/pdf" style="width:100%;height:600px" aria-label="Incorporado de 1-Edital_11_2023-Oferta-Estudante-Especial-PPGFIL-2023_2."></object><a id="wp-block-file--media-4f18f1b1-82d0-4842-897f-8319e406a58d" href="https://pos.uel.br/filosofia/wp-content/uploads/2023/06/1-Edital_11_2023-Oferta-Estudante-Especial-PPGFIL-2023_2.pdf">1-Edital_11_2023-Oferta-Estudante-Especial-PPGFIL-2023_2</a><a href="https://pos.uel.br/filosofia/wp-content/uploads/2023/06/1-Edital_11_2023-Oferta-Estudante-Especial-PPGFIL-2023_2.pdf" class="wp-block-file__button wp-element-button" download aria-describedby="wp-block-file--media-4f18f1b1-82d0-4842-897f-8319e406a58d">Baixar</a></div>



<p><strong>Quadro de oferta de disciplinas – Segundo período letivo de 2023</strong></p>



<p>Ao realizar a matrícula observar que a maioria das disciplinas serão presenciais com exceção da disciplina 2 FIL 266 que será totalmente on-line síncrona. Verifique as disciplinas, professores e horários no quadro a seguir:</p>



<div data-wp-interactive="core/file" class="wp-block-file"><object data-wp-bind--hidden="!state.hasPdfPreview" hidden class="wp-block-file__embed" data="https://pos.uel.br/filosofia/wp-content/uploads/2023/06/Oferta-Disciplinas-Estudante-Especial-PPGFIL-2023_2.pdf" type="application/pdf" style="width:100%;height:600px" aria-label="Incorporado de Oferta-Disciplinas-Estudante-Especial-PPGFIL-2023_2."></object><a id="wp-block-file--media-33c503aa-f547-49eb-869c-c077e59d0d18" href="https://pos.uel.br/filosofia/wp-content/uploads/2023/06/Oferta-Disciplinas-Estudante-Especial-PPGFIL-2023_2.pdf">Oferta-Disciplinas-Estudante-Especial-PPGFIL-2023_2</a><a href="https://pos.uel.br/filosofia/wp-content/uploads/2023/06/Oferta-Disciplinas-Estudante-Especial-PPGFIL-2023_2.pdf" class="wp-block-file__button wp-element-button" download aria-describedby="wp-block-file--media-33c503aa-f547-49eb-869c-c077e59d0d18">Baixar</a></div>



<p></p>



<p></p>

<p>EDITAL PPGFIL N. 11/2023 – PROCESSO SELETIVO – ESTUDANTES ESPECIAIS 2023/2 Quadro de oferta de disciplinas – Segundo período letivo de 2023 Ao realizar a matrícula observar que a maioria das disciplinas serão presenciais com exceção da disciplina 2 FIL 266 que será totalmente on-line síncrona. Verifique as disciplinas, professores e horários no quadro a [&hellip;]</p>
