{"id":36,"date":"2021-04-27T14:56:46","date_gmt":"2021-04-27T17:56:46","guid":{"rendered":"https:\/\/pos.uel.br\/filosofia\/?page_id=36"},"modified":"2023-05-31T17:57:51","modified_gmt":"2023-05-31T20:57:51","slug":"estrutura-curricular-2","status":"publish","type":"page","link":"https:\/\/pos.uel.br\/filosofia\/estrutura-curricular-2\/","title":{"rendered":"Estrutura curricular"},"content":{"rendered":"\n<figure class=\"wp-block-table\"><table><tbody><tr><td>&nbsp;<\/td><td>Para conclus\u00e3o do curso de<strong> Doutorado <\/strong>o estudante dever\u00e1 completar a carga hor\u00e1ria e os cr\u00e9ditos distribu\u00eddos da forma descrita nos par\u00e1grafos abaixo: &nbsp; Para o Doutorado o estudante dever\u00e1 completar 198 (cento e noventa e oito) cr\u00e9ditos correspondentes a 2.970 (duas mil, novecentas e setenta) horas, assim distribu\u00eddos: &nbsp; 16 (dezesseis) cr\u00e9ditos em disciplinas obrigat\u00f3rias;8 (oito) cr\u00e9ditos em disciplinas eletivas;174 (cento e setenta e quatro) cr\u00e9ditos em Tese.<\/td><\/tr><\/tbody><\/table><\/figure>\n\n\n\n<figure class=\"wp-block-table\"><table><tbody><tr><td>&nbsp;<\/td><td>Os estudantes de <strong>Doutorado<\/strong> contemplados com bolsa da CAPES\/Programa Demanda Social dever\u00e3o cumprir, ainda, 4 (quatro) cr\u00e9ditos referentes aos Est\u00e1gios de Doc\u00eancia na Gradua\u00e7\u00e3o I e II, que ser\u00e3o computados para integralizar as disciplinas optativas.<\/td><\/tr><\/tbody><\/table><\/figure>\n\n\n\n<figure class=\"wp-block-table\"><table><tbody><tr><td>&nbsp;<\/td><td>O Programa obedecer\u00e1 \u00e0 seguinte organiza\u00e7\u00e3o curricular:<\/td><\/tr><\/tbody><\/table><\/figure>\n\n\n\n<p><strong>A) DISCIPLINAS OBRIGAT\u00d3RIAS PARA O CURSO DE DOUTORADO (exigem-se 16 cr\u00e9ditos)<\/strong><\/p>\n\n\n\n<p><strong>A.1) Linha: Conhecimento e Subjetividade<\/strong><\/p>\n\n\n\n<figure class=\"wp-block-table\"><table><tbody><tr><td>2 FIL 296 &nbsp;&#8211;<\/td><td>Semin\u00e1rio Avan\u00e7ado de Pesquisa e Tese I<\/td><td>4 cr<\/td><td>60 h<\/td><\/tr><tr><td>2 FIL 297 &nbsp;&#8211;<\/td><td>Semin\u00e1rio Avan\u00e7ado de Pesquisa e Tese II<\/td><td>4 cr<\/td><td>60 h<\/td><\/tr><tr><td>2 FIL 298 &nbsp;&#8211;<\/td><td>Pr\u00e1tica e Nuclea\u00e7\u00e3o em Pesquisa I<\/td><td>4 cr<\/td><td>60 h<\/td><\/tr><tr><td>2 FIL 299 &nbsp;&#8211;<\/td><td>Pr\u00e1tica e Nuclea\u00e7\u00e3o em Pesquisa II<\/td><td>4 cr<\/td><td>60 h<\/td><\/tr><\/tbody><\/table><\/figure>\n\n\n\n<p><strong>A.2) Linha: \u00c9tica e Filosofia Pol\u00edtica<\/strong><\/p>\n\n\n\n<figure class=\"wp-block-table\"><table><tbody><tr><td>2 FIL 300 &nbsp;&#8211;<\/td><td>Semin\u00e1rio Avan\u00e7ado de Pesquisa e Tese I<\/td><td>4 cr<\/td><td>60 h<\/td><\/tr><tr><td>2 FIL 301 &nbsp;&#8211;<\/td><td>Semin\u00e1rio Avan\u00e7ado de Pesquisa e Tese II<\/td><td>4 cr<\/td><td>60 h<\/td><\/tr><tr><td>2 FIL 302 &nbsp;&#8211;<\/td><td>Pr\u00e1tica e Nuclea\u00e7\u00e3o em Pesquisa I<\/td><td>4 cr<\/td><td>60 h<\/td><\/tr><tr><td>2 FIL 303 &nbsp;&#8211;<\/td><td>Pr\u00e1tica e Nuclea\u00e7\u00e3o em Pesquisa II<\/td><td>4 cr<\/td><td>60 h<\/td><\/tr><\/tbody><\/table><\/figure>\n\n\n\n<p><strong>B) DISCIPLINAS ELETIVAS PARA O CURSO DE DOUTORADO (exigem-se 8 cr\u00e9ditos)<\/strong><\/p>\n\n\n\n<p><strong>B.1) Linha: Conhecimento e Subjetividade<\/strong><\/p>\n\n\n\n<figure class=\"wp-block-table\"><table><tbody><tr><td>2 FIL 239 &nbsp;&#8211;<\/td><td>Conhecimento I<\/td><td>4 cr<\/td><td>60 h<\/td><\/tr><tr><td>2 FIL 240 &nbsp;&#8211;<\/td><td>Conhecimento II<\/td><td>4 cr<\/td><td>60 h<\/td><\/tr><tr><td>2 FIL 241 &nbsp;&#8211;<\/td><td>Subjetividade I<\/td><td>4 cr<\/td><td>60 h<\/td><\/tr><tr><td>2 FIL 242 &nbsp;&#8211;<\/td><td>Subjetividade II<\/td><td>4 cr<\/td><td>60 h<\/td><\/tr><\/tbody><\/table><\/figure>\n\n\n\n<p><strong>B.2) Linha: \u00c9tica e Filosofia Pol\u00edtica<\/strong><\/p>\n\n\n\n<figure class=\"wp-block-table\"><table><tbody><tr><td>2 FIL 243 &nbsp;&#8211;<\/td><td>\u00c9tica I<\/td><td>4 cr<\/td><td>60 h<\/td><\/tr><tr><td>2 FIL 244 &nbsp;&#8211;<\/td><td>\u00c9tica II<\/td><td>4 cr<\/td><td>60 h<\/td><\/tr><tr><td>2 FIL 245 &nbsp;&#8211;<\/td><td>Filosofia Pol\u00edtica I<\/td><td>4 cr<\/td><td>60 h<\/td><\/tr><tr><td>2 FIL 246 &nbsp;&#8211;<\/td><td>Filosofia Pol\u00edtica II<\/td><td>4 cr<\/td><td>60 h<\/td><\/tr><\/tbody><\/table><\/figure>\n\n\n\n<p><strong>B.3)&nbsp; T\u00f3picos Especiais (comum as duas linhas)<\/strong><\/p>\n\n\n\n<figure class=\"wp-block-table\"><table><tbody><tr><td>2 FIL 247&nbsp;&nbsp;&nbsp;&nbsp;&nbsp;&nbsp;&nbsp;&nbsp; &nbsp;&nbsp;&nbsp;&nbsp; a&nbsp;&nbsp;&nbsp;&nbsp;&nbsp;&nbsp;&nbsp;&nbsp;&nbsp;&nbsp;&nbsp; } 2 FIL 295<\/td><td>&nbsp; T\u00f3picos Especiais em Filosofia<\/td><td>&nbsp; cr\u00e9ditos<\/td><td>&nbsp; Vari\u00e1veis<\/td><\/tr><\/tbody><\/table><\/figure>\n\n\n\n<p><strong>C) TESE DE DOUTORADO (exigem-se 174 cr\u00e9ditos)<\/strong><\/p>\n\n\n\n<figure class=\"wp-block-table\"><table><tbody><tr><td>2 FIL 304 &nbsp;&#8211;<\/td><td>Tese I<\/td><td>12 cr<\/td><td>180 h<\/td><\/tr><tr><td>2 FIL 305 &nbsp;&#8211;<\/td><td>Tese II<\/td><td>12 cr<\/td><td>180 h<\/td><\/tr><tr><td>2 FIL 306 &nbsp;&#8211;<\/td><td>Tese III<\/td><td>25 cr<\/td><td>375 h<\/td><\/tr><tr><td>2 FIL 307 &nbsp;&#8211;<\/td><td>Tese IV<\/td><td>25 cr<\/td><td>375 h<\/td><\/tr><tr><td>2 FIL 308 &nbsp;&#8211;<\/td><td>Tese V<\/td><td>25 cr<\/td><td>375 h<\/td><\/tr><tr><td>2 FIL 309 &nbsp;&#8211;<\/td><td>Tese VI<\/td><td>25 cr<\/td><td>375 h<\/td><\/tr><tr><td>2 FIL 310 &nbsp;&#8211;<\/td><td>Tese VII<\/td><td>25 cr<\/td><td>375 h<\/td><\/tr><tr><td>2 FIL 311 &nbsp;&#8211;<\/td><td>Tese VIII<\/td><td>25 cr<\/td><td>375 h<\/td><\/tr><\/tbody><\/table><\/figure>\n\n\n\n<p><strong>D)<\/strong><strong> EST\u00c1GIO DE DOC\u00caNCIA NA GRADUA\u00c7\u00c3O<\/strong><\/p>\n\n\n\n<figure class=\"wp-block-table\"><table><tbody><tr><td>2 FIL 163 &nbsp;&#8211;<\/td><td>Est\u00e1gio de doc\u00eancia na Gradua\u00e7\u00e3o I \u2013 Mestrado<\/td><td>2 cr<\/td><td>30 h<\/td><\/tr><tr><td>2 FIL 386&nbsp; &#8211;<\/td><td>Est\u00e1gio de doc\u00eancia na Gradua\u00e7\u00e3o I \u2013 Doutorado<\/td><td>2 cr<\/td><td>30 h<\/td><\/tr><tr><td>2 FIL 312 &nbsp;&#8211;<\/td><td>Est\u00e1gio de doc\u00eancia na Gradua\u00e7\u00e3o II &#8211; Doutorado<\/td><td>2 cr<\/td><td>30 h<\/td><\/tr><\/tbody><\/table><\/figure>\n\n\n\n<div data-wp-interactive=\"core\/file\" class=\"wp-block-file\"><object data-wp-bind--hidden=\"!state.hasPdfPreview\" hidden class=\"wp-block-file__embed\" data=\"https:\/\/pos.uel.br\/filosofia\/wp-content\/uploads\/2023\/05\/Reest-PPG-Filosofia-2023-Delib-03-2023-1.pdf\" type=\"application\/pdf\" style=\"width:100%;height:600px\" aria-label=\"Incorporado de Reest-PPG-Filosofia-2023-Delib-03-2023-1.\"><\/object><a id=\"wp-block-file--media-1a8b7e59-8d67-4754-b676-9b72c9d87be8\" href=\"https:\/\/pos.uel.br\/filosofia\/wp-content\/uploads\/2023\/05\/Reest-PPG-Filosofia-2023-Delib-03-2023-1.pdf\">Reest-PPG-Filosofia-2023-Delib-03-2023-1<\/a><a href=\"https:\/\/pos.uel.br\/filosofia\/wp-content\/uploads\/2023\/05\/Reest-PPG-Filosofia-2023-Delib-03-2023-1.pdf\" class=\"wp-block-file__button wp-element-button\" download aria-describedby=\"wp-block-file--media-1a8b7e59-8d67-4754-b676-9b72c9d87be8\">Baixar<\/a><\/div>\n","protected":false},"excerpt":{"rendered":"<p>&nbsp; Para conclus\u00e3o do curso de Doutorado o estudante dever\u00e1 completar a carga hor\u00e1ria e os cr\u00e9ditos distribu\u00eddos da forma descrita nos par\u00e1grafos abaixo: &nbsp; Para o Doutorado o estudante dever\u00e1 completar 198 (cento e noventa e oito) cr\u00e9ditos correspondentes a 2.970 (duas mil, novecentas e setenta) horas, assim distribu\u00eddos: &nbsp; 16 (dezesseis) cr\u00e9ditos em [&hellip;]<\/p>\n","protected":false},"author":16,"featured_media":0,"parent":0,"menu_order":0,"comment_status":"closed","ping_status":"closed","template":"","meta":{"footnotes":""},"class_list":["post-36","page","type-page","status-publish","hentry"],"_links":{"self":[{"href":"https:\/\/pos.uel.br\/filosofia\/wp-json\/wp\/v2\/pages\/36","targetHints":{"allow":["GET"]}}],"collection":[{"href":"https:\/\/pos.uel.br\/filosofia\/wp-json\/wp\/v2\/pages"}],"about":[{"href":"https:\/\/pos.uel.br\/filosofia\/wp-json\/wp\/v2\/types\/page"}],"author":[{"embeddable":true,"href":"https:\/\/pos.uel.br\/filosofia\/wp-json\/wp\/v2\/users\/16"}],"replies":[{"embeddable":true,"href":"https:\/\/pos.uel.br\/filosofia\/wp-json\/wp\/v2\/comments?post=36"}],"version-history":[{"count":5,"href":"https:\/\/pos.uel.br\/filosofia\/wp-json\/wp\/v2\/pages\/36\/revisions"}],"predecessor-version":[{"id":1174,"href":"https:\/\/pos.uel.br\/filosofia\/wp-json\/wp\/v2\/pages\/36\/revisions\/1174"}],"wp:attachment":[{"href":"https:\/\/pos.uel.br\/filosofia\/wp-json\/wp\/v2\/media?parent=36"}],"curies":[{"name":"wp","href":"https:\/\/api.w.org\/{rel}","templated":true}]}}

<figure class="wp-block-table"><table><tbody><tr><td>&nbsp;</td><td>Para conclusão do curso de<strong> Doutorado </strong>o estudante deverá completar a carga horária e os créditos distribuídos da forma descrita nos parágrafos abaixo: &nbsp; Para o Doutorado o estudante deverá completar 198 (cento e noventa e oito) créditos correspondentes a 2.970 (duas mil, novecentas e setenta) horas, assim distribuídos: &nbsp; 16 (dezesseis) créditos em disciplinas obrigatórias;8 (oito) créditos em disciplinas eletivas;174 (cento e setenta e quatro) créditos em Tese.</td></tr></tbody></table></figure>



<figure class="wp-block-table"><table><tbody><tr><td>&nbsp;</td><td>Os estudantes de <strong>Doutorado</strong> contemplados com bolsa da CAPES/Programa Demanda Social deverão cumprir, ainda, 4 (quatro) créditos referentes aos Estágios de Docência na Graduação I e II, que serão computados para integralizar as disciplinas optativas.</td></tr></tbody></table></figure>



<figure class="wp-block-table"><table><tbody><tr><td>&nbsp;</td><td>O Programa obedecerá à seguinte organização curricular:</td></tr></tbody></table></figure>



<p><strong>A) DISCIPLINAS OBRIGATÓRIAS PARA O CURSO DE DOUTORADO (exigem-se 16 créditos)</strong></p>



<p><strong>A.1) Linha: Conhecimento e Subjetividade</strong></p>



<figure class="wp-block-table"><table><tbody><tr><td>2 FIL 296 &nbsp;&#8211;</td><td>Seminário Avançado de Pesquisa e Tese I</td><td>4 cr</td><td>60 h</td></tr><tr><td>2 FIL 297 &nbsp;&#8211;</td><td>Seminário Avançado de Pesquisa e Tese II</td><td>4 cr</td><td>60 h</td></tr><tr><td>2 FIL 298 &nbsp;&#8211;</td><td>Prática e Nucleação em Pesquisa I</td><td>4 cr</td><td>60 h</td></tr><tr><td>2 FIL 299 &nbsp;&#8211;</td><td>Prática e Nucleação em Pesquisa II</td><td>4 cr</td><td>60 h</td></tr></tbody></table></figure>



<p><strong>A.2) Linha: Ética e Filosofia Política</strong></p>



<figure class="wp-block-table"><table><tbody><tr><td>2 FIL 300 &nbsp;&#8211;</td><td>Seminário Avançado de Pesquisa e Tese I</td><td>4 cr</td><td>60 h</td></tr><tr><td>2 FIL 301 &nbsp;&#8211;</td><td>Seminário Avançado de Pesquisa e Tese II</td><td>4 cr</td><td>60 h</td></tr><tr><td>2 FIL 302 &nbsp;&#8211;</td><td>Prática e Nucleação em Pesquisa I</td><td>4 cr</td><td>60 h</td></tr><tr><td>2 FIL 303 &nbsp;&#8211;</td><td>Prática e Nucleação em Pesquisa II</td><td>4 cr</td><td>60 h</td></tr></tbody></table></figure>



<p><strong>B) DISCIPLINAS ELETIVAS PARA O CURSO DE DOUTORADO (exigem-se 8 créditos)</strong></p>



<p><strong>B.1) Linha: Conhecimento e Subjetividade</strong></p>



<figure class="wp-block-table"><table><tbody><tr><td>2 FIL 239 &nbsp;&#8211;</td><td>Conhecimento I</td><td>4 cr</td><td>60 h</td></tr><tr><td>2 FIL 240 &nbsp;&#8211;</td><td>Conhecimento II</td><td>4 cr</td><td>60 h</td></tr><tr><td>2 FIL 241 &nbsp;&#8211;</td><td>Subjetividade I</td><td>4 cr</td><td>60 h</td></tr><tr><td>2 FIL 242 &nbsp;&#8211;</td><td>Subjetividade II</td><td>4 cr</td><td>60 h</td></tr></tbody></table></figure>



<p><strong>B.2) Linha: Ética e Filosofia Política</strong></p>



<figure class="wp-block-table"><table><tbody><tr><td>2 FIL 243 &nbsp;&#8211;</td><td>Ética I</td><td>4 cr</td><td>60 h</td></tr><tr><td>2 FIL 244 &nbsp;&#8211;</td><td>Ética II</td><td>4 cr</td><td>60 h</td></tr><tr><td>2 FIL 245 &nbsp;&#8211;</td><td>Filosofia Política I</td><td>4 cr</td><td>60 h</td></tr><tr><td>2 FIL 246 &nbsp;&#8211;</td><td>Filosofia Política II</td><td>4 cr</td><td>60 h</td></tr></tbody></table></figure>



<p><strong>B.3)&nbsp; Tópicos Especiais (comum as duas linhas)</strong></p>



<figure class="wp-block-table"><table><tbody><tr><td>2 FIL 247&nbsp;&nbsp;&nbsp;&nbsp;&nbsp;&nbsp;&nbsp;&nbsp; &nbsp;&nbsp;&nbsp;&nbsp; a&nbsp;&nbsp;&nbsp;&nbsp;&nbsp;&nbsp;&nbsp;&nbsp;&nbsp;&nbsp;&nbsp; } 2 FIL 295</td><td>&nbsp; Tópicos Especiais em Filosofia</td><td>&nbsp; créditos</td><td>&nbsp; Variáveis</td></tr></tbody></table></figure>



<p><strong>C) TESE DE DOUTORADO (exigem-se 174 créditos)</strong></p>



<figure class="wp-block-table"><table><tbody><tr><td>2 FIL 304 &nbsp;&#8211;</td><td>Tese I</td><td>12 cr</td><td>180 h</td></tr><tr><td>2 FIL 305 &nbsp;&#8211;</td><td>Tese II</td><td>12 cr</td><td>180 h</td></tr><tr><td>2 FIL 306 &nbsp;&#8211;</td><td>Tese III</td><td>25 cr</td><td>375 h</td></tr><tr><td>2 FIL 307 &nbsp;&#8211;</td><td>Tese IV</td><td>25 cr</td><td>375 h</td></tr><tr><td>2 FIL 308 &nbsp;&#8211;</td><td>Tese V</td><td>25 cr</td><td>375 h</td></tr><tr><td>2 FIL 309 &nbsp;&#8211;</td><td>Tese VI</td><td>25 cr</td><td>375 h</td></tr><tr><td>2 FIL 310 &nbsp;&#8211;</td><td>Tese VII</td><td>25 cr</td><td>375 h</td></tr><tr><td>2 FIL 311 &nbsp;&#8211;</td><td>Tese VIII</td><td>25 cr</td><td>375 h</td></tr></tbody></table></figure>



<p><strong>D)</strong><strong> ESTÁGIO DE DOCÊNCIA NA GRADUAÇÃO</strong></p>



<figure class="wp-block-table"><table><tbody><tr><td>2 FIL 163 &nbsp;&#8211;</td><td>Estágio de docência na Graduação I – Mestrado</td><td>2 cr</td><td>30 h</td></tr><tr><td>2 FIL 386&nbsp; &#8211;</td><td>Estágio de docência na Graduação I – Doutorado</td><td>2 cr</td><td>30 h</td></tr><tr><td>2 FIL 312 &nbsp;&#8211;</td><td>Estágio de docência na Graduação II &#8211; Doutorado</td><td>2 cr</td><td>30 h</td></tr></tbody></table></figure>



<div data-wp-interactive="core/file" class="wp-block-file"><object data-wp-bind--hidden="!state.hasPdfPreview" hidden class="wp-block-file__embed" data="https://pos.uel.br/filosofia/wp-content/uploads/2023/05/Reest-PPG-Filosofia-2023-Delib-03-2023-1.pdf" type="application/pdf" style="width:100%;height:600px" aria-label="Incorporado de Reest-PPG-Filosofia-2023-Delib-03-2023-1."></object><a id="wp-block-file--media-1a8b7e59-8d67-4754-b676-9b72c9d87be8" href="https://pos.uel.br/filosofia/wp-content/uploads/2023/05/Reest-PPG-Filosofia-2023-Delib-03-2023-1.pdf">Reest-PPG-Filosofia-2023-Delib-03-2023-1</a><a href="https://pos.uel.br/filosofia/wp-content/uploads/2023/05/Reest-PPG-Filosofia-2023-Delib-03-2023-1.pdf" class="wp-block-file__button wp-element-button" download aria-describedby="wp-block-file--media-1a8b7e59-8d67-4754-b676-9b72c9d87be8">Baixar</a></div>

<p>&nbsp; Para conclusão do curso de Doutorado o estudante deverá completar a carga horária e os créditos distribuídos da forma descrita nos parágrafos abaixo: &nbsp; Para o Doutorado o estudante deverá completar 198 (cento e noventa e oito) créditos correspondentes a 2.970 (duas mil, novecentas e setenta) horas, assim distribuídos: &nbsp; 16 (dezesseis) créditos em [&hellip;]</p>
