{"id":30,"date":"2021-04-27T14:56:46","date_gmt":"2021-04-27T17:56:46","guid":{"rendered":"https:\/\/pos.uel.br\/filosofia\/?page_id=30"},"modified":"2023-05-31T17:56:51","modified_gmt":"2023-05-31T20:56:51","slug":"estrutura-curricular","status":"publish","type":"page","link":"https:\/\/pos.uel.br\/filosofia\/estrutura-curricular\/","title":{"rendered":"Estrutura curricular"},"content":{"rendered":"\n<figure class=\"wp-block-table\"><table><tbody><tr><td>&nbsp;<\/td><td>Para conclus\u00e3o do curso de <strong>Mestrado<\/strong> o estudante dever\u00e1 completar a carga hor\u00e1ria e os cr\u00e9ditos distribu\u00eddos da forma descrita abaixo: &nbsp; Para o Mestrado o estudante dever\u00e1 completar 64 (sessenta e quatro) cr\u00e9ditos correspondentes a 960 (novecentas e sessenta) horas, assim distribu\u00eddos: a)&nbsp; 12 (doze) cr\u00e9ditos em disciplinas obrigat\u00f3rias; b)&nbsp; 12 (doze) cr\u00e9ditos em disciplinas eletivas; c)&nbsp; 40 (quarenta) cr\u00e9ditos em Disserta\u00e7\u00e3o.<\/td><\/tr><\/tbody><\/table><\/figure>\n\n\n\n<figure class=\"wp-block-table\"><table><tbody><tr><td>&nbsp;<\/td><td>Os estudantes de<strong> Mestrado<\/strong> contemplados com bolsa da CAPES\/Programa Demanda Social dever\u00e3o cumprir, ainda, 2 (dois) cr\u00e9ditos referentes ao Est\u00e1gio de Doc\u00eancia na Gradua\u00e7\u00e3o I, que ser\u00e3o computados para integralizar as disciplinas optativas.<\/td><\/tr><\/tbody><\/table><\/figure>\n\n\n\n<p><strong>A) DISCIPLINAS OBRIGAT\u00d3RIAS PARA O CURSO DE MESTRADO (exigem-se 12 cr\u00e9ditos)<\/strong><\/p>\n\n\n\n<p><strong>A.1) Linha: Conhecimento e Subjetividade<\/strong><\/p>\n\n\n\n<figure class=\"wp-block-table\"><table><tbody><tr><td>2 FIL 233 &nbsp;&#8211;<\/td><td>Semin\u00e1rio Avan\u00e7ado de Pesquisa e Disserta\u00e7\u00e3o I<\/td><td>4 cr<\/td><td>60 h<\/td><\/tr><tr><td>2 FIL 234 &nbsp;&#8211;<\/td><td>Semin\u00e1rio Avan\u00e7ado de Pesquisa e Disserta\u00e7\u00e3o II<\/td><td>4 cr<\/td><td>60 h<\/td><\/tr><tr><td>2 FIL 235 &nbsp;&#8211;<\/td><td>Conhecimento e subjetividade<\/td><td>4 cr<\/td><td>60 h<\/td><\/tr><\/tbody><\/table><\/figure>\n\n\n\n<p><strong>A.2) Linha: \u00c9tica e Filosofia Pol\u00edtica<\/strong><\/p>\n\n\n\n<figure class=\"wp-block-table\"><table><tbody><tr><td>2 FIL 236 &nbsp;&#8211;<\/td><td>Semin\u00e1rio Avan\u00e7ado de Pesquisa e Disserta\u00e7\u00e3o I<\/td><td>4 cr<\/td><td>60 h<\/td><\/tr><tr><td>2 FIL 237 &nbsp;&#8211;<\/td><td>Semin\u00e1rio Avan\u00e7ado de Pesquisa e Disserta\u00e7\u00e3o II<\/td><td>4 cr<\/td><td>60 h<\/td><\/tr><tr><td>2 FIL 238 &nbsp;&#8211;<\/td><td>\u00c9tica e Filosofia Pol\u00edtica<\/td><td>4 cr<\/td><td>60 h<\/td><\/tr><\/tbody><\/table><\/figure>\n\n\n\n<p><strong>B) DISCIPLINAS ELETIVAS PARA O CURSO DE MESTRADO (exigem-se 12 cr\u00e9ditos)<\/strong><\/p>\n\n\n\n<p><strong>B.1) Linha: Conhecimento e Subjetividade<\/strong><\/p>\n\n\n\n<figure class=\"wp-block-table\"><table><tbody><tr><td>2 FIL 239 &nbsp;&#8211;<\/td><td>Conhecimento I<\/td><td>4 cr<\/td><td>60 h<\/td><\/tr><tr><td>2 FIL 240 &nbsp;&#8211;<\/td><td>Conhecimento II<\/td><td>4 cr<\/td><td>60 h<\/td><\/tr><tr><td>2 FIL 241 &nbsp;&#8211;<\/td><td>Subjetividade I<\/td><td>4 cr<\/td><td>60 h<\/td><\/tr><tr><td>2 FIL 242 &nbsp;&#8211;<\/td><td>Subjetividade II<\/td><td>4 cr<\/td><td>60 h<\/td><\/tr><\/tbody><\/table><\/figure>\n\n\n\n<p><strong>B.2) Linha: \u00c9tica e Filosofia Pol\u00edtica<\/strong><\/p>\n\n\n\n<figure class=\"wp-block-table\"><table><tbody><tr><td>2 FIL 243 &nbsp;&#8211;<\/td><td>\u00c9tica I<\/td><td>4 cr<\/td><td>60 h<\/td><\/tr><tr><td>2 FIL 244 &nbsp;&#8211;<\/td><td>\u00c9tica II<\/td><td>4 cr<\/td><td>60 h<\/td><\/tr><tr><td>2 FIL 245 &nbsp;&#8211;<\/td><td>Filosofia Pol\u00edtica I<\/td><td>4 cr<\/td><td>60 h<\/td><\/tr><tr><td>2 FIL 246 &nbsp;&#8211;<\/td><td>Filosofia Pol\u00edtica II<\/td><td>4 cr<\/td><td>60 h<\/td><\/tr><\/tbody><\/table><\/figure>\n\n\n\n<p><strong>B.3) T\u00f3picos Especiais (comum as duas linhas)<\/strong><\/p>\n\n\n\n<figure class=\"wp-block-table\"><table><tbody><tr><td>2 FIL 247&nbsp;&nbsp;&nbsp;&nbsp;&nbsp;&nbsp;&nbsp;&nbsp;&nbsp;&nbsp; &nbsp;&nbsp;&nbsp;&nbsp; a&nbsp;&nbsp;&nbsp;&nbsp;&nbsp;&nbsp;&nbsp;&nbsp;&nbsp;&nbsp;&nbsp;  2 FIL 295<\/td><td>&nbsp; T\u00f3picos Especiais em Filosofia<\/td><td>&nbsp; cr\u00e9ditos<\/td><td>&nbsp; vari\u00e1veis<\/td><\/tr><\/tbody><\/table><\/figure>\n\n\n\n<p><strong>C)&nbsp; DISSERTA\u00c7\u00c3O DE MESTRADO (exigem-se 40 cr\u00e9ditos)<\/strong><\/p>\n\n\n\n<figure class=\"wp-block-table\"><table><tbody><tr><td>2 FIL 159 &nbsp;&#8211;<\/td><td>Disserta\u00e7\u00e3o I<\/td><td>10 cr<\/td><td>150 h<\/td><\/tr><tr><td>2 FIL 160 &nbsp;&#8211;<\/td><td>Disserta\u00e7\u00e3o II<\/td><td>10 cr<\/td><td>150 h<\/td><\/tr><tr><td>2 FIL 161 &nbsp;&#8211;<\/td><td>Disserta\u00e7\u00e3o III<\/td><td>10 cr<\/td><td>150 h<\/td><\/tr><tr><td>2 FIL 162 &nbsp;&#8211;<\/td><td>Disserta\u00e7\u00e3o IV<\/td><td>10 cr<\/td><td>150 h<\/td><\/tr><\/tbody><\/table><\/figure>\n\n\n\n<div data-wp-interactive=\"core\/file\" class=\"wp-block-file\"><object data-wp-bind--hidden=\"!state.hasPdfPreview\" hidden class=\"wp-block-file__embed\" data=\"https:\/\/pos.uel.br\/filosofia\/wp-content\/uploads\/2023\/05\/Reest-PPG-Filosofia-2023-Delib-03-2023.pdf\" type=\"application\/pdf\" style=\"width:100%;height:600px\" aria-label=\"Incorporado de Reest-PPG-Filosofia-2023-Delib-03-2023.\"><\/object><a id=\"wp-block-file--media-b6c9cc9b-df43-4272-ae61-57454fb9e287\" href=\"https:\/\/pos.uel.br\/filosofia\/wp-content\/uploads\/2023\/05\/Reest-PPG-Filosofia-2023-Delib-03-2023.pdf\">Reest-PPG-Filosofia-2023-Delib-03-2023<\/a><a href=\"https:\/\/pos.uel.br\/filosofia\/wp-content\/uploads\/2023\/05\/Reest-PPG-Filosofia-2023-Delib-03-2023.pdf\" class=\"wp-block-file__button wp-element-button\" download aria-describedby=\"wp-block-file--media-b6c9cc9b-df43-4272-ae61-57454fb9e287\">Baixar<\/a><\/div>\n","protected":false},"excerpt":{"rendered":"<p>&nbsp; Para conclus\u00e3o do curso de Mestrado o estudante dever\u00e1 completar a carga hor\u00e1ria e os cr\u00e9ditos distribu\u00eddos da forma descrita abaixo: &nbsp; Para o Mestrado o estudante dever\u00e1 completar 64 (sessenta e quatro) cr\u00e9ditos correspondentes a 960 (novecentas e sessenta) horas, assim distribu\u00eddos: a)&nbsp; 12 (doze) cr\u00e9ditos em disciplinas obrigat\u00f3rias; b)&nbsp; 12 (doze) cr\u00e9ditos [&hellip;]<\/p>\n","protected":false},"author":16,"featured_media":0,"parent":0,"menu_order":0,"comment_status":"closed","ping_status":"closed","template":"","meta":{"footnotes":""},"class_list":["post-30","page","type-page","status-publish","hentry"],"_links":{"self":[{"href":"https:\/\/pos.uel.br\/filosofia\/wp-json\/wp\/v2\/pages\/30","targetHints":{"allow":["GET"]}}],"collection":[{"href":"https:\/\/pos.uel.br\/filosofia\/wp-json\/wp\/v2\/pages"}],"about":[{"href":"https:\/\/pos.uel.br\/filosofia\/wp-json\/wp\/v2\/types\/page"}],"author":[{"embeddable":true,"href":"https:\/\/pos.uel.br\/filosofia\/wp-json\/wp\/v2\/users\/16"}],"replies":[{"embeddable":true,"href":"https:\/\/pos.uel.br\/filosofia\/wp-json\/wp\/v2\/comments?post=30"}],"version-history":[{"count":8,"href":"https:\/\/pos.uel.br\/filosofia\/wp-json\/wp\/v2\/pages\/30\/revisions"}],"predecessor-version":[{"id":1172,"href":"https:\/\/pos.uel.br\/filosofia\/wp-json\/wp\/v2\/pages\/30\/revisions\/1172"}],"wp:attachment":[{"href":"https:\/\/pos.uel.br\/filosofia\/wp-json\/wp\/v2\/media?parent=30"}],"curies":[{"name":"wp","href":"https:\/\/api.w.org\/{rel}","templated":true}]}}

<figure class="wp-block-table"><table><tbody><tr><td>&nbsp;</td><td>Para conclusão do curso de <strong>Mestrado</strong> o estudante deverá completar a carga horária e os créditos distribuídos da forma descrita abaixo: &nbsp; Para o Mestrado o estudante deverá completar 64 (sessenta e quatro) créditos correspondentes a 960 (novecentas e sessenta) horas, assim distribuídos: a)&nbsp; 12 (doze) créditos em disciplinas obrigatórias; b)&nbsp; 12 (doze) créditos em disciplinas eletivas; c)&nbsp; 40 (quarenta) créditos em Dissertação.</td></tr></tbody></table></figure>



<figure class="wp-block-table"><table><tbody><tr><td>&nbsp;</td><td>Os estudantes de<strong> Mestrado</strong> contemplados com bolsa da CAPES/Programa Demanda Social deverão cumprir, ainda, 2 (dois) créditos referentes ao Estágio de Docência na Graduação I, que serão computados para integralizar as disciplinas optativas.</td></tr></tbody></table></figure>



<p><strong>A) DISCIPLINAS OBRIGATÓRIAS PARA O CURSO DE MESTRADO (exigem-se 12 créditos)</strong></p>



<p><strong>A.1) Linha: Conhecimento e Subjetividade</strong></p>



<figure class="wp-block-table"><table><tbody><tr><td>2 FIL 233 &nbsp;&#8211;</td><td>Seminário Avançado de Pesquisa e Dissertação I</td><td>4 cr</td><td>60 h</td></tr><tr><td>2 FIL 234 &nbsp;&#8211;</td><td>Seminário Avançado de Pesquisa e Dissertação II</td><td>4 cr</td><td>60 h</td></tr><tr><td>2 FIL 235 &nbsp;&#8211;</td><td>Conhecimento e subjetividade</td><td>4 cr</td><td>60 h</td></tr></tbody></table></figure>



<p><strong>A.2) Linha: Ética e Filosofia Política</strong></p>



<figure class="wp-block-table"><table><tbody><tr><td>2 FIL 236 &nbsp;&#8211;</td><td>Seminário Avançado de Pesquisa e Dissertação I</td><td>4 cr</td><td>60 h</td></tr><tr><td>2 FIL 237 &nbsp;&#8211;</td><td>Seminário Avançado de Pesquisa e Dissertação II</td><td>4 cr</td><td>60 h</td></tr><tr><td>2 FIL 238 &nbsp;&#8211;</td><td>Ética e Filosofia Política</td><td>4 cr</td><td>60 h</td></tr></tbody></table></figure>



<p><strong>B) DISCIPLINAS ELETIVAS PARA O CURSO DE MESTRADO (exigem-se 12 créditos)</strong></p>



<p><strong>B.1) Linha: Conhecimento e Subjetividade</strong></p>



<figure class="wp-block-table"><table><tbody><tr><td>2 FIL 239 &nbsp;&#8211;</td><td>Conhecimento I</td><td>4 cr</td><td>60 h</td></tr><tr><td>2 FIL 240 &nbsp;&#8211;</td><td>Conhecimento II</td><td>4 cr</td><td>60 h</td></tr><tr><td>2 FIL 241 &nbsp;&#8211;</td><td>Subjetividade I</td><td>4 cr</td><td>60 h</td></tr><tr><td>2 FIL 242 &nbsp;&#8211;</td><td>Subjetividade II</td><td>4 cr</td><td>60 h</td></tr></tbody></table></figure>



<p><strong>B.2) Linha: Ética e Filosofia Política</strong></p>



<figure class="wp-block-table"><table><tbody><tr><td>2 FIL 243 &nbsp;&#8211;</td><td>Ética I</td><td>4 cr</td><td>60 h</td></tr><tr><td>2 FIL 244 &nbsp;&#8211;</td><td>Ética II</td><td>4 cr</td><td>60 h</td></tr><tr><td>2 FIL 245 &nbsp;&#8211;</td><td>Filosofia Política I</td><td>4 cr</td><td>60 h</td></tr><tr><td>2 FIL 246 &nbsp;&#8211;</td><td>Filosofia Política II</td><td>4 cr</td><td>60 h</td></tr></tbody></table></figure>



<p><strong>B.3) Tópicos Especiais (comum as duas linhas)</strong></p>



<figure class="wp-block-table"><table><tbody><tr><td>2 FIL 247&nbsp;&nbsp;&nbsp;&nbsp;&nbsp;&nbsp;&nbsp;&nbsp;&nbsp;&nbsp; &nbsp;&nbsp;&nbsp;&nbsp; a&nbsp;&nbsp;&nbsp;&nbsp;&nbsp;&nbsp;&nbsp;&nbsp;&nbsp;&nbsp;&nbsp;  2 FIL 295</td><td>&nbsp; Tópicos Especiais em Filosofia</td><td>&nbsp; créditos</td><td>&nbsp; variáveis</td></tr></tbody></table></figure>



<p><strong>C)&nbsp; DISSERTAÇÃO DE MESTRADO (exigem-se 40 créditos)</strong></p>



<figure class="wp-block-table"><table><tbody><tr><td>2 FIL 159 &nbsp;&#8211;</td><td>Dissertação I</td><td>10 cr</td><td>150 h</td></tr><tr><td>2 FIL 160 &nbsp;&#8211;</td><td>Dissertação II</td><td>10 cr</td><td>150 h</td></tr><tr><td>2 FIL 161 &nbsp;&#8211;</td><td>Dissertação III</td><td>10 cr</td><td>150 h</td></tr><tr><td>2 FIL 162 &nbsp;&#8211;</td><td>Dissertação IV</td><td>10 cr</td><td>150 h</td></tr></tbody></table></figure>



<div data-wp-interactive="core/file" class="wp-block-file"><object data-wp-bind--hidden="!state.hasPdfPreview" hidden class="wp-block-file__embed" data="https://pos.uel.br/filosofia/wp-content/uploads/2023/05/Reest-PPG-Filosofia-2023-Delib-03-2023.pdf" type="application/pdf" style="width:100%;height:600px" aria-label="Incorporado de Reest-PPG-Filosofia-2023-Delib-03-2023."></object><a id="wp-block-file--media-b6c9cc9b-df43-4272-ae61-57454fb9e287" href="https://pos.uel.br/filosofia/wp-content/uploads/2023/05/Reest-PPG-Filosofia-2023-Delib-03-2023.pdf">Reest-PPG-Filosofia-2023-Delib-03-2023</a><a href="https://pos.uel.br/filosofia/wp-content/uploads/2023/05/Reest-PPG-Filosofia-2023-Delib-03-2023.pdf" class="wp-block-file__button wp-element-button" download aria-describedby="wp-block-file--media-b6c9cc9b-df43-4272-ae61-57454fb9e287">Baixar</a></div>

<p>&nbsp; Para conclusão do curso de Mestrado o estudante deverá completar a carga horária e os créditos distribuídos da forma descrita abaixo: &nbsp; Para o Mestrado o estudante deverá completar 64 (sessenta e quatro) créditos correspondentes a 960 (novecentas e sessenta) horas, assim distribuídos: a)&nbsp; 12 (doze) créditos em disciplinas obrigatórias; b)&nbsp; 12 (doze) créditos [&hellip;]</p>
