{"id":29,"date":"2021-04-27T14:56:46","date_gmt":"2021-04-27T17:56:46","guid":{"rendered":"https:\/\/pos.uel.br\/filosofia\/?page_id=29"},"modified":"2021-06-21T11:47:10","modified_gmt":"2021-06-21T14:47:10","slug":"mestrado","status":"publish","type":"page","link":"https:\/\/pos.uel.br\/filosofia\/mestrado\/","title":{"rendered":"Mestrado"},"content":{"rendered":"\n<p>O Programa de P\u00f3s-gradua\u00e7\u00e3o em Filosofia tem por meta formar mestres em n\u00edvel de excel\u00eancia que sejam capazes de fazer pesquisa filos\u00f3fica de forma aut\u00f4noma, com coer\u00eancia e rigor filos\u00f3ficos exigidos por sua \u00e1rea de estudo, contribuindo na forma\u00e7\u00e3o e uma sociedade cr\u00edtica atenta \u00e0s grandes quest\u00f5es cient\u00edficas, culturais e humanas.<\/p>\n\n\n\n<p>O egresso do PPGFIL sai do Programa capacitado, por meio da defesa p\u00fablica de sua Disserta\u00e7\u00e3o, a preparar e apresentar projetos de pesquisa, participar de eventos nacionais representativos de sua linha de pesquisa, publicar quer de artigos, cap\u00edtulos ou resumos em anais de congresso e com conhecimento especializado e aprofundado de certos temas da investiga\u00e7\u00e3o filos\u00f3fica.<\/p>\n","protected":false},"excerpt":{"rendered":"<p>O Programa de P\u00f3s-gradua\u00e7\u00e3o em Filosofia tem por meta formar mestres em n\u00edvel de excel\u00eancia que sejam capazes de fazer pesquisa filos\u00f3fica de forma aut\u00f4noma, com coer\u00eancia e rigor filos\u00f3ficos exigidos por sua \u00e1rea de estudo, contribuindo na forma\u00e7\u00e3o e uma sociedade cr\u00edtica atenta \u00e0s grandes quest\u00f5es cient\u00edficas, culturais e humanas. O egresso do PPGFIL [&hellip;]<\/p>\n","protected":false},"author":16,"featured_media":0,"parent":0,"menu_order":0,"comment_status":"closed","ping_status":"closed","template":"","meta":{"footnotes":""},"class_list":["post-29","page","type-page","status-publish","hentry"],"_links":{"self":[{"href":"https:\/\/pos.uel.br\/filosofia\/wp-json\/wp\/v2\/pages\/29","targetHints":{"allow":["GET"]}}],"collection":[{"href":"https:\/\/pos.uel.br\/filosofia\/wp-json\/wp\/v2\/pages"}],"about":[{"href":"https:\/\/pos.uel.br\/filosofia\/wp-json\/wp\/v2\/types\/page"}],"author":[{"embeddable":true,"href":"https:\/\/pos.uel.br\/filosofia\/wp-json\/wp\/v2\/users\/16"}],"replies":[{"embeddable":true,"href":"https:\/\/pos.uel.br\/filosofia\/wp-json\/wp\/v2\/comments?post=29"}],"version-history":[{"count":2,"href":"https:\/\/pos.uel.br\/filosofia\/wp-json\/wp\/v2\/pages\/29\/revisions"}],"predecessor-version":[{"id":164,"href":"https:\/\/pos.uel.br\/filosofia\/wp-json\/wp\/v2\/pages\/29\/revisions\/164"}],"wp:attachment":[{"href":"https:\/\/pos.uel.br\/filosofia\/wp-json\/wp\/v2\/media?parent=29"}],"curies":[{"name":"wp","href":"https:\/\/api.w.org\/{rel}","templated":true}]}}

<p>O Programa de Pós-graduação em Filosofia tem por meta formar mestres em nível de excelência que sejam capazes de fazer pesquisa filosófica de forma autônoma, com coerência e rigor filosóficos exigidos por sua área de estudo, contribuindo na formação e uma sociedade crítica atenta às grandes questões científicas, culturais e humanas.</p>



<p>O egresso do PPGFIL sai do Programa capacitado, por meio da defesa pública de sua Dissertação, a preparar e apresentar projetos de pesquisa, participar de eventos nacionais representativos de sua linha de pesquisa, publicar quer de artigos, capítulos ou resumos em anais de congresso e com conhecimento especializado e aprofundado de certos temas da investigação filosófica.</p>

<p>O Programa de Pós-graduação em Filosofia tem por meta formar mestres em nível de excelência que sejam capazes de fazer pesquisa filosófica de forma autônoma, com coerência e rigor filosóficos exigidos por sua área de estudo, contribuindo na formação e uma sociedade crítica atenta às grandes questões científicas, culturais e humanas. O egresso do PPGFIL [&hellip;]</p>
