{"id":14,"date":"2025-08-07T10:44:04","date_gmt":"2025-08-07T13:44:04","guid":{"rendered":"https:\/\/pos.uel.br\/estruturas\/?page_id=14"},"modified":"2025-10-15T08:49:02","modified_gmt":"2025-10-15T11:49:02","slug":"estrutura-curricular","status":"publish","type":"page","link":"https:\/\/pos.uel.br\/estruturas\/estrutura-curricular\/","title":{"rendered":"Estrutura Curricular"},"content":{"rendered":"\n<p>O Curso tem um total de 390 hs, composto pelas disciplinas obrigat\u00f3rias (3 disciplinas totalizando 90hs) mais 10 disciplinas optativas (300hs). No primeiro semestre do curso, as disciplinas ofertadas s\u00e3o definidas pela coordena\u00e7\u00e3o, nos demais semestres, a sele\u00e7\u00e3o de disciplinas optativas ofertadas \u00e9 decidida em conjunto com os alunos.<\/p>\n\n\n\n<h6 class=\"wp-block-heading\"><\/h6>\n\n\n\n<figure class=\"wp-block-table is-style-stripes has-small-font-size\"><table class=\"has-fixed-layout\"><thead><tr><th>C\u00f3digo<\/th><th>Disciplina<\/th><th>C.H.<\/th><th>CR<\/th><th>&nbsp;<\/th><\/tr><\/thead><tbody><tr><td>2TRU059<\/td><td>ESTRUTURAS DE MADEIRA<\/td><td>30<\/td><td>2<\/td><td>OP<\/td><\/tr><tr><td>2TRU060<\/td><td>ESTRUTURAS DE A\u00c7O FORMADO A FRIO<\/td><td>30<\/td><td>2<\/td><td>OP<\/td><\/tr><tr><td><strong>2TRU075<\/strong><\/td><td><strong>PROJETO DE ESTRUTURAS DE CONCRETO ARMADO I: LAJES E VIGA<\/strong>S<\/td><td>30<\/td><td>2<\/td><td><strong>OB<\/strong><\/td><\/tr><tr><td><strong>2TRU076<\/strong><\/td><td><strong>PROJETO DE ESTRUTURAS DE CONCRETO ARMADO II: PILARES\/ESTADO LIMITE \u00daLTIMO DE INSTABILIDADE<\/strong><\/td><td>30<\/td><td>2<\/td><td><strong>OB<\/strong><\/td><\/tr><tr><td><strong>2TRU077<\/strong><\/td><td><strong>PROJETO DE ESTRUTURAS DE CONCRETO ARMADO ASSISTIDO POR COMPUTADOR: AN\u00c1LISE, C\u00c1LCULO E DETALHAMENTO<\/strong><\/td><td>30<\/td><td>2<\/td><td><strong>OB<\/strong><\/td><\/tr><tr><td>2TRU057<\/td><td>METODOLOGIA DA PESQUISA EM ENGENHARIA<\/td><td>15<\/td><td>1<\/td><td>OP<\/td><\/tr><tr><td>2TRU062<\/td><td>ESTRUTURAS PR\u00c9-MOLDADAS DE CONCRETO<\/td><td>30<\/td><td>2<\/td><td>OP<\/td><\/tr><tr><td>2TRU063<\/td><td>PATOLOGIA E RECUPERA\u00c7\u00c3O DE ESTRUTURAS<\/td><td>30<\/td><td>2<\/td><td>OP<\/td><\/tr><tr><td>2TRU064<\/td><td>ALVENARIA ESTRUTURAL<\/td><td>30<\/td><td>2<\/td><td>OP<\/td><\/tr><tr><td>2TRU065<\/td><td>EDIF\u00cdCIOS ALTOS<\/td><td>30<\/td><td>2<\/td><td>OP<\/td><\/tr><tr><td>2TRU066<\/td><td>PONTES<\/td><td>30<\/td><td>2<\/td><td>OP<\/td><\/tr><tr><td>2TRU067<\/td><td>ESTRUTURAS MISTAS<\/td><td>30<\/td><td>2<\/td><td>OP<\/td><\/tr><tr><td>2TRU068<\/td><td>ESTRUTURAS DE ARMAZENAGEM<\/td><td>30<\/td><td>2<\/td><td>OP<\/td><\/tr><tr><td>2TRU069<\/td><td>F\u00d4RMAS E ESCORAMENTOS<\/td><td>30<\/td><td>2<\/td><td>OP<\/td><\/tr><tr><td>2TRU070<\/td><td>AN\u00c1LISE ESTRUTURAL POR COMPUTADORES<\/td><td>30<\/td><td>2<\/td><td>OP<\/td><\/tr><tr><td>2TRU071<\/td><td>NOVOS MATERIAIS ESTRUTURAIS<\/td><td>30<\/td><td>2<\/td><td>OP<\/td><\/tr><tr><td>2TRU072<\/td><td>A\u00c7\u00c3O DE VENTOS NAS ESTRUTURAS<\/td><td>30<\/td><td>2<\/td><td>OP<\/td><\/tr><tr><td>2TRU073<\/td><td>T\u00d3PICOS ESPECIAIS EM ENGENHARIA DE ESTRUTURAS<\/td><td>30<\/td><td>2<\/td><td>OP<\/td><\/tr><tr><td>2TRU078<\/td><td>\ufeffPROJETO DE ESTRUTURAS DE CONCRETO PROTENDIDO I: MATERIAIS E M\u00c9TODOS DE C\u00c1LCULO<\/td><td>30&nbsp;<\/td><td>2&nbsp;<\/td><td>OP&nbsp;<\/td><\/tr><tr><td>2TRU079<\/td><td>&nbsp;PROJETO DE ESTRUTURAS DE CONCRETO PROTENDIDO II: LAJES E VIGAS PROTENDIDAS<\/td><td>30&nbsp;<\/td><td>2&nbsp;<\/td><td>OP&nbsp;<\/td><\/tr><tr><td>2TRU080<\/td><td>PROJETO DE ELEMENTOS ESPECIAIS DE CONCRETO ARMADO: ESCADAS, ARQUIBANCADAS E RAMPAS<\/td><td>30<\/td><td>2<\/td><td>OP<\/td><\/tr><tr><td>2TRU081<\/td><td>&nbsp;PROJETO DE ESTRUTURAS DE CONTEN\u00c7\u00c3O E RESERVAT\u00d3RIOS<a>\ufeff<\/a><\/td><td>&nbsp;30<\/td><td>2&nbsp;<\/td><td>OP&nbsp;<\/td><\/tr><tr><td>2TRU082<\/td><td>PROJETO DE ELEMENTOS DE CONCRETO ARMADO PARA FUNDA\u00c7\u00d5ES: BLOCOS E SAPATAS<\/td><td>30<\/td><td>2<\/td><td>OP<\/td><\/tr><tr><td>2TRU054<\/td><td>TRABALHO DE CONCLUS\u00c3O DE CURSO DE P\u00d3S-GRADUA\u00c7\u00c3O**<\/td><td>&#8211;<\/td><td>&#8211;<\/td><td>OP<\/td><\/tr><\/tbody><\/table><\/figure>\n\n\n\n<p>\u00a0<\/p>\n\n\n\n<p>** O Trabalho de Conclus\u00e3o de Curso \u00e9 opcional e n\u00e3o conta carga horaria<\/p>\n\n\n\n<p><strong>Legenda:<br>C.H. &#8211; Carga Hor\u00e1ria;&nbsp;CR &#8211; Cr\u00e9ditos;&nbsp;OB &#8211; Disciplina Obrigat\u00f3ria;&nbsp;OP &#8211; Disciplina Optativa<\/strong><\/p>\n\n\n\n<div class=\"wp-block-columns is-layout-flex wp-container-core-columns-is-layout-9d6595d7 wp-block-columns-is-layout-flex\">\n<div class=\"wp-block-column is-layout-flow wp-block-column-is-layout-flow\"><\/div>\n<\/div>\n","protected":false},"excerpt":{"rendered":"<p>O Curso tem um total de 390 hs, composto pelas disciplinas obrigat\u00f3rias (3 disciplinas totalizando 90hs) mais 10 disciplinas optativas (300hs). No primeiro semestre do curso, as disciplinas ofertadas s\u00e3o definidas pela coordena\u00e7\u00e3o, nos demais semestres, a sele\u00e7\u00e3o de disciplinas optativas ofertadas \u00e9 decidida em conjunto com os alunos. C\u00f3digo Disciplina C.H. CR &nbsp; 2TRU059 [&hellip;]<\/p>\n","protected":false},"author":7,"featured_media":0,"parent":0,"menu_order":0,"comment_status":"closed","ping_status":"closed","template":"","meta":{"_themeisle_gutenberg_block_has_review":false,"footnotes":""},"class_list":["post-14","page","type-page","status-publish","hentry"],"acf":[],"_links":{"self":[{"href":"https:\/\/pos.uel.br\/estruturas\/wp-json\/wp\/v2\/pages\/14","targetHints":{"allow":["GET"]}}],"collection":[{"href":"https:\/\/pos.uel.br\/estruturas\/wp-json\/wp\/v2\/pages"}],"about":[{"href":"https:\/\/pos.uel.br\/estruturas\/wp-json\/wp\/v2\/types\/page"}],"author":[{"embeddable":true,"href":"https:\/\/pos.uel.br\/estruturas\/wp-json\/wp\/v2\/users\/7"}],"replies":[{"embeddable":true,"href":"https:\/\/pos.uel.br\/estruturas\/wp-json\/wp\/v2\/comments?post=14"}],"version-history":[{"count":7,"href":"https:\/\/pos.uel.br\/estruturas\/wp-json\/wp\/v2\/pages\/14\/revisions"}],"predecessor-version":[{"id":148,"href":"https:\/\/pos.uel.br\/estruturas\/wp-json\/wp\/v2\/pages\/14\/revisions\/148"}],"wp:attachment":[{"href":"https:\/\/pos.uel.br\/estruturas\/wp-json\/wp\/v2\/media?parent=14"}],"curies":[{"name":"wp","href":"https:\/\/api.w.org\/{rel}","templated":true}]}}