{"id":31,"date":"2022-08-30T17:01:41","date_gmt":"2022-08-30T20:01:41","guid":{"rendered":"https:\/\/pos.uel.br\/direitocivil\/?page_id=31"},"modified":"2025-10-09T08:36:35","modified_gmt":"2025-10-09T11:36:35","slug":"regulamento","status":"publish","type":"page","link":"https:\/\/pos.uel.br\/estado\/regulamento\/","title":{"rendered":"Regulamenta\u00e7\u00f5es"},"content":{"rendered":"\n<div class=\"wp-block-columns has-primary-text-color has-text-color is-layout-flex wp-container-core-columns-is-layout-9d6595d7 wp-block-columns-is-layout-flex\">\n<div class=\"wp-block-column is-layout-flow wp-block-column-is-layout-flow\">\n<p><\/p>\n\n\n\n<p><strong>2026<\/strong><\/p>\n\n\n\n<ul class=\"wp-block-list has-small-font-size\">\n<li><a href=\"https:\/\/pos.uel.br\/estado\/wp-content\/uploads\/2022\/10\/Deliberacao_008_2021_EST_Reestruturacao.pdf\" data-type=\"URL\" data-id=\"https:\/\/pos.uel.br\/estado\/wp-content\/uploads\/2022\/10\/Deliberacao_008_2021_EST_Reestruturacao.pdf\" target=\"_blank\" rel=\"noreferrer noopener\">Delibera\u00e7\u00e3o_008_2021-EST-Reestrutura\u00e7\u00e3o<\/a>&nbsp;&nbsp;&nbsp;&nbsp;&nbsp;&nbsp;&nbsp;<\/li>\n\n\n\n<li><a href=\"https:\/\/pos.uel.br\/estado\/wp-content\/uploads\/2022\/10\/Resolucao_043_2021_EST_Mensalidade.pdf\" data-type=\"URL\" data-id=\"https:\/\/pos.uel.br\/estado\/wp-content\/uploads\/2022\/10\/Resolucao_043_2021_EST_Mensalidade.pdf\" target=\"_blank\" rel=\"noreferrer noopener\">Resolu\u00e7\u00e3o_043_2021-EST-Mensalidade<\/a><\/li>\n\n\n\n<li><a href=\"https:\/\/pos.uel.br\/estado\/wp-content\/uploads\/2025\/10\/Resolucao-CEPE-52-2025-Vagas-Esp-Direito-do-Estado.pdf\" data-type=\"URL\" data-id=\"https:\/\/pos.uel.br\/estado\/wp-content\/uploads\/2022\/10\/Resolucao_052_2021_EST_Vagas.pdf\" target=\"_blank\" rel=\"noreferrer noopener\">Resolu\u00e7\u00e3o_052_2025-EST-Vagas<\/a><\/li>\n<\/ul>\n\n\n\n<p><strong>2022<\/strong><\/p>\n\n\n\n<ul class=\"wp-block-list has-small-font-size\">\n<li><a href=\"https:\/\/pos.uel.br\/estado\/wp-content\/uploads\/2022\/10\/Deliberacao_008_2021_EST_Reestruturacao.pdf\" data-type=\"URL\" data-id=\"https:\/\/pos.uel.br\/estado\/wp-content\/uploads\/2022\/10\/Deliberacao_008_2021_EST_Reestruturacao.pdf\" target=\"_blank\" rel=\"noreferrer noopener\">Delibera\u00e7\u00e3o_008_2021-EST-Reestrutura\u00e7\u00e3o<\/a>&nbsp;&nbsp;&nbsp;&nbsp;&nbsp;&nbsp;&nbsp;<\/li>\n\n\n\n<li><a href=\"https:\/\/pos.uel.br\/estado\/wp-content\/uploads\/2022\/10\/Resolucao_043_2021_EST_Mensalidade.pdf\" data-type=\"URL\" data-id=\"https:\/\/pos.uel.br\/estado\/wp-content\/uploads\/2022\/10\/Resolucao_043_2021_EST_Mensalidade.pdf\" target=\"_blank\" rel=\"noreferrer noopener\">Resolu\u00e7\u00e3o_043_2021-EST-Mensalidade<\/a><\/li>\n\n\n\n<li><a href=\"https:\/\/pos.uel.br\/estado\/wp-content\/uploads\/2022\/10\/Resolucao_052_2021_EST_Vagas.pdf\" data-type=\"URL\" data-id=\"https:\/\/pos.uel.br\/estado\/wp-content\/uploads\/2022\/10\/Resolucao_052_2021_EST_Vagas.pdf\" target=\"_blank\" rel=\"noreferrer noopener\">Resolu\u00e7\u00e3o_052_2021-EST-Vagas<\/a><\/li>\n<\/ul>\n\n\n\n<p><strong>2020 &nbsp;<\/strong>&nbsp;&nbsp;&nbsp;<\/p>\n\n\n\n<ul class=\"wp-block-list has-small-font-size\">\n<li><a href=\"https:\/\/pos.uel.br\/estado\/wp-content\/uploads\/2022\/10\/Reest-Esp-Direito-Estado-2020-Delib-37-2019.pdf\" data-type=\"URL\" data-id=\"https:\/\/pos.uel.br\/estado\/wp-content\/uploads\/2022\/10\/Reest-Esp-Direito-Estado-2020-Delib-37-2019.pdf\" target=\"_blank\" rel=\"noreferrer noopener\">Delibera\u00e7\u00e3o_037_2019-EST-Reestrutura\u00e7\u00e3o<\/a>&nbsp;&nbsp;&nbsp;&nbsp;&nbsp;&nbsp;&nbsp;<\/li>\n\n\n\n<li><a href=\"https:\/\/pos.uel.br\/estado\/wp-content\/uploads\/2022\/10\/Resolucao_050_2016_EST_Mensalidade.pdf\" data-type=\"URL\" data-id=\"https:\/\/pos.uel.br\/estado\/wp-content\/uploads\/2022\/10\/Resolucao_050_2016_EST_Mensalidade.pdf\" target=\"_blank\" rel=\"noreferrer noopener\">Resolu\u00e7\u00e3o_050_2016-EST-Mensalidade<\/a><\/li>\n\n\n\n<li><a href=\"https:\/\/pos.uel.br\/estado\/wp-content\/uploads\/2022\/10\/Resolucao_107_2012_EST-Vagas.pdf\" data-type=\"URL\" data-id=\"https:\/\/pos.uel.br\/estado\/wp-content\/uploads\/2022\/10\/Resolucao_107_2012_EST-Vagas.pdf\" target=\"_blank\" rel=\"noreferrer noopener\">Resolu\u00e7\u00e3o_107_2012-EST-Vagas<\/a><\/li>\n<\/ul>\n\n\n\n<p><strong>2017 -2018 &#8211; 2019 &nbsp;<\/strong>&nbsp;&nbsp;&nbsp;<\/p>\n\n\n\n<ul class=\"wp-block-list has-small-font-size\">\n<li><a href=\"https:\/\/pos.uel.br\/estado\/wp-content\/uploads\/2022\/10\/Delibercao_029_2006_EST_Reestruturacao.pdf\" data-type=\"URL\" data-id=\"https:\/\/pos.uel.br\/estado\/wp-content\/uploads\/2022\/10\/Delibercao_029_2006_EST_Reestruturacao.pdf\" target=\"_blank\" rel=\"noreferrer noopener\">Delibera\u00e7\u00e3o_029_2006-EST-Reestrutura\u00e7\u00e3o<\/a>&nbsp;&nbsp;&nbsp;&nbsp;&nbsp;&nbsp;&nbsp;<\/li>\n\n\n\n<li><a href=\"https:\/\/pos.uel.br\/estado\/wp-content\/uploads\/2022\/10\/Resolucao_050_2016_EST_Mensalidade.pdf\" data-type=\"URL\" data-id=\"https:\/\/pos.uel.br\/estado\/wp-content\/uploads\/2022\/10\/Resolucao_050_2016_EST_Mensalidade.pdf\" target=\"_blank\" rel=\"noreferrer noopener\">Resolu\u00e7\u00e3o_050_2016-EST-Mensalidade<\/a><\/li>\n\n\n\n<li><a href=\"https:\/\/pos.uel.br\/estado\/wp-content\/uploads\/2022\/10\/Resolucao_107_2012_EST-Vagas.pdf\" data-type=\"URL\" data-id=\"https:\/\/pos.uel.br\/estado\/wp-content\/uploads\/2022\/10\/Resolucao_107_2012_EST-Vagas.pdf\" target=\"_blank\" rel=\"noreferrer noopener\">Resolu\u00e7\u00e3o_107_2012-EST-Vagas<\/a><\/li>\n<\/ul>\n\n\n\n<p><strong>2016<\/strong>&nbsp;<\/p>\n\n\n\n<ul class=\"wp-block-list has-small-font-size\">\n<li><a href=\"https:\/\/pos.uel.br\/estado\/wp-content\/uploads\/2022\/10\/Delibercao_029_2006_EST_Reestruturacao.pdf\" data-type=\"URL\" data-id=\"https:\/\/pos.uel.br\/estado\/wp-content\/uploads\/2022\/10\/Delibercao_029_2006_EST_Reestruturacao.pdf\" target=\"_blank\" rel=\"noreferrer noopener\">Delibera\u00e7\u00e3o_029_2006-EST-Reestrutura\u00e7\u00e3o<\/a>&nbsp;&nbsp;&nbsp;&nbsp;&nbsp;&nbsp;&nbsp;<\/li>\n\n\n\n<li><a href=\"https:\/\/pos.uel.br\/estado\/wp-content\/uploads\/2022\/10\/Resolucao_091_2012_EST-Mensalidade.pdf\" data-type=\"URL\" data-id=\"https:\/\/pos.uel.br\/estado\/wp-content\/uploads\/2022\/10\/Resolucao_091_2012_EST-Mensalidade.pdf\" target=\"_blank\" rel=\"noreferrer noopener\">Resolu\u00e7\u00e3o_091_2012-EST-Mensalidade<\/a><\/li>\n\n\n\n<li><a href=\"https:\/\/pos.uel.br\/estado\/wp-content\/uploads\/2022\/10\/Resolucao_192_2009_EST_Vagas.pdf\" data-type=\"URL\" data-id=\"https:\/\/pos.uel.br\/estado\/wp-content\/uploads\/2022\/10\/Resolucao_192_2009_EST_Vagas.pdf\" target=\"_blank\" rel=\"noreferrer noopener\">Resolu\u00e7\u00e3o_192_2009-EST-Vagas<\/a><\/li>\n<\/ul>\n<\/div>\n\n\n\n<div class=\"wp-block-column is-vertically-aligned-center is-layout-flow wp-block-column-is-layout-flow\">\n<p class=\"has-text-align-center\">&nbsp;<\/p>\n\n\n<div class=\"wp-block-image is-resized is-style-default\">\n<figure class=\"aligncenter\"><img loading=\"lazy\" decoding=\"async\" width=\"795\" height=\"467\" src=\"https:\/\/pos.uel.br\/direitocivil\/wp-content\/uploads\/2022\/09\/ementas.png\" alt=\"\" class=\"wp-image-174\" style=\"width:366px;height:auto\" srcset=\"https:\/\/pos.uel.br\/estado\/wp-content\/uploads\/2022\/09\/ementas.png 795w, https:\/\/pos.uel.br\/estado\/wp-content\/uploads\/2022\/09\/ementas-300x176.png 300w, https:\/\/pos.uel.br\/estado\/wp-content\/uploads\/2022\/09\/ementas-768x451.png 768w\" sizes=\"auto, (max-width: 795px) 100vw, 795px\" \/><figcaption class=\"wp-element-caption\"><strong><a href=\"https:\/\/sistemas.uel.br\/portaldepos\/inscricao\/listarDadosCurso?cdCurso=465&amp;nrResolucao=66%2F2023\">EMENTAS<\/a><\/strong><\/figcaption><\/figure>\n<\/div><\/div>\n<\/div>\n\n\n\n<hr class=\"wp-block-separator has-text-color has-secondary-accent-color has-alpha-channel-opacity has-secondary-accent-background-color has-background is-style-wide\" \/>\n","protected":false},"excerpt":{"rendered":"<p>2026 2022 2020 &nbsp;&nbsp;&nbsp;&nbsp; 2017 -2018 &#8211; 2019 &nbsp;&nbsp;&nbsp;&nbsp; 2016&nbsp; &nbsp;<\/p>\n","protected":false},"author":7,"featured_media":0,"parent":0,"menu_order":0,"comment_status":"closed","ping_status":"closed","template":"","meta":{"_acf_changed":false,"_themeisle_gutenberg_block_has_review":false,"footnotes":""},"class_list":["post-31","page","type-page","status-publish","hentry"],"acf":[],"_links":{"self":[{"href":"https:\/\/pos.uel.br\/estado\/wp-json\/wp\/v2\/pages\/31","targetHints":{"allow":["GET"]}}],"collection":[{"href":"https:\/\/pos.uel.br\/estado\/wp-json\/wp\/v2\/pages"}],"about":[{"href":"https:\/\/pos.uel.br\/estado\/wp-json\/wp\/v2\/types\/page"}],"author":[{"embeddable":true,"href":"https:\/\/pos.uel.br\/estado\/wp-json\/wp\/v2\/users\/7"}],"replies":[{"embeddable":true,"href":"https:\/\/pos.uel.br\/estado\/wp-json\/wp\/v2\/comments?post=31"}],"version-history":[{"count":12,"href":"https:\/\/pos.uel.br\/estado\/wp-json\/wp\/v2\/pages\/31\/revisions"}],"predecessor-version":[{"id":863,"href":"https:\/\/pos.uel.br\/estado\/wp-json\/wp\/v2\/pages\/31\/revisions\/863"}],"wp:attachment":[{"href":"https:\/\/pos.uel.br\/estado\/wp-json\/wp\/v2\/media?parent=31"}],"curies":[{"name":"wp","href":"https:\/\/api.w.org\/{rel}","templated":true}]}}