{"id":44,"date":"2022-09-20T09:08:56","date_gmt":"2022-09-20T12:08:56","guid":{"rendered":"https:\/\/pos.uel.br\/est\/?page_id=44"},"modified":"2023-01-10T16:08:38","modified_gmt":"2023-01-10T19:08:38","slug":"corpo-docente","status":"publish","type":"page","link":"https:\/\/pos.uel.br\/est\/corpo-docente\/","title":{"rendered":"Corpo Docente"},"content":{"rendered":"\n<p><\/p>\n\n\n\n<figure class=\"wp-block-table\"><table class=\"has-primary-text-color has-text-color\"><tbody><tr><td class=\"has-text-align-center\" data-align=\"center\"><strong>Docente<\/strong><\/td><td class=\"has-text-align-center\" data-align=\"center\"><strong>Disciplina<\/strong><\/td><\/tr><tr><td class=\"has-text-align-center\" data-align=\"center\"><a href=\"http:\/\/buscatextual.cnpq.br\/buscatextual\/visualizacv.do?id=K4217698Z7&amp;tokenCaptchar=03AEkXODB_8yRXKMbXu-9_3rb_anV-eXpLBLFMU-8Yk3i-p-JasNFiuE--225uxChyoLdyBWCJSIlWvTQS0a8uDeUZQGflMRAf5wfTL1uuSr-i925dYosBxUdJ9tGPcaG7GTtXCDuT1GUX9jDsIXyATCGUUarKNPXEcxiCS15V1BK92MIZLIrSgZMYYGKtXRU7TT-wCEGnvo8032rLZY6e6Z0fKiYgwdqAOdWK6CcZKgN3t2LXV6a3jC7UxtmogkZTG29HKBSYADwJLq8RnxIj6uYiAifKZZNQjyxu29RLX1j-ucy7AmV_j5VHQS1mIHhK4Vu1bcv_HbKVk3v71_hsB4SaGLKDWddS3VKGi6HWT53aB-m8hjAJ7Ke-05TobarUk57pHWUf5RylSmn3nMI0HX_7YekUaIB3Pgf_er14rcOaC3yCe-JEUWU3_m5JCMizNmnH9wkUMiKsHevg65hd2lXYdtq2dDWcYtbFnJhDj-1q3R-Hx4saHeCTGq49HNoH84r6ZlhH9Bgy0pNh6rGbyJgOGM9PI_GUQQ\" target=\"_blank\" rel=\"noreferrer noopener\">Alessandro Rotunno<\/a><\/td><td class=\"has-text-align-center\" data-align=\"center\">Prote\u00e7\u00e3o do meio ambiente<\/td><\/tr><tr><td class=\"has-text-align-center\" data-align=\"center\"><a href=\"http:\/\/lattes.cnpq.br\/4458470879992002\" target=\"_blank\" rel=\"noreferrer noopener\">Aron Lopes Petrucci<\/a><\/td><td class=\"has-text-align-center\" data-align=\"center\">Prote\u00e7\u00e3o Contra Inc\u00eandio e Explos\u00f5es<\/td><\/tr><tr><td class=\"has-text-align-center\" data-align=\"center\"><a href=\"\/\/lattes.cnpq.br\/8376635853674441\" target=\"_blank\" rel=\"noreferrer noopener\">Caio Victor L. Rodrigues<\/a><\/td><td class=\"has-text-align-center\" data-align=\"center\">Metodologia de Pesquisa Aplicada \u00e0 Engenharia de Seguran\u00e7a do Trabalho<\/td><\/tr><tr><td class=\"has-text-align-center\" data-align=\"center\">Cl\u00e1udia Donald<\/td><td class=\"has-text-align-center\" data-align=\"center\">Condi\u00e7\u00f5es T\u00e9rmicas, Ac\u00fasticas e Luminosas no Ambiente de Trabalho<\/td><\/tr><tr><td class=\"has-text-align-center\" data-align=\"center\"><a href=\"http:\/\/lattes.cnpq.br\/9581308995467871\" target=\"_blank\" rel=\"noreferrer noopener\">Eduardo Contani<\/a><\/td><td class=\"has-text-align-center\" data-align=\"center\">Administra\u00e7\u00e3o Aplicada \u00e0 Engenharia de Seguran\u00e7a<\/td><\/tr><tr><td class=\"has-text-align-center\" data-align=\"center\"><a href=\"http:\/\/lattes.cnpq.br\/2419955212018580\" target=\"_blank\" rel=\"noreferrer noopener\">Jo\u00e3o Carlos Alves<\/a><\/td><td class=\"has-text-align-center\" data-align=\"center\">Risco Qu\u00edmico Ocupacional<\/td><\/tr><tr><td class=\"has-text-align-center\" data-align=\"center\"><a href=\"http:\/\/lattes.cnpq.br\/8989772779660221\" target=\"_blank\" rel=\"noreferrer noopener\">Jos\u00e9 Fernando Mangili J\u00fanior<\/a><\/td><td class=\"has-text-align-center\" data-align=\"center\">Ger\u00eancia de Riscos I e II<\/td><\/tr><tr><td class=\"has-text-align-center\" data-align=\"center\"><a href=\"http:\/\/lattes.cnpq.br\/6732144106493350\" target=\"_blank\" rel=\"noreferrer noopener\">Luciano Gardano Elias Bucharles<\/a><\/td><td class=\"has-text-align-center\" data-align=\"center\">Introdu\u00e7\u00e3o \u00e0 Engenharia de Seguran\u00e7a do Trabalho<\/td><\/tr><tr><td class=\"has-text-align-center\" data-align=\"center\"><a href=\"http:\/\/buscatextual.cnpq.br\/buscatextual\/visualizacv.do?metodo=apresentar&amp;id=K4718422A5\" target=\"_blank\" rel=\"noreferrer noopener\">Luiz Alberto Pereira Ribeiro<\/a><\/td><td class=\"has-text-align-center\" data-align=\"center\">Legisla\u00e7\u00e3o e normas t\u00e9cnicas<\/td><\/tr><tr><td class=\"has-text-align-center\" data-align=\"center\">Maur\u00edcio Andrade<\/td><td class=\"has-text-align-center\" data-align=\"center\">O Ambiente e as Doen\u00e7as do Trabalho<\/td><\/tr><tr><td class=\"has-text-align-center\" data-align=\"center\"><a href=\"http:\/\/lattes.cnpq.br\/2803798291521610\" target=\"_blank\" rel=\"noreferrer noopener\">Milena de Lima Barbosa<\/a><\/td><td class=\"has-text-align-center\" data-align=\"center\">Psicologia na Engenharia de Seguran\u00e7a, Comunica\u00e7\u00e3o e Treinamentos.<\/td><\/tr><tr><td class=\"has-text-align-center\" data-align=\"center\">M\u00f4nica Bastos<\/td><td class=\"has-text-align-center\" data-align=\"center\">Toxicologia Ocupacional<\/td><\/tr><tr><td class=\"has-text-align-center\" data-align=\"center\">Nilton Camargo Costa<\/td><td class=\"has-text-align-center\" data-align=\"center\">Preven\u00e7\u00e3o e Controle de Riscos em M\u00e1quinas, Equipamentos e Instala\u00e7\u00f5es II \/ Orienta\u00e7\u00e3o para Elabora\u00e7\u00e3o de Laudos T\u00e9cnicos e Levantamentos de Riscos Ambientais<\/td><\/tr><tr><td class=\"has-text-align-center\" data-align=\"center\"><a href=\"https:\/\/lattes.cnpq.br\/6342300482715283\" target=\"_blank\" rel=\"noreferrer noopener\">Rodrigo Nagata<\/a><\/td><td class=\"has-text-align-center\" data-align=\"center\">Radia\u00e7\u00f5es, Press\u00f5es elevadas e baixas no ambiente do trabalho<\/td><\/tr><tr><td class=\"has-text-align-center\" data-align=\"center\"><a href=\"http:\/\/lattes.cnpq.br\/3515336086991160\" target=\"_blank\" rel=\"noreferrer noopener\">S\u00e9rgio Marques Borghi<\/a><\/td><td class=\"has-text-align-center\" data-align=\"center\">Ergonomia<\/td><\/tr><tr><td class=\"has-text-align-center\" data-align=\"center\">St\u00e9fano S. Mitamura<\/td><td class=\"has-text-align-center\" data-align=\"center\">Preven\u00e7\u00e3o e Controle de Riscos em M\u00e1quinas, Equipamentos e Instala\u00e7\u00f5es I \/ Radia\u00e7\u00f5es, Press\u00f5es elevadas e baixas no ambiente do trabalho<\/td><\/tr><tr><td class=\"has-text-align-center\" data-align=\"center\"><a href=\"http:\/\/lattes.cnpq.br\/3320561572119474\" target=\"_blank\" rel=\"noreferrer noopener\">Wanessa R. Fazinga<\/a><\/td><td class=\"has-text-align-center\" data-align=\"center\">Preven\u00e7\u00e3o e Controle de Riscos em M\u00e1quinas, Equipamentos e Instala\u00e7\u00f5es I<\/td><\/tr><tr><td class=\"has-text-align-center\" data-align=\"center\"><a href=\"http:\/\/lattes.cnpq.br\/4692413862572616\" target=\"_blank\" rel=\"noreferrer noopener\">Wesley Renzi<\/a><\/td><td class=\"has-text-align-center\" data-align=\"center\">Radia\u00e7\u00f5es, Press\u00f5es elevadas e baixas no ambiente do trabalho<\/td><\/tr><\/tbody><\/table><\/figure>\n","protected":false},"excerpt":{"rendered":"<p>Docente Disciplina Alessandro Rotunno Prote\u00e7\u00e3o do meio ambiente Aron Lopes Petrucci Prote\u00e7\u00e3o Contra Inc\u00eandio e Explos\u00f5es Caio Victor L. Rodrigues Metodologia de Pesquisa Aplicada \u00e0 Engenharia de Seguran\u00e7a do Trabalho Cl\u00e1udia Donald Condi\u00e7\u00f5es T\u00e9rmicas, Ac\u00fasticas e Luminosas no Ambiente de Trabalho Eduardo Contani Administra\u00e7\u00e3o Aplicada \u00e0 Engenharia de Seguran\u00e7a Jo\u00e3o Carlos Alves Risco Qu\u00edmico Ocupacional [&hellip;]<\/p>\n","protected":false},"author":6,"featured_media":0,"parent":0,"menu_order":0,"comment_status":"closed","ping_status":"closed","template":"","meta":{"_acf_changed":false,"_themeisle_gutenberg_block_has_review":false,"footnotes":""},"class_list":["post-44","page","type-page","status-publish","hentry"],"acf":[],"_links":{"self":[{"href":"https:\/\/pos.uel.br\/est\/wp-json\/wp\/v2\/pages\/44","targetHints":{"allow":["GET"]}}],"collection":[{"href":"https:\/\/pos.uel.br\/est\/wp-json\/wp\/v2\/pages"}],"about":[{"href":"https:\/\/pos.uel.br\/est\/wp-json\/wp\/v2\/types\/page"}],"author":[{"embeddable":true,"href":"https:\/\/pos.uel.br\/est\/wp-json\/wp\/v2\/users\/6"}],"replies":[{"embeddable":true,"href":"https:\/\/pos.uel.br\/est\/wp-json\/wp\/v2\/comments?post=44"}],"version-history":[{"count":14,"href":"https:\/\/pos.uel.br\/est\/wp-json\/wp\/v2\/pages\/44\/revisions"}],"predecessor-version":[{"id":149,"href":"https:\/\/pos.uel.br\/est\/wp-json\/wp\/v2\/pages\/44\/revisions\/149"}],"wp:attachment":[{"href":"https:\/\/pos.uel.br\/est\/wp-json\/wp\/v2\/media?parent=44"}],"curies":[{"name":"wp","href":"https:\/\/api.w.org\/{rel}","templated":true}]}}

<p></p>



<figure class="wp-block-table"><table class="has-primary-text-color has-text-color"><tbody><tr><td class="has-text-align-center" data-align="center"><strong>Docente</strong></td><td class="has-text-align-center" data-align="center"><strong>Disciplina</strong></td></tr><tr><td class="has-text-align-center" data-align="center"><a href="http://buscatextual.cnpq.br/buscatextual/visualizacv.do?id=K4217698Z7&amp;tokenCaptchar=03AEkXODB_8yRXKMbXu-9_3rb_anV-eXpLBLFMU-8Yk3i-p-JasNFiuE--225uxChyoLdyBWCJSIlWvTQS0a8uDeUZQGflMRAf5wfTL1uuSr-i925dYosBxUdJ9tGPcaG7GTtXCDuT1GUX9jDsIXyATCGUUarKNPXEcxiCS15V1BK92MIZLIrSgZMYYGKtXRU7TT-wCEGnvo8032rLZY6e6Z0fKiYgwdqAOdWK6CcZKgN3t2LXV6a3jC7UxtmogkZTG29HKBSYADwJLq8RnxIj6uYiAifKZZNQjyxu29RLX1j-ucy7AmV_j5VHQS1mIHhK4Vu1bcv_HbKVk3v71_hsB4SaGLKDWddS3VKGi6HWT53aB-m8hjAJ7Ke-05TobarUk57pHWUf5RylSmn3nMI0HX_7YekUaIB3Pgf_er14rcOaC3yCe-JEUWU3_m5JCMizNmnH9wkUMiKsHevg65hd2lXYdtq2dDWcYtbFnJhDj-1q3R-Hx4saHeCTGq49HNoH84r6ZlhH9Bgy0pNh6rGbyJgOGM9PI_GUQQ" target="_blank" rel="noreferrer noopener">Alessandro Rotunno</a></td><td class="has-text-align-center" data-align="center">Proteção do meio ambiente</td></tr><tr><td class="has-text-align-center" data-align="center"><a href="http://lattes.cnpq.br/4458470879992002" target="_blank" rel="noreferrer noopener">Aron Lopes Petrucci</a></td><td class="has-text-align-center" data-align="center">Proteção Contra Incêndio e Explosões</td></tr><tr><td class="has-text-align-center" data-align="center"><a href="//lattes.cnpq.br/8376635853674441" target="_blank" rel="noreferrer noopener">Caio Victor L. Rodrigues</a></td><td class="has-text-align-center" data-align="center">Metodologia de Pesquisa Aplicada à Engenharia de Segurança do Trabalho</td></tr><tr><td class="has-text-align-center" data-align="center">Cláudia Donald</td><td class="has-text-align-center" data-align="center">Condições Térmicas, Acústicas e Luminosas no Ambiente de Trabalho</td></tr><tr><td class="has-text-align-center" data-align="center"><a href="http://lattes.cnpq.br/9581308995467871" target="_blank" rel="noreferrer noopener">Eduardo Contani</a></td><td class="has-text-align-center" data-align="center">Administração Aplicada à Engenharia de Segurança</td></tr><tr><td class="has-text-align-center" data-align="center"><a href="http://lattes.cnpq.br/2419955212018580" target="_blank" rel="noreferrer noopener">João Carlos Alves</a></td><td class="has-text-align-center" data-align="center">Risco Químico Ocupacional</td></tr><tr><td class="has-text-align-center" data-align="center"><a href="http://lattes.cnpq.br/8989772779660221" target="_blank" rel="noreferrer noopener">José Fernando Mangili Júnior</a></td><td class="has-text-align-center" data-align="center">Gerência de Riscos I e II</td></tr><tr><td class="has-text-align-center" data-align="center"><a href="http://lattes.cnpq.br/6732144106493350" target="_blank" rel="noreferrer noopener">Luciano Gardano Elias Bucharles</a></td><td class="has-text-align-center" data-align="center">Introdução à Engenharia de Segurança do Trabalho</td></tr><tr><td class="has-text-align-center" data-align="center"><a href="http://buscatextual.cnpq.br/buscatextual/visualizacv.do?metodo=apresentar&amp;id=K4718422A5" target="_blank" rel="noreferrer noopener">Luiz Alberto Pereira Ribeiro</a></td><td class="has-text-align-center" data-align="center">Legislação e normas técnicas</td></tr><tr><td class="has-text-align-center" data-align="center">Maurício Andrade</td><td class="has-text-align-center" data-align="center">O Ambiente e as Doenças do Trabalho</td></tr><tr><td class="has-text-align-center" data-align="center"><a href="http://lattes.cnpq.br/2803798291521610" target="_blank" rel="noreferrer noopener">Milena de Lima Barbosa</a></td><td class="has-text-align-center" data-align="center">Psicologia na Engenharia de Segurança, Comunicação e Treinamentos.</td></tr><tr><td class="has-text-align-center" data-align="center">Mônica Bastos</td><td class="has-text-align-center" data-align="center">Toxicologia Ocupacional</td></tr><tr><td class="has-text-align-center" data-align="center">Nilton Camargo Costa</td><td class="has-text-align-center" data-align="center">Prevenção e Controle de Riscos em Máquinas, Equipamentos e Instalações II / Orientação para Elaboração de Laudos Técnicos e Levantamentos de Riscos Ambientais</td></tr><tr><td class="has-text-align-center" data-align="center"><a href="https://lattes.cnpq.br/6342300482715283" target="_blank" rel="noreferrer noopener">Rodrigo Nagata</a></td><td class="has-text-align-center" data-align="center">Radiações, Pressões elevadas e baixas no ambiente do trabalho</td></tr><tr><td class="has-text-align-center" data-align="center"><a href="http://lattes.cnpq.br/3515336086991160" target="_blank" rel="noreferrer noopener">Sérgio Marques Borghi</a></td><td class="has-text-align-center" data-align="center">Ergonomia</td></tr><tr><td class="has-text-align-center" data-align="center">Stéfano S. Mitamura</td><td class="has-text-align-center" data-align="center">Prevenção e Controle de Riscos em Máquinas, Equipamentos e Instalações I / Radiações, Pressões elevadas e baixas no ambiente do trabalho</td></tr><tr><td class="has-text-align-center" data-align="center"><a href="http://lattes.cnpq.br/3320561572119474" target="_blank" rel="noreferrer noopener">Wanessa R. Fazinga</a></td><td class="has-text-align-center" data-align="center">Prevenção e Controle de Riscos em Máquinas, Equipamentos e Instalações I</td></tr><tr><td class="has-text-align-center" data-align="center"><a href="http://lattes.cnpq.br/4692413862572616" target="_blank" rel="noreferrer noopener">Wesley Renzi</a></td><td class="has-text-align-center" data-align="center">Radiações, Pressões elevadas e baixas no ambiente do trabalho</td></tr></tbody></table></figure>

<p>Docente Disciplina Alessandro Rotunno Proteção do meio ambiente Aron Lopes Petrucci Proteção Contra Incêndio e Explosões Caio Victor L. Rodrigues Metodologia de Pesquisa Aplicada à Engenharia de Segurança do Trabalho Cláudia Donald Condições Térmicas, Acústicas e Luminosas no Ambiente de Trabalho Eduardo Contani Administração Aplicada à Engenharia de Segurança João Carlos Alves Risco Químico Ocupacional [&hellip;]</p>
