{"id":294,"date":"2025-07-08T13:35:05","date_gmt":"2025-07-08T16:35:05","guid":{"rendered":"https:\/\/pos.uel.br\/est\/?page_id=294"},"modified":"2025-07-08T13:46:06","modified_gmt":"2025-07-08T16:46:06","slug":"localizacao","status":"publish","type":"page","link":"https:\/\/pos.uel.br\/est\/localizacao\/","title":{"rendered":"Localiza\u00e7\u00e3o"},"content":{"rendered":"\n<p>O Centro de Arquitetura e Urbanismo (CTU) atua com a forma\u00e7\u00e3o de profissionais para as \u00e1reas de engenharia, arquitetura e outras \u00e1reas tecnol\u00f3gicas em n\u00edvel de gradua\u00e7\u00e3o e p\u00f3s-gradua\u00e7\u00e3o. Localizado no cal\u00e7ad\u00e3o do Campus Universit\u00e1rio UEL.<\/p>\n\n\n\n<iframe src=\"https:\/\/www.google.com\/maps\/embed?pb=!1m18!1m12!1m3!1d3458.5706967467986!2d-51.20091322483394!3d-23.326651353010973!2m3!1f0!2f0!3f0!3m2!1i1024!2i768!4f13.1!3m3!1m2!1s0x94eb5ca1a33d1303%3A0x108912eed18c08b6!2sCTU%20-%20Centro%20de%20Tecnologia%20e%20Urbanismo!5e1!3m2!1spt-BR!2sbr!4v1751993081131!5m2!1spt-BR!2sbr\" width=\"1000\" height=\"600\" style=\"border:0;\" allowfullscreen=\"\" loading=\"lazy\" referrerpolicy=\"no-referrer-when-downgrade\"><\/iframe>\n","protected":false},"excerpt":{"rendered":"<p>O Centro de Arquitetura e Urbanismo (CTU) atua com a forma\u00e7\u00e3o de profissionais para as \u00e1reas de engenharia, arquitetura e outras \u00e1reas tecnol\u00f3gicas em n\u00edvel de gradua\u00e7\u00e3o e p\u00f3s-gradua\u00e7\u00e3o. Localizado no cal\u00e7ad\u00e3o do Campus Universit\u00e1rio UEL.<\/p>\n","protected":false},"author":8,"featured_media":0,"parent":0,"menu_order":0,"comment_status":"closed","ping_status":"closed","template":"","meta":{"_acf_changed":false,"_themeisle_gutenberg_block_has_review":false,"footnotes":""},"class_list":["post-294","page","type-page","status-publish","hentry"],"acf":[],"_links":{"self":[{"href":"https:\/\/pos.uel.br\/est\/wp-json\/wp\/v2\/pages\/294","targetHints":{"allow":["GET"]}}],"collection":[{"href":"https:\/\/pos.uel.br\/est\/wp-json\/wp\/v2\/pages"}],"about":[{"href":"https:\/\/pos.uel.br\/est\/wp-json\/wp\/v2\/types\/page"}],"author":[{"embeddable":true,"href":"https:\/\/pos.uel.br\/est\/wp-json\/wp\/v2\/users\/8"}],"replies":[{"embeddable":true,"href":"https:\/\/pos.uel.br\/est\/wp-json\/wp\/v2\/comments?post=294"}],"version-history":[{"count":2,"href":"https:\/\/pos.uel.br\/est\/wp-json\/wp\/v2\/pages\/294\/revisions"}],"predecessor-version":[{"id":300,"href":"https:\/\/pos.uel.br\/est\/wp-json\/wp\/v2\/pages\/294\/revisions\/300"}],"wp:attachment":[{"href":"https:\/\/pos.uel.br\/est\/wp-json\/wp\/v2\/media?parent=294"}],"curies":[{"name":"wp","href":"https:\/\/api.w.org\/{rel}","templated":true}]}}

Localização

<p>O Centro de Arquitetura e Urbanismo (CTU) atua com a formação de profissionais para as áreas de engenharia, arquitetura e outras áreas tecnológicas em nível de graduação e pós-graduação. Localizado no calçadão do Campus Universitário UEL.</p>



<iframe src="https://www.google.com/maps/embed?pb=!1m18!1m12!1m3!1d3458.5706967467986!2d-51.20091322483394!3d-23.326651353010973!2m3!1f0!2f0!3f0!3m2!1i1024!2i768!4f13.1!3m3!1m2!1s0x94eb5ca1a33d1303%3A0x108912eed18c08b6!2sCTU%20-%20Centro%20de%20Tecnologia%20e%20Urbanismo!5e1!3m2!1spt-BR!2sbr!4v1751993081131!5m2!1spt-BR!2sbr" width="1000" height="600" style="border:0;" allowfullscreen="" loading="lazy" referrerpolicy="no-referrer-when-downgrade"></iframe>

<p>O Centro de Arquitetura e Urbanismo (CTU) atua com a formação de profissionais para as áreas de engenharia, arquitetura e outras áreas tecnológicas em nível de graduação e pós-graduação. Localizado no calçadão do Campus Universitário UEL.</p>
