{"id":67,"date":"2025-08-08T16:08:21","date_gmt":"2025-08-08T19:08:21","guid":{"rendered":"https:\/\/pos.uel.br\/ergonomia\/?page_id=67"},"modified":"2025-08-08T17:02:57","modified_gmt":"2025-08-08T20:02:57","slug":"procedimentos-para-conclusao","status":"publish","type":"page","link":"https:\/\/pos.uel.br\/ergonomia\/procedimentos-para-conclusao\/","title":{"rendered":"Procedimentos para conclus\u00e3o"},"content":{"rendered":"\n<p><a><strong>Primeiros passos para o aluno providenciar a entrega da monografia:<\/strong><\/a><\/p>\n\n\n\n<ul class=\"wp-block-list\">\n<li><a>Verificar no Calend\u00e1rio do Lato Sensu o per\u00edodo de entrega de Artigos;<\/a><br>\u00a0<\/li>\n\n\n\n<li><a>Antes da entrega da Monografia, o aluno dever\u00e1 comparecer a Secretaria de P\u00f3s\/CECA e solicitar a \u201cAn\u00e1lise Curricular\u201d para saber se est\u00e1 APTO ou N\u00c3O para conclus\u00e3o do curso, caso n\u00e3o esteja APTO, o aluno dever\u00e1 regularizar sua situa\u00e7\u00e3o e s\u00f3 depois entregar a Monografia, que deve aconte\u00e7a dentro do prazo do Calend\u00e1rio.<br><strong>Obs.:<\/strong>\u00a0A Secretaria de P\u00f3s\/CECA n\u00e3o receber\u00e1 Monografias em que a situa\u00e7\u00e3o do aluno na \u201cAn\u00e1lise Curricular\u201d n\u00e3o esteja Apto<\/a><br><br><a><strong>Disciplinas<\/strong>\u00a0\u2013 obrigat\u00f3rio\u00a0<strong>aprova\u00e7\u00e3o em todas as disciplinas<\/strong>, bem como a\u00a0<strong>obten\u00e7\u00e3o de 24cr<\/strong>\u00a0para conclus\u00e3o do curso.<\/a><\/li>\n<\/ul>\n\n\n\n<p><a><strong>Documentos a serem entregues<\/strong><\/a>:<\/p>\n\n\n\n<figure class=\"wp-block-table is-style-stripes has-small-font-size\"><table class=\"has-fixed-layout\"><tbody><tr><td><\/td><td><strong>Documentos a serem enviados<\/strong><\/td><\/tr><tr><td><a><strong>MONOGRAFIA<\/strong><\/a><br><br><a>Para homologa\u00e7\u00e3o, o aluno dever\u00e1 entregar conforme calend\u00e1rio das atividades do curso de P\u00f3s-Gradua\u00e7\u00e3o&nbsp;<em>Lato sensu<\/em>, dispon\u00edvel na p\u00e1gina da UEL, para isso observar primeiro a data de t\u00e9rmino de seu Curso. Depois de entregue, a comiss\u00e3o ter\u00e1 50 dias para apresentar as notas da Avalia\u00e7\u00e3o ou solicitar Reformula\u00e7\u00e3o. Ser\u00e1a aprovado, na Monografia ou no TCCPG, o estudante que obtiver a m\u00e9dia m\u00ednima 7,0 (sete). Obs.: os exemplarese dever\u00e3o ser entregues na Secretaria de P\u00f3s-Gradu\u00e7\u00e3o do CECA.<\/a><\/td><td><a>01 Formul\u00e1rio de Indica\u00e7\u00e3o de Banca, preenchido por completo, de forma leg\u00edvel, sem abreviaturas e assinado pela Orienta\u00e7\u00e3o;<br><br>03 (Tr\u00eas) exemplares separados, em espiral<\/a><br><br>01 CD em PDF, quando exigido pelo Curso.<\/td><\/tr><tr><td><a><strong>REFORMULA\u00c7\u00c3O<\/strong><br><br>Quando solicitada pela comiss\u00e3o, ap\u00f3s lan\u00e7amento no sistema UEL, o aluno ser\u00e1 informado da data final para reformula\u00e7\u00e3o da monografia, sendo estre prazo de 60 dias para reformular e entregar na Secretaria de P\u00f3s\/CECA. A comiss\u00e3o, ap\u00f3s recebimento da monografia reformulada, ter\u00e1 prazo de 30 dias para informar \u00e0 Secretaria de P\u00f3s\/CECA as notas da Avalia\u00e7\u00e3o Final.<\/a><\/td><td><a>03 (Tr\u00eas) exemplares separados, em espiral<\/a><\/td><\/tr><tr><td><a><strong>VERS\u00c3O FINAL<\/strong><br><br>Ap\u00f3s aprova\u00e7\u00e3o, obtendo m\u00e9dia igual ou superior a 9,0.<\/a><\/td><td><a>01 Exemplar em Capa Dura para envio \u00e0 Biblioteca Central\/UEL.<\/a><\/td><\/tr><\/tbody><\/table><\/figure>\n\n\n\n<p><a><strong>Procedimentos para Conclus\u00e3o do Curso Fora de Prazo (Prorroga\u00e7\u00e3o\/Reingresso)<\/strong><\/a>:<\/p>\n\n\n\n<figure class=\"wp-block-table is-style-stripes has-small-font-size\"><table class=\"has-fixed-layout\"><tbody><tr><td><\/td><td><\/td><td><a><strong><br>Passos para Deferimento da Matr\u00edcula<\/strong><\/a><\/td><\/tr><tr><td><a><strong>PRORROGA\u00c7\u00c3O<\/strong><br>(valor da taxa para solicita\u00e7\u00e3o R$84,00)<\/a><\/td><td>O estudante do Lato sensu tem direito em solicitar somente uma prorroga\u00e7\u00e3o, que vale no m\u00e1ximo por um per\u00edodo letivo.<br><br><br>A PRORROGA\u00c7\u00c3O \u00e9 solicitada pelo estudante via Portal do Estudante, dentro do per\u00edodo estipulado no Calend\u00e1rio vigente da PROPPG,&nbsp;<a href=\"http:\/\/www.uel.br\/proppg\/portalnovo\/pages\/calendario-academico\/lato-sensu.php\"><strong>(verificar Calend\u00e1rio dispon\u00edvel na p\u00e1gina da PROPPG)<\/strong><\/a>;<br><br><br>A solicita\u00e7\u00e3o de Prorroga\u00e7\u00e3o dever\u00e1 ser feita somente quando N\u00c3O houver a possibilidade de conclus\u00e3o da MONOGRAFIA dentro do prazo final de seu curso<\/td><td>Ap\u00f3s a solicita\u00e7\u00e3o de PRORROGA\u00c7\u00c3O via Portal do Estudante, ser\u00e1 direcionado Via Web um comunicado ao Orientador do Estudante, onde este dar\u00e1 seu parecer Deferindo ou Indeferindo, ap\u00f3s, ser\u00e1 direcionado ao Coordenador do Curso que finalizar\u00e1 a solicita\u00e7\u00e3o, na sequencia ser\u00e1 disparado um e-mail ao estudante comunicando o resultado da solicita\u00e7\u00e3o, sendo favor\u00e1vel, ser\u00e1 comunicado ao estudante para confirmar sua matr\u00edcula Via Portal do Estudante, que ap\u00f3s confirma\u00e7\u00e3o dar\u00e1 sequ\u00eancia a impress\u00e3o dos boletos referente as mensalidades dos meses da Prorroga\u00e7\u00e3o.<br><br>Na Prorroga\u00e7\u00e3o, o estudante ap\u00f3s depositar sua Monografia na Secretaria de P\u00f3s\/CECA, poder\u00e1 solicitar cancelamento do compromisso financeiro atrav\u00e9s do formul\u00e1rio Requerimento Geral<\/td><\/tr><tr><td><a><strong>REINGRESSO<\/strong><br>(Valor da taxa para solicita\u00e7\u00e3o R$17,00)<\/a><\/td><td><a>O aluno do Lato sensu s\u00f3 poder\u00e1 solicitar reingresso para conclus\u00e3o da Monografia, enquanto n\u00e3o houver reestrutura\u00e7\u00e3o de seu Curso e ter turma em andamento.<br><br><br>Para o reingresso o aluno tem seis meses corridos para conclus\u00e3o da Monografia.<br><br><br>O Reingresso \u00e9 solicitado atrav\u00e9s do&nbsp;<\/a><a href=\"http:\/\/www.uel.br\/proppg\/portal\/pages\/arquivos\/pos-graduacao\/formularios\/RequerimentoGeral2012.xls\"><strong>formul\u00e1rio Requerimento Geral<\/strong><\/a><a>, que ap\u00f3s retirado o BOLETO no balc\u00e3o de atendimento da PROPPG, efetuado o pagamento, o solicitante preenche o Requerimento e protocola no Setor de Protocolo da UEL \u2013 SAUEL.<\/a><\/td><td><a>O Requerimento Geral, depois de protocolado e Deferido pela Coordena\u00e7\u00e3o do Curso, a PROPPG enviar\u00e1 um comunicado ao estudante estabelecendo um per\u00edodo para vir at\u00e9 o balc\u00e3o de atendimento da PROPPG, realizar sua Matr\u00edcula.<br><br><br>No Reingresso, o estudante dever\u00e1 pagar no m\u00ednimo 3 (tr\u00eas) parcelas e no m\u00e1ximo 6 parcelas para concluir o Curso. \u201cCaso\u201d, o estudante tenha terminado antes do vencimento do prazo, ap\u00f3s tr\u00eas parcelas pagar, poder\u00e1 solicitar o cancelamento do compromisso financeiro atrav\u00e9s do formul\u00e1rio Requerimento Gera<\/a>l.<\/td><\/tr><\/tbody><\/table><\/figure>\n\n\n\n<div class=\"wp-block-columns is-layout-flex wp-container-core-columns-is-layout-9d6595d7 wp-block-columns-is-layout-flex\">\n<div class=\"wp-block-column is-layout-flow wp-block-column-is-layout-flow\"><\/div>\n<\/div>\n\n\n\n<p><\/p>\n","protected":false},"excerpt":{"rendered":"<p>Primeiros passos para o aluno providenciar a entrega da monografia: Documentos a serem entregues: Documentos a serem enviados MONOGRAFIA Para homologa\u00e7\u00e3o, o aluno dever\u00e1 entregar conforme calend\u00e1rio das atividades do curso de P\u00f3s-Gradua\u00e7\u00e3o&nbsp;Lato sensu, dispon\u00edvel na p\u00e1gina da UEL, para isso observar primeiro a data de t\u00e9rmino de seu Curso. Depois de entregue, a comiss\u00e3o [&hellip;]<\/p>\n","protected":false},"author":6,"featured_media":0,"parent":0,"menu_order":0,"comment_status":"closed","ping_status":"closed","template":"","meta":{"_acf_changed":false,"_themeisle_gutenberg_block_has_review":false,"footnotes":""},"class_list":["post-67","page","type-page","status-publish","hentry"],"acf":[],"_links":{"self":[{"href":"https:\/\/pos.uel.br\/ergonomia\/wp-json\/wp\/v2\/pages\/67","targetHints":{"allow":["GET"]}}],"collection":[{"href":"https:\/\/pos.uel.br\/ergonomia\/wp-json\/wp\/v2\/pages"}],"about":[{"href":"https:\/\/pos.uel.br\/ergonomia\/wp-json\/wp\/v2\/types\/page"}],"author":[{"embeddable":true,"href":"https:\/\/pos.uel.br\/ergonomia\/wp-json\/wp\/v2\/users\/6"}],"replies":[{"embeddable":true,"href":"https:\/\/pos.uel.br\/ergonomia\/wp-json\/wp\/v2\/comments?post=67"}],"version-history":[{"count":4,"href":"https:\/\/pos.uel.br\/ergonomia\/wp-json\/wp\/v2\/pages\/67\/revisions"}],"predecessor-version":[{"id":106,"href":"https:\/\/pos.uel.br\/ergonomia\/wp-json\/wp\/v2\/pages\/67\/revisions\/106"}],"wp:attachment":[{"href":"https:\/\/pos.uel.br\/ergonomia\/wp-json\/wp\/v2\/media?parent=67"}],"curies":[{"name":"wp","href":"https:\/\/api.w.org\/{rel}","templated":true}]}}