{"id":63,"date":"2025-08-08T16:07:28","date_gmt":"2025-08-08T19:07:28","guid":{"rendered":"https:\/\/pos.uel.br\/ergonomia\/?page_id=63"},"modified":"2025-08-12T15:01:41","modified_gmt":"2025-08-12T18:01:41","slug":"selecao","status":"publish","type":"page","link":"https:\/\/pos.uel.br\/ergonomia\/selecao\/","title":{"rendered":"Sele\u00e7\u00e3o"},"content":{"rendered":"\n<p>A sele\u00e7\u00e3o dos candidatos ser\u00e1 de responsabilidade da Comiss\u00e3o Coordenadora do Curso, ou de Comiss\u00e3o de Sele\u00e7\u00e3o por ela designada.<\/p>\n\n\n\n<p><strong>Processo de sele\u00e7\u00e3o<\/strong><\/p>\n\n\n\n<p><em>A sele\u00e7\u00e3o acontecer\u00e1 por meio de avalia\u00e7\u00e3o de curr\u00edculo<\/em><\/p>\n\n\n\n<p><strong>Do Recurso<\/strong><\/p>\n\n\n\n<p>O candidato que n\u00e3o concordar com o resultado do processo de sele\u00e7\u00e3o ter\u00e1 o prazo de 2 (dois) dias \u00fateis, a partir da data de sua divulga\u00e7\u00e3o, para a interposi\u00e7\u00e3o de recurso. A solicita\u00e7\u00e3o dever\u00e1 ser dirigida ao(a) Coordenador(a) do Curso de P\u00f3sGradua\u00e7\u00e3o, via e-mail spg.latosensu@uel.br e vanesssa@uel.br. Os recursos interpostos fora de prazo n\u00e3o ser\u00e3o admitidos, nem analisados quanto ao m\u00e9rito. Os recursos dever\u00e3o estar devidamente fundamentados e as respostas aos recursos interpostos ser\u00e3o encaminhadas ao requerente via e-mail, pela Coordena\u00e7\u00e3o do Curso&nbsp;<strong>Ergonomia<\/strong>.<\/p>\n\n\n\n<div class=\"wp-block-columns is-layout-flex wp-container-core-columns-is-layout-9d6595d7 wp-block-columns-is-layout-flex\">\n<div class=\"wp-block-column is-layout-flow wp-block-column-is-layout-flow\"><\/div>\n<\/div>\n\n\n\n<p><\/p>\n","protected":false},"excerpt":{"rendered":"<p>A sele\u00e7\u00e3o dos candidatos ser\u00e1 de responsabilidade da Comiss\u00e3o Coordenadora do Curso, ou de Comiss\u00e3o de Sele\u00e7\u00e3o por ela designada. Processo de sele\u00e7\u00e3o A sele\u00e7\u00e3o acontecer\u00e1 por meio de avalia\u00e7\u00e3o de curr\u00edculo Do Recurso O candidato que n\u00e3o concordar com o resultado do processo de sele\u00e7\u00e3o ter\u00e1 o prazo de 2 (dois) dias \u00fateis, a [&hellip;]<\/p>\n","protected":false},"author":6,"featured_media":0,"parent":0,"menu_order":0,"comment_status":"closed","ping_status":"closed","template":"","meta":{"_acf_changed":false,"_themeisle_gutenberg_block_has_review":false,"footnotes":""},"class_list":["post-63","page","type-page","status-publish","hentry"],"acf":[],"_links":{"self":[{"href":"https:\/\/pos.uel.br\/ergonomia\/wp-json\/wp\/v2\/pages\/63","targetHints":{"allow":["GET"]}}],"collection":[{"href":"https:\/\/pos.uel.br\/ergonomia\/wp-json\/wp\/v2\/pages"}],"about":[{"href":"https:\/\/pos.uel.br\/ergonomia\/wp-json\/wp\/v2\/types\/page"}],"author":[{"embeddable":true,"href":"https:\/\/pos.uel.br\/ergonomia\/wp-json\/wp\/v2\/users\/6"}],"replies":[{"embeddable":true,"href":"https:\/\/pos.uel.br\/ergonomia\/wp-json\/wp\/v2\/comments?post=63"}],"version-history":[{"count":7,"href":"https:\/\/pos.uel.br\/ergonomia\/wp-json\/wp\/v2\/pages\/63\/revisions"}],"predecessor-version":[{"id":123,"href":"https:\/\/pos.uel.br\/ergonomia\/wp-json\/wp\/v2\/pages\/63\/revisions\/123"}],"wp:attachment":[{"href":"https:\/\/pos.uel.br\/ergonomia\/wp-json\/wp\/v2\/media?parent=63"}],"curies":[{"name":"wp","href":"https:\/\/api.w.org\/{rel}","templated":true}]}}

Seleção

<p>A seleção dos candidatos será de responsabilidade da Comissão Coordenadora do Curso, ou de Comissão de Seleção por ela designada.</p>



<p><strong>Processo de seleção</strong></p>



<p><em>A seleção acontecerá por meio de avaliação de currículo</em></p>



<p><strong>Do Recurso</strong></p>



<p>O candidato que não concordar com o resultado do processo de seleção terá o prazo de 2 (dois) dias úteis, a partir da data de sua divulgação, para a interposição de recurso. A solicitação deverá ser dirigida ao(a) Coordenador(a) do Curso de PósGraduação, via e-mail spg.latosensu@uel.br e vanesssa@uel.br. Os recursos interpostos fora de prazo não serão admitidos, nem analisados quanto ao mérito. Os recursos deverão estar devidamente fundamentados e as respostas aos recursos interpostos serão encaminhadas ao requerente via e-mail, pela Coordenação do Curso&nbsp;<strong>Ergonomia</strong>.</p>



<div class="wp-block-columns is-layout-flex wp-container-core-columns-is-layout-9d6595d7 wp-block-columns-is-layout-flex">
<div class="wp-block-column is-layout-flow wp-block-column-is-layout-flow"></div>
</div>



<p></p>

<p>A seleção dos candidatos será de responsabilidade da Comissão Coordenadora do Curso, ou de Comissão de Seleção por ela designada. Processo de seleção A seleção acontecerá por meio de avaliação de currículo Do Recurso O candidato que não concordar com o resultado do processo de seleção terá o prazo de 2 (dois) dias úteis, a [&hellip;]</p>
