{"id":19,"date":"2025-08-08T11:03:30","date_gmt":"2025-08-08T14:03:30","guid":{"rendered":"https:\/\/pos.uel.br\/ergonomia\/?page_id=19"},"modified":"2025-08-08T15:30:02","modified_gmt":"2025-08-08T18:30:02","slug":"localizacao","status":"publish","type":"page","link":"https:\/\/pos.uel.br\/ergonomia\/localizacao\/","title":{"rendered":"Localiza\u00e7\u00e3o"},"content":{"rendered":"\n<p>CECA \u2013 Centro de Educa\u00e7\u00e3o, Comunica\u00e7\u00e3o e Artes.<\/p>\n\n\n\n<iframe src=\"https:\/\/www.google.com\/maps\/embed?pb=!1m18!1m12!1m3!1d3663.751634003976!2d-51.209032224833955!3d-23.324768452942525!2m3!1f0!2f0!3f0!3m2!1i1024!2i768!4f13.1!3m3!1m2!1s0x94eb5b620f955e77%3A0x5ea71bbe0bc7cbd2!2zQ0VDQSAtIENlbnRybyBkZSBFZHVjYcOnw6NvLCBDb211bmljYcOnw6NvIGUgQXJ0ZXM!5e0!3m2!1spt-BR!2sbr!4v1754677598112!5m2!1spt-BR!2sbr\" width=\"1200\" height=\"600\" style=\"border:0;\" allowfullscreen=\"\" loading=\"lazy\" referrerpolicy=\"no-referrer-when-downgrade\"><\/iframe>\n","protected":false},"excerpt":{"rendered":"<p>CECA \u2013 Centro de Educa\u00e7\u00e3o, Comunica\u00e7\u00e3o e Artes.<\/p>\n","protected":false},"author":6,"featured_media":0,"parent":0,"menu_order":0,"comment_status":"closed","ping_status":"closed","template":"","meta":{"_acf_changed":false,"_themeisle_gutenberg_block_has_review":false,"footnotes":""},"class_list":["post-19","page","type-page","status-publish","hentry"],"acf":[],"_links":{"self":[{"href":"https:\/\/pos.uel.br\/ergonomia\/wp-json\/wp\/v2\/pages\/19","targetHints":{"allow":["GET"]}}],"collection":[{"href":"https:\/\/pos.uel.br\/ergonomia\/wp-json\/wp\/v2\/pages"}],"about":[{"href":"https:\/\/pos.uel.br\/ergonomia\/wp-json\/wp\/v2\/types\/page"}],"author":[{"embeddable":true,"href":"https:\/\/pos.uel.br\/ergonomia\/wp-json\/wp\/v2\/users\/6"}],"replies":[{"embeddable":true,"href":"https:\/\/pos.uel.br\/ergonomia\/wp-json\/wp\/v2\/comments?post=19"}],"version-history":[{"count":5,"href":"https:\/\/pos.uel.br\/ergonomia\/wp-json\/wp\/v2\/pages\/19\/revisions"}],"predecessor-version":[{"id":52,"href":"https:\/\/pos.uel.br\/ergonomia\/wp-json\/wp\/v2\/pages\/19\/revisions\/52"}],"wp:attachment":[{"href":"https:\/\/pos.uel.br\/ergonomia\/wp-json\/wp\/v2\/media?parent=19"}],"curies":[{"name":"wp","href":"https:\/\/api.w.org\/{rel}","templated":true}]}}

Localização

<p>CECA – Centro de Educação, Comunicação e Artes.</p>



<iframe src="https://www.google.com/maps/embed?pb=!1m18!1m12!1m3!1d3663.751634003976!2d-51.209032224833955!3d-23.324768452942525!2m3!1f0!2f0!3f0!3m2!1i1024!2i768!4f13.1!3m3!1m2!1s0x94eb5b620f955e77%3A0x5ea71bbe0bc7cbd2!2zQ0VDQSAtIENlbnRybyBkZSBFZHVjYcOnw6NvLCBDb211bmljYcOnw6NvIGUgQXJ0ZXM!5e0!3m2!1spt-BR!2sbr!4v1754677598112!5m2!1spt-BR!2sbr" width="1200" height="600" style="border:0;" allowfullscreen="" loading="lazy" referrerpolicy="no-referrer-when-downgrade"></iframe>

<p>CECA – Centro de Educação, Comunicação e Artes.</p>
