{"id":14,"date":"2025-08-08T11:01:15","date_gmt":"2025-08-08T14:01:15","guid":{"rendered":"https:\/\/pos.uel.br\/ergonomia\/?page_id=14"},"modified":"2025-12-18T16:24:34","modified_gmt":"2025-12-18T19:24:34","slug":"corpo-docente","status":"publish","type":"page","link":"https:\/\/pos.uel.br\/ergonomia\/corpo-docente\/","title":{"rendered":"Corpo Docente"},"content":{"rendered":"\n<p><\/p>\n\n\n\n<figure class=\"wp-block-table is-style-stripes\"><table class=\"has-background\" style=\"background-color:#fafafa\"><thead><tr><th class=\"has-text-align-left\" data-align=\"left\"><strong>DISCIPLINA<\/strong><\/th><th><strong>DOCENTE<\/strong><\/th><th class=\"has-text-align-center\" data-align=\"center\"><strong>C.H. DA<\/strong><br><strong>DISCIPLINA<\/strong><\/th><th class=\"has-text-align-center\" data-align=\"center\"><strong>N\u00ba DE HORAS<\/strong><br><strong>DISPON\u00cdVEIS P\/O CURSO DE P\u00d3S-GRAD.<\/strong><\/th><th class=\"has-text-align-center\" data-align=\"center\"><strong>REGIME DE TRABALHO<\/strong><br><strong>NA UEL<\/strong><\/th><\/tr><\/thead><tbody><tr><td class=\"has-text-align-left\" data-align=\"left\">Ergonomia: fundamentos e pr\u00e1tica profissional.<\/td><td>Doutorando Murilo Crivellari Camargo<\/td><td class=\"has-text-align-center\" data-align=\"center\">30h<\/td><td class=\"has-text-align-center\" data-align=\"center\">30h<\/td><td class=\"has-text-align-center\" data-align=\"center\">20h<\/td><\/tr><tr><td class=\"has-text-align-left\" data-align=\"left\">Fatores Humanos no Trabalho.<\/td><td>Dr. Francisco Ant\u00f4nio Pereira Fialho<\/td><td class=\"has-text-align-center\" data-align=\"center\">30h<\/td><td class=\"has-text-align-center\" data-align=\"center\">30h<\/td><td class=\"has-text-align-center\" data-align=\"center\">&#8211;<\/td><\/tr><tr><td class=\"has-text-align-left\" data-align=\"left\">Fundamentos da Fisiologia do Trabalho.<\/td><td>Dr. Mauro Leonelli<\/td><td class=\"has-text-align-center\" data-align=\"center\">30h<\/td><td class=\"has-text-align-center\" data-align=\"center\">30h<\/td><td class=\"has-text-align-center\" data-align=\"center\">40h<\/td><\/tr><tr><td class=\"has-text-align-left\" data-align=\"left\">Antropometria e Biomec\u00e2nica Ocupacional em Ergodesign.<\/td><td>Especialista Jos\u00e9 Marcelo de Oliveira Penteado<\/td><td class=\"has-text-align-center\" data-align=\"center\">30h<\/td><td class=\"has-text-align-center\" data-align=\"center\">30h<\/td><td class=\"has-text-align-center\" data-align=\"center\">&#8211;<\/td><\/tr><tr><td class=\"has-text-align-left\" data-align=\"left\">Conforto Ambiental em Ergodesign.<\/td><td>Dra. Juliana Prestes Ribeiro de Faria<\/td><td class=\"has-text-align-center\" data-align=\"center\">30h<\/td><td class=\"has-text-align-center\" data-align=\"center\">30h<\/td><td class=\"has-text-align-center\" data-align=\"center\">&#8211;<\/td><\/tr><tr><td class=\"has-text-align-left\" data-align=\"left\">Ergonomia Cognitiva.<\/td><td>PhD. Ana Paula Perfetto Demarchi<\/td><td class=\"has-text-align-center\" data-align=\"center\">45h<\/td><td class=\"has-text-align-center\" data-align=\"center\">45h<\/td><td class=\"has-text-align-center\" data-align=\"center\">40h<\/td><\/tr><tr><td class=\"has-text-align-left\" data-align=\"left\">Interface Homem-Computador<\/td><td>PhD. Vanessa Tavares de O. Barros<\/td><td class=\"has-text-align-center\" data-align=\"center\">30h<\/td><td class=\"has-text-align-center\" data-align=\"center\">30h<\/td><td class=\"has-text-align-center\" data-align=\"center\">40h<\/td><\/tr><tr><td class=\"has-text-align-left\" data-align=\"left\">Organiza\u00e7\u00e3o do Trabalho.<\/td><td>Dr. Rodolfo Miranda de Barros<\/td><td class=\"has-text-align-center\" data-align=\"center\">30h<\/td><td class=\"has-text-align-center\" data-align=\"center\">30h<\/td><td class=\"has-text-align-center\" data-align=\"center\">40h<\/td><\/tr><tr><td class=\"has-text-align-left\" data-align=\"left\">Macroergonomia.<\/td><td>Dra. Cristiane Affonso de A. Zerbetto<\/td><td class=\"has-text-align-center\" data-align=\"center\">45h<\/td><td class=\"has-text-align-center\" data-align=\"center\">45h<\/td><td class=\"has-text-align-center\" data-align=\"center\">40h<\/td><\/tr><tr><td class=\"has-text-align-left\" data-align=\"left\">An\u00e1lise Ergon\u00f4mica do Trabalho.<\/td><td>Mestre Samuel Tereza Domiciano<\/td><td class=\"has-text-align-center\" data-align=\"center\">45h<\/td><td class=\"has-text-align-center\" data-align=\"center\">45h<\/td><td class=\"has-text-align-center\" data-align=\"center\">&#8211;<\/td><\/tr><tr><td class=\"has-text-align-left\" data-align=\"left\">Pesquisa e Desenvolvimento em Ergonomia.<\/td><td>Dra. Seila Cibele Sitta Preto<\/td><td class=\"has-text-align-center\" data-align=\"center\">15h<\/td><td class=\"has-text-align-center\" data-align=\"center\">15h<\/td><td class=\"has-text-align-center\" data-align=\"center\">40h<\/td><\/tr><tr><td class=\"has-text-align-left\" data-align=\"left\">Atividades Pr\u00e1ticas de Campo<\/td><td>Orientadores<\/td><td class=\"has-text-align-center\" data-align=\"center\">90h<\/td><td class=\"has-text-align-center\" data-align=\"center\">&#8211;<\/td><td class=\"has-text-align-center\" data-align=\"center\">&#8211;<\/td><\/tr><tr><td class=\"has-text-align-left\" data-align=\"left\">Trabalho de Conclus\u00e3o de Curso<\/td><td>Orientadores<\/td><td class=\"has-text-align-center\" data-align=\"center\">&#8211;<\/td><td class=\"has-text-align-center\" data-align=\"center\">&#8211;<\/td><td class=\"has-text-align-center\" data-align=\"center\">&#8211;<\/td><\/tr><\/tbody><\/table><\/figure>\n\n\n\n<p><\/p>\n","protected":false},"excerpt":{"rendered":"<p>DISCIPLINA DOCENTE C.H. DADISCIPLINA N\u00ba DE HORASDISPON\u00cdVEIS P\/O CURSO DE P\u00d3S-GRAD. REGIME DE TRABALHONA UEL Ergonomia: fundamentos e pr\u00e1tica profissional. Doutorando Murilo Crivellari Camargo 30h 30h 20h Fatores Humanos no Trabalho. Dr. Francisco Ant\u00f4nio Pereira Fialho 30h 30h &#8211; Fundamentos da Fisiologia do Trabalho. Dr. Mauro Leonelli 30h 30h 40h Antropometria e Biomec\u00e2nica Ocupacional em [&hellip;]<\/p>\n","protected":false},"author":6,"featured_media":0,"parent":0,"menu_order":0,"comment_status":"closed","ping_status":"closed","template":"","meta":{"_acf_changed":false,"_themeisle_gutenberg_block_has_review":false,"footnotes":""},"class_list":["post-14","page","type-page","status-publish","hentry"],"acf":[],"_links":{"self":[{"href":"https:\/\/pos.uel.br\/ergonomia\/wp-json\/wp\/v2\/pages\/14","targetHints":{"allow":["GET"]}}],"collection":[{"href":"https:\/\/pos.uel.br\/ergonomia\/wp-json\/wp\/v2\/pages"}],"about":[{"href":"https:\/\/pos.uel.br\/ergonomia\/wp-json\/wp\/v2\/types\/page"}],"author":[{"embeddable":true,"href":"https:\/\/pos.uel.br\/ergonomia\/wp-json\/wp\/v2\/users\/6"}],"replies":[{"embeddable":true,"href":"https:\/\/pos.uel.br\/ergonomia\/wp-json\/wp\/v2\/comments?post=14"}],"version-history":[{"count":4,"href":"https:\/\/pos.uel.br\/ergonomia\/wp-json\/wp\/v2\/pages\/14\/revisions"}],"predecessor-version":[{"id":158,"href":"https:\/\/pos.uel.br\/ergonomia\/wp-json\/wp\/v2\/pages\/14\/revisions\/158"}],"wp:attachment":[{"href":"https:\/\/pos.uel.br\/ergonomia\/wp-json\/wp\/v2\/media?parent=14"}],"curies":[{"name":"wp","href":"https:\/\/api.w.org\/{rel}","templated":true}]}}

<p></p>



<figure class="wp-block-table is-style-stripes"><table class="has-background" style="background-color:#fafafa"><thead><tr><th class="has-text-align-left" data-align="left"><strong>DISCIPLINA</strong></th><th><strong>DOCENTE</strong></th><th class="has-text-align-center" data-align="center"><strong>C.H. DA</strong><br><strong>DISCIPLINA</strong></th><th class="has-text-align-center" data-align="center"><strong>Nº DE HORAS</strong><br><strong>DISPONÍVEIS P/O CURSO DE PÓS-GRAD.</strong></th><th class="has-text-align-center" data-align="center"><strong>REGIME DE TRABALHO</strong><br><strong>NA UEL</strong></th></tr></thead><tbody><tr><td class="has-text-align-left" data-align="left">Ergonomia: fundamentos e prática profissional.</td><td>Doutorando Murilo Crivellari Camargo</td><td class="has-text-align-center" data-align="center">30h</td><td class="has-text-align-center" data-align="center">30h</td><td class="has-text-align-center" data-align="center">20h</td></tr><tr><td class="has-text-align-left" data-align="left">Fatores Humanos no Trabalho.</td><td>Dr. Francisco Antônio Pereira Fialho</td><td class="has-text-align-center" data-align="center">30h</td><td class="has-text-align-center" data-align="center">30h</td><td class="has-text-align-center" data-align="center">&#8211;</td></tr><tr><td class="has-text-align-left" data-align="left">Fundamentos da Fisiologia do Trabalho.</td><td>Dr. Mauro Leonelli</td><td class="has-text-align-center" data-align="center">30h</td><td class="has-text-align-center" data-align="center">30h</td><td class="has-text-align-center" data-align="center">40h</td></tr><tr><td class="has-text-align-left" data-align="left">Antropometria e Biomecânica Ocupacional em Ergodesign.</td><td>Especialista José Marcelo de Oliveira Penteado</td><td class="has-text-align-center" data-align="center">30h</td><td class="has-text-align-center" data-align="center">30h</td><td class="has-text-align-center" data-align="center">&#8211;</td></tr><tr><td class="has-text-align-left" data-align="left">Conforto Ambiental em Ergodesign.</td><td>Dra. Juliana Prestes Ribeiro de Faria</td><td class="has-text-align-center" data-align="center">30h</td><td class="has-text-align-center" data-align="center">30h</td><td class="has-text-align-center" data-align="center">&#8211;</td></tr><tr><td class="has-text-align-left" data-align="left">Ergonomia Cognitiva.</td><td>PhD. Ana Paula Perfetto Demarchi</td><td class="has-text-align-center" data-align="center">45h</td><td class="has-text-align-center" data-align="center">45h</td><td class="has-text-align-center" data-align="center">40h</td></tr><tr><td class="has-text-align-left" data-align="left">Interface Homem-Computador</td><td>PhD. Vanessa Tavares de O. Barros</td><td class="has-text-align-center" data-align="center">30h</td><td class="has-text-align-center" data-align="center">30h</td><td class="has-text-align-center" data-align="center">40h</td></tr><tr><td class="has-text-align-left" data-align="left">Organização do Trabalho.</td><td>Dr. Rodolfo Miranda de Barros</td><td class="has-text-align-center" data-align="center">30h</td><td class="has-text-align-center" data-align="center">30h</td><td class="has-text-align-center" data-align="center">40h</td></tr><tr><td class="has-text-align-left" data-align="left">Macroergonomia.</td><td>Dra. Cristiane Affonso de A. Zerbetto</td><td class="has-text-align-center" data-align="center">45h</td><td class="has-text-align-center" data-align="center">45h</td><td class="has-text-align-center" data-align="center">40h</td></tr><tr><td class="has-text-align-left" data-align="left">Análise Ergonômica do Trabalho.</td><td>Mestre Samuel Tereza Domiciano</td><td class="has-text-align-center" data-align="center">45h</td><td class="has-text-align-center" data-align="center">45h</td><td class="has-text-align-center" data-align="center">&#8211;</td></tr><tr><td class="has-text-align-left" data-align="left">Pesquisa e Desenvolvimento em Ergonomia.</td><td>Dra. Seila Cibele Sitta Preto</td><td class="has-text-align-center" data-align="center">15h</td><td class="has-text-align-center" data-align="center">15h</td><td class="has-text-align-center" data-align="center">40h</td></tr><tr><td class="has-text-align-left" data-align="left">Atividades Práticas de Campo</td><td>Orientadores</td><td class="has-text-align-center" data-align="center">90h</td><td class="has-text-align-center" data-align="center">&#8211;</td><td class="has-text-align-center" data-align="center">&#8211;</td></tr><tr><td class="has-text-align-left" data-align="left">Trabalho de Conclusão de Curso</td><td>Orientadores</td><td class="has-text-align-center" data-align="center">&#8211;</td><td class="has-text-align-center" data-align="center">&#8211;</td><td class="has-text-align-center" data-align="center">&#8211;</td></tr></tbody></table></figure>



<p></p>

<p>DISCIPLINA DOCENTE C.H. DADISCIPLINA Nº DE HORASDISPONÍVEIS P/O CURSO DE PÓS-GRAD. REGIME DE TRABALHONA UEL Ergonomia: fundamentos e prática profissional. Doutorando Murilo Crivellari Camargo 30h 30h 20h Fatores Humanos no Trabalho. Dr. Francisco Antônio Pereira Fialho 30h 30h &#8211; Fundamentos da Fisiologia do Trabalho. Dr. Mauro Leonelli 30h 30h 40h Antropometria e Biomecânica Ocupacional em [&hellip;]</p>
