{"id":7,"date":"2025-09-04T15:10:08","date_gmt":"2025-09-04T18:10:08","guid":{"rendered":"https:\/\/pos.uel.br\/ensino-de-geografia\/?page_id=7"},"modified":"2025-09-04T15:52:15","modified_gmt":"2025-09-04T18:52:15","slug":"sobre-o-curso","status":"publish","type":"page","link":"https:\/\/pos.uel.br\/ensino-de-geografia\/sobre-o-curso\/","title":{"rendered":"Sobre o curso"},"content":{"rendered":"\n<p><strong>OBJETIVOS:<\/strong><\/p>\n\n\n\n<p>Possibilitar a forma\u00e7\u00e3o continuada aos profissionais da educa\u00e7\u00e3o, proporcionando-lhes reflex\u00f5es e discuss\u00f5es sobre a Geografia que se ensina na contemporaneidade, nos diferentes n\u00edveis de ensino.&nbsp;&nbsp;<\/p>\n\n\n\n<p><strong>DURA\u00c7\u00c3O:<\/strong>&nbsp;&nbsp;<\/p>\n\n\n\n<p>&nbsp;A dura\u00e7\u00e3o do curso \u00e9 de dois semestres letivos.<\/p>\n\n\n\n<p><strong>P\u00daBLICO-ALVO:&nbsp;<\/strong>&nbsp;<\/p>\n\n\n\n<p>Licenciados e Bachar\u00e9is em Geografia ou \u00e1reas afins.<\/p>\n\n\n\n<div class=\"wp-block-columns is-layout-flex wp-container-core-columns-is-layout-9d6595d7 wp-block-columns-is-layout-flex\">\n<div class=\"wp-block-column is-layout-flow wp-block-column-is-layout-flow\"><\/div>\n<\/div>\n","protected":false},"excerpt":{"rendered":"<p>OBJETIVOS: Possibilitar a forma\u00e7\u00e3o continuada aos profissionais da educa\u00e7\u00e3o, proporcionando-lhes reflex\u00f5es e discuss\u00f5es sobre a Geografia que se ensina na contemporaneidade, nos diferentes n\u00edveis de ensino.&nbsp;&nbsp; DURA\u00c7\u00c3O:&nbsp;&nbsp; &nbsp;A dura\u00e7\u00e3o do curso \u00e9 de dois semestres letivos. P\u00daBLICO-ALVO:&nbsp;&nbsp; Licenciados e Bachar\u00e9is em Geografia ou \u00e1reas afins.<\/p>\n","protected":false},"author":6,"featured_media":0,"parent":0,"menu_order":0,"comment_status":"closed","ping_status":"closed","template":"","meta":{"_acf_changed":false,"_themeisle_gutenberg_block_has_review":false,"footnotes":""},"class_list":["post-7","page","type-page","status-publish","hentry"],"acf":[],"_links":{"self":[{"href":"https:\/\/pos.uel.br\/ensino-de-geografia\/wp-json\/wp\/v2\/pages\/7","targetHints":{"allow":["GET"]}}],"collection":[{"href":"https:\/\/pos.uel.br\/ensino-de-geografia\/wp-json\/wp\/v2\/pages"}],"about":[{"href":"https:\/\/pos.uel.br\/ensino-de-geografia\/wp-json\/wp\/v2\/types\/page"}],"author":[{"embeddable":true,"href":"https:\/\/pos.uel.br\/ensino-de-geografia\/wp-json\/wp\/v2\/users\/6"}],"replies":[{"embeddable":true,"href":"https:\/\/pos.uel.br\/ensino-de-geografia\/wp-json\/wp\/v2\/comments?post=7"}],"version-history":[{"count":3,"href":"https:\/\/pos.uel.br\/ensino-de-geografia\/wp-json\/wp\/v2\/pages\/7\/revisions"}],"predecessor-version":[{"id":35,"href":"https:\/\/pos.uel.br\/ensino-de-geografia\/wp-json\/wp\/v2\/pages\/7\/revisions\/35"}],"wp:attachment":[{"href":"https:\/\/pos.uel.br\/ensino-de-geografia\/wp-json\/wp\/v2\/media?parent=7"}],"curies":[{"name":"wp","href":"https:\/\/api.w.org\/{rel}","templated":true}]}}

<p><strong>OBJETIVOS:</strong></p>



<p>Possibilitar a formação continuada aos profissionais da educação, proporcionando-lhes reflexões e discussões sobre a Geografia que se ensina na contemporaneidade, nos diferentes níveis de ensino.&nbsp;&nbsp;</p>



<p><strong>DURAÇÃO:</strong>&nbsp;&nbsp;</p>



<p>&nbsp;A duração do curso é de dois semestres letivos.</p>



<p><strong>PÚBLICO-ALVO:&nbsp;</strong>&nbsp;</p>



<p>Licenciados e Bacharéis em Geografia ou áreas afins.</p>



<div class="wp-block-columns is-layout-flex wp-container-core-columns-is-layout-9d6595d7 wp-block-columns-is-layout-flex">
<div class="wp-block-column is-layout-flow wp-block-column-is-layout-flow"></div>
</div>

<p>OBJETIVOS: Possibilitar a formação continuada aos profissionais da educação, proporcionando-lhes reflexões e discussões sobre a Geografia que se ensina na contemporaneidade, nos diferentes níveis de ensino.&nbsp;&nbsp; DURAÇÃO:&nbsp;&nbsp; &nbsp;A duração do curso é de dois semestres letivos. PÚBLICO-ALVO:&nbsp;&nbsp; Licenciados e Bacharéis em Geografia ou áreas afins.</p>
