{"id":19,"date":"2025-09-04T15:16:36","date_gmt":"2025-09-04T18:16:36","guid":{"rendered":"https:\/\/pos.uel.br\/ensino-de-geografia\/?page_id=19"},"modified":"2025-09-09T10:35:51","modified_gmt":"2025-09-09T13:35:51","slug":"localizacao","status":"publish","type":"page","link":"https:\/\/pos.uel.br\/ensino-de-geografia\/localizacao\/","title":{"rendered":"Localiza\u00e7\u00e3o"},"content":{"rendered":"\n<p>A secret\u00e1ria de P\u00f3s-Gradua\u00e7\u00e3o em Ensino de Geografia, localiza-se no Centro de Ci\u00eancias Exatas &#8211; CCE, no Campus UEL:<\/p>\n\n\n\n<iframe src=\"https:\/\/www.google.com\/maps\/embed?pb=!1m18!1m12!1m3!1d3663.706632841102!2d-51.20420112483419!3d-23.32640055300194!2m3!1f0!2f0!3f0!3m2!1i1024!2i768!4f13.1!3m3!1m2!1s0x94eb5c9fbda47459%3A0x6238131a3eb5480e!2sCCE%20-%20Centro%20de%20Ci%C3%AAncias%20Exatas!5e0!3m2!1spt-BR!2sbr!4v1757424818472!5m2!1spt-BR!2sbr\" width=\"1000\" height=\"600\" style=\"border:0;\" allowfullscreen=\"\" loading=\"lazy\" referrerpolicy=\"no-referrer-when-downgrade\"><\/iframe>\n","protected":false},"excerpt":{"rendered":"<p>A secret\u00e1ria de P\u00f3s-Gradua\u00e7\u00e3o em Ensino de Geografia, localiza-se no Centro de Ci\u00eancias Exatas &#8211; CCE, no Campus UEL:<\/p>\n","protected":false},"author":6,"featured_media":0,"parent":0,"menu_order":0,"comment_status":"closed","ping_status":"closed","template":"","meta":{"_acf_changed":false,"_themeisle_gutenberg_block_has_review":false,"footnotes":""},"class_list":["post-19","page","type-page","status-publish","hentry"],"acf":[],"_links":{"self":[{"href":"https:\/\/pos.uel.br\/ensino-de-geografia\/wp-json\/wp\/v2\/pages\/19","targetHints":{"allow":["GET"]}}],"collection":[{"href":"https:\/\/pos.uel.br\/ensino-de-geografia\/wp-json\/wp\/v2\/pages"}],"about":[{"href":"https:\/\/pos.uel.br\/ensino-de-geografia\/wp-json\/wp\/v2\/types\/page"}],"author":[{"embeddable":true,"href":"https:\/\/pos.uel.br\/ensino-de-geografia\/wp-json\/wp\/v2\/users\/6"}],"replies":[{"embeddable":true,"href":"https:\/\/pos.uel.br\/ensino-de-geografia\/wp-json\/wp\/v2\/comments?post=19"}],"version-history":[{"count":3,"href":"https:\/\/pos.uel.br\/ensino-de-geografia\/wp-json\/wp\/v2\/pages\/19\/revisions"}],"predecessor-version":[{"id":69,"href":"https:\/\/pos.uel.br\/ensino-de-geografia\/wp-json\/wp\/v2\/pages\/19\/revisions\/69"}],"wp:attachment":[{"href":"https:\/\/pos.uel.br\/ensino-de-geografia\/wp-json\/wp\/v2\/media?parent=19"}],"curies":[{"name":"wp","href":"https:\/\/api.w.org\/{rel}","templated":true}]}}