{"id":574,"date":"2025-07-08T09:47:08","date_gmt":"2025-07-08T12:47:08","guid":{"rendered":"https:\/\/pos.uel.br\/economiaempresarial\/?page_id=574"},"modified":"2025-10-16T14:33:57","modified_gmt":"2025-10-16T17:33:57","slug":"estrutura-curricular","status":"publish","type":"page","link":"https:\/\/pos.uel.br\/economiaempresarial\/estrutura-curricular\/","title":{"rendered":"Estrutura Curricular"},"content":{"rendered":"\n<p>O Curso ter\u00e1 a dura\u00e7\u00e3o de 360 (trezentos e sessenta) horas, correspondentes a 24&nbsp;(vinte e quatro) cr\u00e9ditos, a serem desenvolvidos em 3 (tr\u00eas) per\u00edodos letivos.<\/p>\n\n\n\n<p>O desenvolvimento do Curso obedecer\u00e1 a seguinte organiza\u00e7\u00e3o curricular.&nbsp;<\/p>\n\n\n\n<figure class=\"wp-block-table is-style-stripes has-small-font-size\"><table class=\"has-fixed-layout\"><tbody><tr><td><strong>C\u00f3digo<\/strong><\/td><td><strong>Disciplina<\/strong><\/td><td><strong>Cr\u00e9d.<\/strong><\/td><td><strong>C.H.<\/strong><\/td><\/tr><tr><td>2ECO075<\/td><td>Teoria Econ\u00f4mica<\/td><td>2 cr<\/td><td>30 h<\/td><\/tr><tr><td>2ECO076<\/td><td>Agroneg\u00f3cio e Mercado Futuro de Commodities<\/td><td>2 cr<\/td><td>30 h<\/td><\/tr><tr><td>2ECO077<\/td><td>Competitividade da Ind\u00fastria Brasileira<\/td><td>1 cr<\/td><td>15 h<\/td><\/tr><tr><td>2ECO149<\/td><td>Economia Internacional e Sistem\u00e1tica de Com\u00e9rcio Exterior<\/td><td>2 cr<\/td><td>30 h<\/td><\/tr><tr><td>2ECO079<\/td><td>Custos Empresariais e Forma\u00e7\u00e3o de Pre\u00e7os<\/td><td>2 cr<\/td><td>30 h<\/td><\/tr><tr><td>2CON051<\/td><td>Gest\u00e3o Cont\u00e1bil e Tribut\u00e1ria<\/td><td>1 cr<\/td><td>15 h<\/td><\/tr><tr><td>2ECO080<\/td><td>Empreendedorismo<\/td><td>2 cr<\/td><td>30 h<\/td><\/tr><tr><td>2ECO065<\/td><td>Semin\u00e1rios Aplicados \u00e0 Economia Empresarial<\/td><td>1 cr<\/td><td>15 h<\/td><\/tr><tr><td>2ECO081<\/td><td>Planejamento e An\u00e1lise de Investimentos<\/td><td>2 cr<\/td><td>30 h<\/td><\/tr><tr><td>2ADM245<\/td><td>Marketing e Administra\u00e7\u00e3o Estrat\u00e9gica<\/td><td>2 cr<\/td><td>30 h<\/td><\/tr><tr><td>2ADM171<\/td><td>Simula\u00e7\u00e3o de Estrat\u00e9gias Empresariais: jogos de empresas<\/td><td>1 cr<\/td><td>15 h<\/td><\/tr><tr><td>2ECO082<\/td><td>T\u00e9cnicas de Pesquisa em Economia<\/td><td>1 cr<\/td><td>15 h<\/td><\/tr><tr><td>2ECO150<\/td><td>Economia, Meio Ambiente e Ecologia Empresarial<\/td><td>1 cr<\/td><td>15 h<\/td><\/tr><tr><td>2ECO036<\/td><td>Trabalho de Conclus\u00e3o de Curso de P\u00f3s-Gradua\u00e7\u00e3o<\/td><\/tr><\/tbody><\/table><\/figure>\n\n\n\n<p><\/p>\n","protected":false},"excerpt":{"rendered":"<p>O Curso ter\u00e1 a dura\u00e7\u00e3o de 360 (trezentos e sessenta) horas, correspondentes a 24&nbsp;(vinte e quatro) cr\u00e9ditos, a serem desenvolvidos em 3 (tr\u00eas) per\u00edodos letivos. O desenvolvimento do Curso obedecer\u00e1 a seguinte organiza\u00e7\u00e3o curricular.&nbsp; C\u00f3digo Disciplina Cr\u00e9d. C.H. 2ECO075 Teoria Econ\u00f4mica 2 cr 30 h 2ECO076 Agroneg\u00f3cio e Mercado Futuro de Commodities 2 cr 30 [&hellip;]<\/p>\n","protected":false},"author":8,"featured_media":0,"parent":0,"menu_order":0,"comment_status":"closed","ping_status":"closed","template":"","meta":{"_acf_changed":false,"_themeisle_gutenberg_block_has_review":false,"footnotes":""},"class_list":["post-574","page","type-page","status-publish","hentry"],"acf":[],"_links":{"self":[{"href":"https:\/\/pos.uel.br\/economiaempresarial\/wp-json\/wp\/v2\/pages\/574","targetHints":{"allow":["GET"]}}],"collection":[{"href":"https:\/\/pos.uel.br\/economiaempresarial\/wp-json\/wp\/v2\/pages"}],"about":[{"href":"https:\/\/pos.uel.br\/economiaempresarial\/wp-json\/wp\/v2\/types\/page"}],"author":[{"embeddable":true,"href":"https:\/\/pos.uel.br\/economiaempresarial\/wp-json\/wp\/v2\/users\/8"}],"replies":[{"embeddable":true,"href":"https:\/\/pos.uel.br\/economiaempresarial\/wp-json\/wp\/v2\/comments?post=574"}],"version-history":[{"count":4,"href":"https:\/\/pos.uel.br\/economiaempresarial\/wp-json\/wp\/v2\/pages\/574\/revisions"}],"predecessor-version":[{"id":619,"href":"https:\/\/pos.uel.br\/economiaempresarial\/wp-json\/wp\/v2\/pages\/574\/revisions\/619"}],"wp:attachment":[{"href":"https:\/\/pos.uel.br\/economiaempresarial\/wp-json\/wp\/v2\/media?parent=574"}],"curies":[{"name":"wp","href":"https:\/\/api.w.org\/{rel}","templated":true}]}}

<p>O Curso terá a duração de 360 (trezentos e sessenta) horas, correspondentes a 24&nbsp;(vinte e quatro) créditos, a serem desenvolvidos em 3 (três) períodos letivos.</p>



<p>O desenvolvimento do Curso obedecerá a seguinte organização curricular.&nbsp;</p>



<figure class="wp-block-table is-style-stripes has-small-font-size"><table class="has-fixed-layout"><tbody><tr><td><strong>Código</strong></td><td><strong>Disciplina</strong></td><td><strong>Créd.</strong></td><td><strong>C.H.</strong></td></tr><tr><td>2ECO075</td><td>Teoria Econômica</td><td>2 cr</td><td>30 h</td></tr><tr><td>2ECO076</td><td>Agronegócio e Mercado Futuro de Commodities</td><td>2 cr</td><td>30 h</td></tr><tr><td>2ECO077</td><td>Competitividade da Indústria Brasileira</td><td>1 cr</td><td>15 h</td></tr><tr><td>2ECO149</td><td>Economia Internacional e Sistemática de Comércio Exterior</td><td>2 cr</td><td>30 h</td></tr><tr><td>2ECO079</td><td>Custos Empresariais e Formação de Preços</td><td>2 cr</td><td>30 h</td></tr><tr><td>2CON051</td><td>Gestão Contábil e Tributária</td><td>1 cr</td><td>15 h</td></tr><tr><td>2ECO080</td><td>Empreendedorismo</td><td>2 cr</td><td>30 h</td></tr><tr><td>2ECO065</td><td>Seminários Aplicados à Economia Empresarial</td><td>1 cr</td><td>15 h</td></tr><tr><td>2ECO081</td><td>Planejamento e Análise de Investimentos</td><td>2 cr</td><td>30 h</td></tr><tr><td>2ADM245</td><td>Marketing e Administração Estratégica</td><td>2 cr</td><td>30 h</td></tr><tr><td>2ADM171</td><td>Simulação de Estratégias Empresariais: jogos de empresas</td><td>1 cr</td><td>15 h</td></tr><tr><td>2ECO082</td><td>Técnicas de Pesquisa em Economia</td><td>1 cr</td><td>15 h</td></tr><tr><td>2ECO150</td><td>Economia, Meio Ambiente e Ecologia Empresarial</td><td>1 cr</td><td>15 h</td></tr><tr><td>2ECO036</td><td>Trabalho de Conclusão de Curso de Pós-Graduação</td></tr></tbody></table></figure>



<p></p>

<p>O Curso terá a duração de 360 (trezentos e sessenta) horas, correspondentes a 24&nbsp;(vinte e quatro) créditos, a serem desenvolvidos em 3 (três) períodos letivos. O desenvolvimento do Curso obedecerá a seguinte organização curricular.&nbsp; Código Disciplina Créd. C.H. 2ECO075 Teoria Econômica 2 cr 30 h 2ECO076 Agronegócio e Mercado Futuro de Commodities 2 cr 30 [&hellip;]</p>
