{"id":556,"date":"2025-07-08T09:17:02","date_gmt":"2025-07-08T12:17:02","guid":{"rendered":"https:\/\/pos.uel.br\/economiaempresarial\/?page_id=556"},"modified":"2025-07-08T10:08:44","modified_gmt":"2025-07-08T13:08:44","slug":"sobre-o-curso","status":"publish","type":"page","link":"https:\/\/pos.uel.br\/economiaempresarial\/sobre-o-curso\/","title":{"rendered":"Sobre o curso"},"content":{"rendered":"\n<p class=\"has-primary-accent-color has-text-color has-link-color wp-elements-f659a05abe45c6874286a1b5100f7698\"><strong>P\u00daBLICO ALVO<\/strong><\/p>\n\n\n\n<p>Poder\u00e3o candidatar-se ao Curso graduados ou graduandos em Economia e outras \u00e1reas<\/p>\n\n\n\n<p>afins, desde que comprovem a conclus\u00e3o da gradua\u00e7\u00e3o at\u00e9 a data da matr\u00edcula.<\/p>\n\n\n\n<p class=\"has-primary-accent-color has-text-color has-link-color wp-elements-8a5d50c40a3f9ef95e96ecd795253bd0\"><strong>N\u00daMERO DE VAGAS<\/strong><\/p>\n\n\n\n<p>M\u00ednimo:&nbsp;35 (trinta e cinco)<br>M\u00e1ximo: 50 (cinquenta)<\/p>\n\n\n\n<p class=\"has-primary-accent-color has-text-color has-link-color wp-elements-6848bac0283c7d3a57065ed731b47198\"><strong>INVESTIMENTO<\/strong><\/p>\n\n\n\n<p>18 parcelas de R$ 330,00 (a primeira parcela, no ato da matr\u00edcula)&nbsp;<\/p>\n\n\n\n<p class=\"has-primary-accent-color has-text-color has-link-color wp-elements-286bb88d9cb9de9a94be3bd86454892b\"><strong>IN\u00cdCIO E T\u00c9RMINO DAS AULAS | CURSO<\/strong><\/p>\n\n\n\n<p>In\u00edcio: mar\u00e7o de 2023<br>T\u00e9rmino: dezembro de 2023<br>As aulas s\u00e3o ministradas \u00e0s sextas-feiras \u00e0 noite e aos s\u00e1bados de manh\u00e3 e \u00e0 tarde, podendo ocorrer&nbsp;&nbsp;aulas em semanas alternadas ou em semanas sequenciais. Totalizando 24 (vinte e quatro) finais de&nbsp;&nbsp;semana com aula.<\/p>\n\n\n\n<h5 class=\"wp-block-heading has-primary-accent-color has-text-color has-link-color wp-elements-26153a125e06ad00c06ba48520887ce6\">Inscri\u00e7\u00f5es online<\/h5>\n\n\n\n<p>Curso n\u00e3o ofertado em 2025-1.<\/p>\n","protected":false},"excerpt":{"rendered":"<p>P\u00daBLICO ALVO Poder\u00e3o candidatar-se ao Curso graduados ou graduandos em Economia e outras \u00e1reas afins, desde que comprovem a conclus\u00e3o da gradua\u00e7\u00e3o at\u00e9 a data da matr\u00edcula. N\u00daMERO DE VAGAS M\u00ednimo:&nbsp;35 (trinta e cinco)M\u00e1ximo: 50 (cinquenta) INVESTIMENTO 18 parcelas de R$ 330,00 (a primeira parcela, no ato da matr\u00edcula)&nbsp; IN\u00cdCIO E T\u00c9RMINO DAS AULAS | [&hellip;]<\/p>\n","protected":false},"author":8,"featured_media":0,"parent":0,"menu_order":0,"comment_status":"closed","ping_status":"closed","template":"","meta":{"_acf_changed":false,"_themeisle_gutenberg_block_has_review":false,"footnotes":""},"class_list":["post-556","page","type-page","status-publish","hentry"],"acf":[],"_links":{"self":[{"href":"https:\/\/pos.uel.br\/economiaempresarial\/wp-json\/wp\/v2\/pages\/556","targetHints":{"allow":["GET"]}}],"collection":[{"href":"https:\/\/pos.uel.br\/economiaempresarial\/wp-json\/wp\/v2\/pages"}],"about":[{"href":"https:\/\/pos.uel.br\/economiaempresarial\/wp-json\/wp\/v2\/types\/page"}],"author":[{"embeddable":true,"href":"https:\/\/pos.uel.br\/economiaempresarial\/wp-json\/wp\/v2\/users\/8"}],"replies":[{"embeddable":true,"href":"https:\/\/pos.uel.br\/economiaempresarial\/wp-json\/wp\/v2\/comments?post=556"}],"version-history":[{"count":4,"href":"https:\/\/pos.uel.br\/economiaempresarial\/wp-json\/wp\/v2\/pages\/556\/revisions"}],"predecessor-version":[{"id":583,"href":"https:\/\/pos.uel.br\/economiaempresarial\/wp-json\/wp\/v2\/pages\/556\/revisions\/583"}],"wp:attachment":[{"href":"https:\/\/pos.uel.br\/economiaempresarial\/wp-json\/wp\/v2\/media?parent=556"}],"curies":[{"name":"wp","href":"https:\/\/api.w.org\/{rel}","templated":true}]}}

<p class="has-primary-accent-color has-text-color has-link-color wp-elements-f659a05abe45c6874286a1b5100f7698"><strong>PÚBLICO ALVO</strong></p>



<p>Poderão candidatar-se ao Curso graduados ou graduandos em Economia e outras áreas</p>



<p>afins, desde que comprovem a conclusão da graduação até a data da matrícula.</p>



<p class="has-primary-accent-color has-text-color has-link-color wp-elements-8a5d50c40a3f9ef95e96ecd795253bd0"><strong>NÚMERO DE VAGAS</strong></p>



<p>Mínimo:&nbsp;35 (trinta e cinco)<br>Máximo: 50 (cinquenta)</p>



<p class="has-primary-accent-color has-text-color has-link-color wp-elements-6848bac0283c7d3a57065ed731b47198"><strong>INVESTIMENTO</strong></p>



<p>18 parcelas de R$ 330,00 (a primeira parcela, no ato da matrícula)&nbsp;</p>



<p class="has-primary-accent-color has-text-color has-link-color wp-elements-286bb88d9cb9de9a94be3bd86454892b"><strong>INÍCIO E TÉRMINO DAS AULAS | CURSO</strong></p>



<p>Início: março de 2023<br>Término: dezembro de 2023<br>As aulas são ministradas às sextas-feiras à noite e aos sábados de manhã e à tarde, podendo ocorrer&nbsp;&nbsp;aulas em semanas alternadas ou em semanas sequenciais. Totalizando 24 (vinte e quatro) finais de&nbsp;&nbsp;semana com aula.</p>



<h5 class="wp-block-heading has-primary-accent-color has-text-color has-link-color wp-elements-26153a125e06ad00c06ba48520887ce6">Inscrições online</h5>



<p>Curso não ofertado em 2025-1.</p>

<p>PÚBLICO ALVO Poderão candidatar-se ao Curso graduados ou graduandos em Economia e outras áreas afins, desde que comprovem a conclusão da graduação até a data da matrícula. NÚMERO DE VAGAS Mínimo:&nbsp;35 (trinta e cinco)Máximo: 50 (cinquenta) INVESTIMENTO 18 parcelas de R$ 330,00 (a primeira parcela, no ato da matrícula)&nbsp; INÍCIO E TÉRMINO DAS AULAS | [&hellip;]</p>
