{"id":654,"date":"2025-07-07T16:11:18","date_gmt":"2025-07-07T19:11:18","guid":{"rendered":"https:\/\/pos.uel.br\/direitopenal\/?page_id=654"},"modified":"2025-10-09T08:22:41","modified_gmt":"2025-10-09T11:22:41","slug":"estrutura-curricular","status":"publish","type":"page","link":"https:\/\/pos.uel.br\/direitopenal\/estrutura-curricular\/","title":{"rendered":"Estrutura Curricular"},"content":{"rendered":"\n<p>O curso ter\u00e1 dura\u00e7\u00e3o de 390 (trezentos e noventa) horas, correspondentes a 26 (vinte e seis) cr\u00e9ditos, a serem desenvolvidos em 3 (tr\u00eas) per\u00edodos letivos.<\/p>\n\n\n\n<p>O desenvolvimento do Curso obedecer\u00e1 a seguinte organiza\u00e7\u00e3o curricular:<\/p>\n\n\n\n<figure class=\"wp-block-table is-style-stripes has-small-font-size\"><table class=\"has-fixed-layout\"><tbody><tr><td><strong>C\u00f3digo<\/strong><\/td><td><strong>Disciplina<\/strong><\/td><td><strong>N\u00ba de Cr\u00e9ditos<\/strong><\/td><td><strong>Carga Hor\u00e1ria<\/strong><\/td><\/tr><tr><td>2CIN022<\/td><td>Inicia\u00e7\u00e3o \u00e0 Pesquisa em Direito<\/td><td>2<\/td><td>30 h<\/td><\/tr><tr><td>2PUB231<\/td><td>Direito Penal I \u2013 Parte Geral<\/td><td>4<\/td><td>60 h<\/td><\/tr><tr><td>2PUB105<\/td><td>Direito Penal II \u2013 Parte Especial<\/td><td>3<\/td><td>45 h<\/td><\/tr><tr><td>2PUB106<\/td><td>Direito Constitucional Penal \u2013 Direito Humanos<\/td><td>1<\/td><td>15h<\/td><\/tr><tr><td>2PUB107<\/td><td>Criminologia \u2013 estudo do crime, criminoso, v\u00edtima, criminalidade<\/td><td>2<\/td><td>30 h<\/td><\/tr><tr><td>2PUB109<\/td><td>Direito Penitenci\u00e1rio<\/td><td>3<\/td><td>45 h<\/td><\/tr><tr><td>2PUB232<\/td><td>Direito Processual Penal I<\/td><td>3<\/td><td>45 h<\/td><\/tr><tr><td>2PUB113<\/td><td>Direito Processual Penal II<\/td><td>3<\/td><td>45 h<\/td><\/tr><tr><td>2PUB229<\/td><td>Direito Penal Econ\u00f4mico e Tribut\u00e1rio<\/td><td>3<\/td><td>45 h<\/td><\/tr><tr><td>2PUB230<\/td><td>Direito Penal Ambiental<\/td><td>2<\/td><td>30 h<\/td><\/tr><tr><td><\/td><td><\/td><td><\/td><td><\/td><\/tr><tr><td>&nbsp;<strong>C\u00f3digo<\/strong><\/td><td><strong>Disciplinas Optativas<\/strong><\/td><td><strong>N\u00ba de Cr\u00e9ditos<\/strong><\/td><td><strong>Carga Hor\u00e1ria<\/strong><\/td><\/tr><tr><td>2EDU286<\/td><td>Did\u00e1tica do Ensino Superior<\/td><td>4<\/td><td>60 h<\/td><\/tr><tr><td>2PUB166<\/td><td>T\u00f3picos Especiais em Processo Penal<\/td><td>1<\/td><td>15 h<\/td><\/tr><tr><td>2PUB167<\/td><td>T\u00f3picos Especiais em Direito Penal<\/td><td>1<\/td><td>15 h<\/td><\/tr><tr><td>2PUB200<\/td><td>Monografia<\/td><td>\u2013<\/td><td>\u2013<\/td><\/tr><\/tbody><\/table><\/figure>\n\n\n\n<div class=\"wp-block-columns is-layout-flex wp-container-core-columns-is-layout-9d6595d7 wp-block-columns-is-layout-flex\">\n<div class=\"wp-block-column is-layout-flow wp-block-column-is-layout-flow\"><\/div>\n<\/div>\n","protected":false},"excerpt":{"rendered":"<p>O curso ter\u00e1 dura\u00e7\u00e3o de 390 (trezentos e noventa) horas, correspondentes a 26 (vinte e seis) cr\u00e9ditos, a serem desenvolvidos em 3 (tr\u00eas) per\u00edodos letivos. O desenvolvimento do Curso obedecer\u00e1 a seguinte organiza\u00e7\u00e3o curricular: C\u00f3digo Disciplina N\u00ba de Cr\u00e9ditos Carga Hor\u00e1ria 2CIN022 Inicia\u00e7\u00e3o \u00e0 Pesquisa em Direito 2 30 h 2PUB231 Direito Penal I \u2013 [&hellip;]<\/p>\n","protected":false},"author":8,"featured_media":0,"parent":0,"menu_order":0,"comment_status":"closed","ping_status":"closed","template":"","meta":{"_acf_changed":false,"_themeisle_gutenberg_block_has_review":false,"footnotes":""},"class_list":["post-654","page","type-page","status-publish","hentry"],"acf":[],"_links":{"self":[{"href":"https:\/\/pos.uel.br\/direitopenal\/wp-json\/wp\/v2\/pages\/654","targetHints":{"allow":["GET"]}}],"collection":[{"href":"https:\/\/pos.uel.br\/direitopenal\/wp-json\/wp\/v2\/pages"}],"about":[{"href":"https:\/\/pos.uel.br\/direitopenal\/wp-json\/wp\/v2\/types\/page"}],"author":[{"embeddable":true,"href":"https:\/\/pos.uel.br\/direitopenal\/wp-json\/wp\/v2\/users\/8"}],"replies":[{"embeddable":true,"href":"https:\/\/pos.uel.br\/direitopenal\/wp-json\/wp\/v2\/comments?post=654"}],"version-history":[{"count":6,"href":"https:\/\/pos.uel.br\/direitopenal\/wp-json\/wp\/v2\/pages\/654\/revisions"}],"predecessor-version":[{"id":721,"href":"https:\/\/pos.uel.br\/direitopenal\/wp-json\/wp\/v2\/pages\/654\/revisions\/721"}],"wp:attachment":[{"href":"https:\/\/pos.uel.br\/direitopenal\/wp-json\/wp\/v2\/media?parent=654"}],"curies":[{"name":"wp","href":"https:\/\/api.w.org\/{rel}","templated":true}]}}

<p>O curso terá duração de 390 (trezentos e noventa) horas, correspondentes a 26 (vinte e seis) créditos, a serem desenvolvidos em 3 (três) períodos letivos.</p>



<p>O desenvolvimento do Curso obedecerá a seguinte organização curricular:</p>



<figure class="wp-block-table is-style-stripes has-small-font-size"><table class="has-fixed-layout"><tbody><tr><td><strong>Código</strong></td><td><strong>Disciplina</strong></td><td><strong>Nº de Créditos</strong></td><td><strong>Carga Horária</strong></td></tr><tr><td>2CIN022</td><td>Iniciação à Pesquisa em Direito</td><td>2</td><td>30 h</td></tr><tr><td>2PUB231</td><td>Direito Penal I – Parte Geral</td><td>4</td><td>60 h</td></tr><tr><td>2PUB105</td><td>Direito Penal II – Parte Especial</td><td>3</td><td>45 h</td></tr><tr><td>2PUB106</td><td>Direito Constitucional Penal – Direito Humanos</td><td>1</td><td>15h</td></tr><tr><td>2PUB107</td><td>Criminologia – estudo do crime, criminoso, vítima, criminalidade</td><td>2</td><td>30 h</td></tr><tr><td>2PUB109</td><td>Direito Penitenciário</td><td>3</td><td>45 h</td></tr><tr><td>2PUB232</td><td>Direito Processual Penal I</td><td>3</td><td>45 h</td></tr><tr><td>2PUB113</td><td>Direito Processual Penal II</td><td>3</td><td>45 h</td></tr><tr><td>2PUB229</td><td>Direito Penal Econômico e Tributário</td><td>3</td><td>45 h</td></tr><tr><td>2PUB230</td><td>Direito Penal Ambiental</td><td>2</td><td>30 h</td></tr><tr><td></td><td></td><td></td><td></td></tr><tr><td>&nbsp;<strong>Código</strong></td><td><strong>Disciplinas Optativas</strong></td><td><strong>Nº de Créditos</strong></td><td><strong>Carga Horária</strong></td></tr><tr><td>2EDU286</td><td>Didática do Ensino Superior</td><td>4</td><td>60 h</td></tr><tr><td>2PUB166</td><td>Tópicos Especiais em Processo Penal</td><td>1</td><td>15 h</td></tr><tr><td>2PUB167</td><td>Tópicos Especiais em Direito Penal</td><td>1</td><td>15 h</td></tr><tr><td>2PUB200</td><td>Monografia</td><td>–</td><td>–</td></tr></tbody></table></figure>



<div class="wp-block-columns is-layout-flex wp-container-core-columns-is-layout-9d6595d7 wp-block-columns-is-layout-flex">
<div class="wp-block-column is-layout-flow wp-block-column-is-layout-flow"></div>
</div>

<p>O curso terá duração de 390 (trezentos e noventa) horas, correspondentes a 26 (vinte e seis) créditos, a serem desenvolvidos em 3 (três) períodos letivos. O desenvolvimento do Curso obedecerá a seguinte organização curricular: Código Disciplina Nº de Créditos Carga Horária 2CIN022 Iniciação à Pesquisa em Direito 2 30 h 2PUB231 Direito Penal I – [&hellip;]</p>
