{"id":650,"date":"2025-07-07T16:08:34","date_gmt":"2025-07-07T19:08:34","guid":{"rendered":"https:\/\/pos.uel.br\/direitopenal\/?page_id=650"},"modified":"2025-10-03T14:32:53","modified_gmt":"2025-10-03T17:32:53","slug":"sobre-o-curso","status":"publish","type":"page","link":"https:\/\/pos.uel.br\/direitopenal\/sobre-o-curso\/","title":{"rendered":"Sobre o curso"},"content":{"rendered":"\n<p class=\"has-primary-accent-color has-text-color has-link-color wp-elements-af84d4d43b2572d127b4e79417a40381\"><strong>OBJETIVOS<\/strong><\/p>\n\n\n\n<p>Aprofundar os n\u00edveis de compreens\u00e3o da complexidade e din\u00e2mica do fen\u00f4meno jur\u00eddico.<\/p>\n\n\n\n<p>Atualizar o profissional, pondo-o em dia com as novas solu\u00e7\u00f5es elaboradas pela doutrina especializada com a grandes quest\u00f5es pol\u00eamicas e com a mais recente jurisprud\u00eancia dos tribunais acerca destas.<\/p>\n\n\n\n<hr class=\"wp-block-separator has-alpha-channel-opacity is-style-wide\" \/>\n\n\n\n<p class=\"has-primary-accent-color has-text-color has-link-color wp-elements-f659a05abe45c6874286a1b5100f7698\"><strong>P\u00daBLICO ALVO<\/strong><\/p>\n\n\n\n<p>Poder\u00e3o candidatar-se ao curso, graduandos e graduados em Direito, desde que comprovem a conclus\u00e3o da gradua\u00e7\u00e3o at\u00e9 a data da matr\u00edcula.&nbsp;&nbsp;<\/p>\n\n\n\n<hr class=\"wp-block-separator has-alpha-channel-opacity is-style-wide\" \/>\n\n\n\n<p class=\"has-primary-accent-color has-text-color has-link-color wp-elements-8a5d50c40a3f9ef95e96ecd795253bd0\"><strong>N\u00daMERO DE VAGAS<\/strong><\/p>\n\n\n\n<p>M\u00ednimo: 55 (cinquenta e cinco)<br>M\u00e1ximo: 80 (oitenta)<\/p>\n\n\n\n<hr class=\"wp-block-separator has-alpha-channel-opacity is-style-wide\" \/>\n\n\n\n<p class=\"has-primary-accent-color has-text-color has-link-color wp-elements-6848bac0283c7d3a57065ed731b47198\"><strong>INVESTIMENTO<\/strong><\/p>\n\n\n\n<p>18 parcelas de R$ 390,00 (a primeira parcela, no ato da matr\u00edcula)<\/p>\n\n\n\n<hr class=\"wp-block-separator has-alpha-channel-opacity is-style-wide\" \/>\n\n\n\n<p class=\"has-primary-accent-color has-text-color has-link-color wp-elements-286bb88d9cb9de9a94be3bd86454892b\"><strong>IN\u00cdCIO E T\u00c9RMINO DAS AULAS | CURSO<\/strong><\/p>\n\n\n\n<p>In\u00edcio das aulas: 20\/03\/2026<\/p>\n\n\n\n<p>T\u00e9rmino: julho de 2027<\/p>\n\n\n\n<p>As aulas s\u00e3o ministradas \u00e0s sextas-feiras \u00e0 noite e aos s\u00e1bados de manh\u00e3, eventualmente poder\u00e3o ser realizadas atividades aos s\u00e1bados \u00e0 tarde.&nbsp;Totalizando 26 (vinte e seis) finais de&nbsp; semana com aula.<\/p>\n\n\n\n<p>Aten\u00e7\u00e3o:&nbsp;O curso ofertado \u00e9 na modalidade \u201c<em>Remoto S\u00edncrono<\/em>\u201c, autorizado pela Resolu\u00e7\u00e3o CEPE 13\/2021 da UEL. As aulas \u201c<em>online&nbsp;<\/em>ao vivo\u201d acontecer\u00e3o at\u00e9 o final do curso,&nbsp;de acordo com normativas da Universidade.&nbsp;<\/p>\n\n\n\n<hr class=\"wp-block-separator has-alpha-channel-opacity is-style-wide\" \/>\n\n\n\n<h5 class=\"wp-block-heading has-primary-accent-color has-text-color has-link-color wp-elements-cec12c0234445921f0ee3442a045a44d\">Turma com in\u00edcio em 2026<\/h5>\n\n\n\n<p>Remoto S\u00edncrono.<\/p>\n\n\n\n<hr class=\"wp-block-separator has-alpha-channel-opacity is-style-wide\" \/>\n\n\n\n<h5 class=\"wp-block-heading has-primary-accent-color has-text-color has-link-color wp-elements-26153a125e06ad00c06ba48520887ce6\">Inscri\u00e7\u00f5es online<\/h5>\n\n\n\n<p>Realize o upload da documenta\u00e7\u00e3o somente via sistema de Inscri\u00e7\u00e3o online \u2013 Acesse o Edital de Oferta no menu INSCRI\u00c7\u00d5ES.<\/p>\n\n\n\n<hr class=\"wp-block-separator has-alpha-channel-opacity is-style-wide\" \/>\n","protected":false},"excerpt":{"rendered":"<p>OBJETIVOS Aprofundar os n\u00edveis de compreens\u00e3o da complexidade e din\u00e2mica do fen\u00f4meno jur\u00eddico. Atualizar o profissional, pondo-o em dia com as novas solu\u00e7\u00f5es elaboradas pela doutrina especializada com a grandes quest\u00f5es pol\u00eamicas e com a mais recente jurisprud\u00eancia dos tribunais acerca destas. P\u00daBLICO ALVO Poder\u00e3o candidatar-se ao curso, graduandos e graduados em Direito, desde que [&hellip;]<\/p>\n","protected":false},"author":8,"featured_media":0,"parent":0,"menu_order":0,"comment_status":"closed","ping_status":"closed","template":"","meta":{"_acf_changed":false,"_themeisle_gutenberg_block_has_review":false,"footnotes":""},"class_list":["post-650","page","type-page","status-publish","hentry"],"acf":[],"_links":{"self":[{"href":"https:\/\/pos.uel.br\/direitopenal\/wp-json\/wp\/v2\/pages\/650","targetHints":{"allow":["GET"]}}],"collection":[{"href":"https:\/\/pos.uel.br\/direitopenal\/wp-json\/wp\/v2\/pages"}],"about":[{"href":"https:\/\/pos.uel.br\/direitopenal\/wp-json\/wp\/v2\/types\/page"}],"author":[{"embeddable":true,"href":"https:\/\/pos.uel.br\/direitopenal\/wp-json\/wp\/v2\/users\/8"}],"replies":[{"embeddable":true,"href":"https:\/\/pos.uel.br\/direitopenal\/wp-json\/wp\/v2\/comments?post=650"}],"version-history":[{"count":7,"href":"https:\/\/pos.uel.br\/direitopenal\/wp-json\/wp\/v2\/pages\/650\/revisions"}],"predecessor-version":[{"id":719,"href":"https:\/\/pos.uel.br\/direitopenal\/wp-json\/wp\/v2\/pages\/650\/revisions\/719"}],"wp:attachment":[{"href":"https:\/\/pos.uel.br\/direitopenal\/wp-json\/wp\/v2\/media?parent=650"}],"curies":[{"name":"wp","href":"https:\/\/api.w.org\/{rel}","templated":true}]}}

<p class="has-primary-accent-color has-text-color has-link-color wp-elements-af84d4d43b2572d127b4e79417a40381"><strong>OBJETIVOS</strong></p>



<p>Aprofundar os níveis de compreensão da complexidade e dinâmica do fenômeno jurídico.</p>



<p>Atualizar o profissional, pondo-o em dia com as novas soluções elaboradas pela doutrina especializada com a grandes questões polêmicas e com a mais recente jurisprudência dos tribunais acerca destas.</p>



<hr class="wp-block-separator has-alpha-channel-opacity is-style-wide" />



<p class="has-primary-accent-color has-text-color has-link-color wp-elements-f659a05abe45c6874286a1b5100f7698"><strong>PÚBLICO ALVO</strong></p>



<p>Poderão candidatar-se ao curso, graduandos e graduados em Direito, desde que comprovem a conclusão da graduação até a data da matrícula.&nbsp;&nbsp;</p>



<hr class="wp-block-separator has-alpha-channel-opacity is-style-wide" />



<p class="has-primary-accent-color has-text-color has-link-color wp-elements-8a5d50c40a3f9ef95e96ecd795253bd0"><strong>NÚMERO DE VAGAS</strong></p>



<p>Mínimo: 55 (cinquenta e cinco)<br>Máximo: 80 (oitenta)</p>



<hr class="wp-block-separator has-alpha-channel-opacity is-style-wide" />



<p class="has-primary-accent-color has-text-color has-link-color wp-elements-6848bac0283c7d3a57065ed731b47198"><strong>INVESTIMENTO</strong></p>



<p>18 parcelas de R$ 390,00 (a primeira parcela, no ato da matrícula)</p>



<hr class="wp-block-separator has-alpha-channel-opacity is-style-wide" />



<p class="has-primary-accent-color has-text-color has-link-color wp-elements-286bb88d9cb9de9a94be3bd86454892b"><strong>INÍCIO E TÉRMINO DAS AULAS | CURSO</strong></p>



<p>Início das aulas: 20/03/2026</p>



<p>Término: julho de 2027</p>



<p>As aulas são ministradas às sextas-feiras à noite e aos sábados de manhã, eventualmente poderão ser realizadas atividades aos sábados à tarde.&nbsp;Totalizando 26 (vinte e seis) finais de&nbsp; semana com aula.</p>



<p>Atenção:&nbsp;O curso ofertado é na modalidade “<em>Remoto Síncrono</em>“, autorizado pela Resolução CEPE 13/2021 da UEL. As aulas “<em>online&nbsp;</em>ao vivo” acontecerão até o final do curso,&nbsp;de acordo com normativas da Universidade.&nbsp;</p>



<hr class="wp-block-separator has-alpha-channel-opacity is-style-wide" />



<h5 class="wp-block-heading has-primary-accent-color has-text-color has-link-color wp-elements-cec12c0234445921f0ee3442a045a44d">Turma com início em 2026</h5>



<p>Remoto Síncrono.</p>



<hr class="wp-block-separator has-alpha-channel-opacity is-style-wide" />



<h5 class="wp-block-heading has-primary-accent-color has-text-color has-link-color wp-elements-26153a125e06ad00c06ba48520887ce6">Inscrições online</h5>



<p>Realize o upload da documentação somente via sistema de Inscrição online – Acesse o Edital de Oferta no menu INSCRIÇÕES.</p>



<hr class="wp-block-separator has-alpha-channel-opacity is-style-wide" />

<p>OBJETIVOS Aprofundar os níveis de compreensão da complexidade e dinâmica do fenômeno jurídico. Atualizar o profissional, pondo-o em dia com as novas soluções elaboradas pela doutrina especializada com a grandes questões polêmicas e com a mais recente jurisprudência dos tribunais acerca destas. PÚBLICO ALVO Poderão candidatar-se ao curso, graduandos e graduados em Direito, desde que [&hellip;]</p>
