{"id":31,"date":"2022-08-30T17:01:41","date_gmt":"2022-08-30T20:01:41","guid":{"rendered":"https:\/\/pos.uel.br\/direitocivil\/?page_id=31"},"modified":"2025-10-09T08:41:07","modified_gmt":"2025-10-09T11:41:07","slug":"regulamento","status":"publish","type":"page","link":"https:\/\/pos.uel.br\/direitopenal\/regulamento\/","title":{"rendered":"Resolu\u00e7\u00f5es | Delibera\u00e7\u00f5es\u00a0"},"content":{"rendered":"\n<hr class=\"wp-block-separator has-text-color has-secondary-accent-color has-alpha-channel-opacity has-secondary-accent-background-color has-background is-style-wide\" \/>\n\n\n\n<div class=\"wp-block-columns has-primary-text-color has-text-color is-layout-flex wp-container-core-columns-is-layout-9d6595d7 wp-block-columns-is-layout-flex\">\n<div class=\"wp-block-column is-layout-flow wp-block-column-is-layout-flow\">\n<p><strong>2020<\/strong><strong>&nbsp;&nbsp;<\/strong>&nbsp;<\/p>\n\n\n\n<ul class=\"wp-block-list has-small-font-size\">\n<li><u><a href=\"https:\/\/pos.uel.br\/direitopenal\/wp-content\/uploads\/2022\/10\/Reest-Esp-Direito-Processo-Penal-2020-Delib-35-2019.pdf\" data-type=\"URL\" data-id=\"https:\/\/pos.uel.br\/direitopenal\/wp-content\/uploads\/2022\/10\/Reest-Esp-Direito-Processo-Penal-2020-Delib-35-2019.pdf\" target=\"_blank\" rel=\"noreferrer noopener\">Delibera\u00e7\u00e3o_035_2019_PEN-Reestrutura\u00e7\u00e3o<\/a><\/u><\/li>\n\n\n\n<li><u><a href=\"https:\/\/pos.uel.br\/direitopenal\/wp-content\/uploads\/2022\/10\/Resolucao_052_2016_PEN_Mensalidade.pdf\" data-type=\"URL\" data-id=\"https:\/\/pos.uel.br\/direitopenal\/wp-content\/uploads\/2022\/10\/Resolucao_052_2016_PEN_Mensalidade.pdf\" target=\"_blank\" rel=\"noreferrer noopener\">Resolu\u00e7\u00e3o_52_2016-PEN-Mensalidade<\/a><\/u><\/li>\n\n\n\n<li><u><a href=\"https:\/\/pos.uel.br\/direitopenal\/wp-content\/uploads\/2022\/10\/Resolucao_109_2012_PEN-Vagas.pdf\" data-type=\"URL\" data-id=\"https:\/\/pos.uel.br\/direitopenal\/wp-content\/uploads\/2022\/10\/Resolucao_109_2012_PEN-Vagas.pdf\" target=\"_blank\" rel=\"noreferrer noopener\">Resolu\u00e7\u00e3o_109_2012_PEN-Vagas<\/a><\/u><strong><br><\/strong>&nbsp;&nbsp;<\/li>\n<\/ul>\n\n\n\n<p><strong>2017 &#8211; 2018 &#8211; 2019<\/strong><strong>&nbsp;&nbsp;<\/strong>&nbsp;<\/p>\n\n\n\n<ul class=\"wp-block-list has-small-font-size\">\n<li><a href=\"https:\/\/pos.uel.br\/direitopenal\/wp-content\/uploads\/2022\/10\/Deliberacao_028_2006_PEN_Reestruturacao.pdf\" data-type=\"URL\" data-id=\"https:\/\/pos.uel.br\/direitopenal\/wp-content\/uploads\/2022\/10\/Deliberacao_028_2006_PEN_Reestruturacao.pdf\" target=\"_blank\" rel=\"noreferrer noopener\">Delibera\u00e7\u00e3o_028_2006_PEN-Reestrutura\u00e7\u00e3o<\/a><\/li>\n\n\n\n<li><a href=\"https:\/\/pos.uel.br\/direitopenal\/wp-content\/uploads\/2022\/10\/Resolucao_052_2016_PEN_Mensalidade.pdf\" data-type=\"URL\" data-id=\"https:\/\/pos.uel.br\/direitopenal\/wp-content\/uploads\/2022\/10\/Resolucao_052_2016_PEN_Mensalidade.pdf\" target=\"_blank\" rel=\"noreferrer noopener\">Resolu\u00e7\u00e3o_52_2016-PEN-Mensalidade<\/a><\/li>\n\n\n\n<li><a href=\"https:\/\/pos.uel.br\/direitopenal\/wp-content\/uploads\/2022\/10\/Resolucao_109_2012_PEN-Vagas.pdf\" data-type=\"URL\" data-id=\"https:\/\/pos.uel.br\/direitopenal\/wp-content\/uploads\/2022\/10\/Resolucao_109_2012_PEN-Vagas.pdf\" target=\"_blank\" rel=\"noreferrer noopener\">Resolu\u00e7\u00e3o_109_2012_PEN-Vagas<\/a><\/li>\n<\/ul>\n\n\n\n<p><strong>2016<\/strong><strong>&nbsp;<\/strong>&nbsp;&nbsp;&nbsp; &nbsp;<\/p>\n\n\n\n<ul class=\"wp-block-list has-small-font-size\">\n<li><a href=\"https:\/\/pos.uel.br\/direitopenal\/wp-content\/uploads\/2022\/10\/Deliberacao_028_2006_PEN_Reestruturacao.pdf\" data-type=\"URL\" data-id=\"https:\/\/pos.uel.br\/direitopenal\/wp-content\/uploads\/2022\/10\/Deliberacao_028_2006_PEN_Reestruturacao.pdf\" target=\"_blank\" rel=\"noreferrer noopener\">Delibera\u00e7\u00e3o_028_2006_PEN-Reestrutura\u00e7\u00e3o<\/a><\/li>\n\n\n\n<li><a href=\"https:\/\/pos.uel.br\/direitopenal\/wp-content\/uploads\/2022\/10\/Resolucao_094_2012_PEN-Mensalidade.pdf\" data-type=\"URL\" data-id=\"https:\/\/pos.uel.br\/direitopenal\/wp-content\/uploads\/2022\/10\/Resolucao_094_2012_PEN-Mensalidade.pdf\" target=\"_blank\" rel=\"noreferrer noopener\">Resolu\u00e7\u00e3o_094_2012_PEN-Mensalidade<\/a><\/li>\n\n\n\n<li><a href=\"https:\/\/pos.uel.br\/direitopenal\/wp-content\/uploads\/2022\/10\/Resolucao_0190_2009_PEN_Vagas.pdf\" data-type=\"URL\" data-id=\"https:\/\/pos.uel.br\/direitopenal\/wp-content\/uploads\/2022\/10\/Resolucao_0190_2009_PEN_Vagas.pdf\" target=\"_blank\" rel=\"noreferrer noopener\">Resolu\u00e7\u00e3o_190_2009_PEN-Vagas<\/a><\/li>\n<\/ul>\n\n\n\n<h2 class=\"wp-block-heading\"><\/h2>\n<\/div>\n\n\n\n<div class=\"wp-block-column is-vertically-aligned-center is-layout-flow wp-block-column-is-layout-flow\">\n<p class=\"has-text-align-center\">\u00a0<\/p>\n\n\n<div class=\"wp-block-image is-resized is-style-default\">\n<figure class=\"aligncenter\"><img loading=\"lazy\" decoding=\"async\" width=\"795\" height=\"467\" src=\"https:\/\/pos.uel.br\/direitocivil\/wp-content\/uploads\/2022\/09\/ementas.png\" alt=\"\" class=\"wp-image-174\" style=\"width:366px;height:auto\" srcset=\"https:\/\/pos.uel.br\/direitopenal\/wp-content\/uploads\/2022\/09\/ementas.png 795w, https:\/\/pos.uel.br\/direitopenal\/wp-content\/uploads\/2022\/09\/ementas-300x176.png 300w, https:\/\/pos.uel.br\/direitopenal\/wp-content\/uploads\/2022\/09\/ementas-768x451.png 768w\" sizes=\"auto, (max-width: 795px) 100vw, 795px\" \/><figcaption class=\"wp-element-caption\"><strong>EMENTAS<\/strong><\/figcaption><\/figure>\n<\/div>\n\n\n<p class=\"has-text-align-center\"><\/p>\n<\/div>\n<\/div>\n\n\n\n<hr class=\"wp-block-separator has-text-color has-secondary-accent-color has-alpha-channel-opacity has-secondary-accent-background-color has-background is-style-wide\" \/>\n","protected":false},"excerpt":{"rendered":"<p>2020&nbsp;&nbsp;&nbsp; 2017 &#8211; 2018 &#8211; 2019&nbsp;&nbsp;&nbsp; 2016&nbsp;&nbsp;&nbsp;&nbsp; &nbsp; \u00a0<\/p>\n","protected":false},"author":7,"featured_media":0,"parent":0,"menu_order":0,"comment_status":"closed","ping_status":"closed","template":"","meta":{"_acf_changed":false,"_themeisle_gutenberg_block_has_review":false,"footnotes":""},"class_list":["post-31","page","type-page","status-publish","hentry"],"acf":[],"_links":{"self":[{"href":"https:\/\/pos.uel.br\/direitopenal\/wp-json\/wp\/v2\/pages\/31","targetHints":{"allow":["GET"]}}],"collection":[{"href":"https:\/\/pos.uel.br\/direitopenal\/wp-json\/wp\/v2\/pages"}],"about":[{"href":"https:\/\/pos.uel.br\/direitopenal\/wp-json\/wp\/v2\/types\/page"}],"author":[{"embeddable":true,"href":"https:\/\/pos.uel.br\/direitopenal\/wp-json\/wp\/v2\/users\/7"}],"replies":[{"embeddable":true,"href":"https:\/\/pos.uel.br\/direitopenal\/wp-json\/wp\/v2\/comments?post=31"}],"version-history":[{"count":6,"href":"https:\/\/pos.uel.br\/direitopenal\/wp-json\/wp\/v2\/pages\/31\/revisions"}],"predecessor-version":[{"id":723,"href":"https:\/\/pos.uel.br\/direitopenal\/wp-json\/wp\/v2\/pages\/31\/revisions\/723"}],"wp:attachment":[{"href":"https:\/\/pos.uel.br\/direitopenal\/wp-json\/wp\/v2\/media?parent=31"}],"curies":[{"name":"wp","href":"https:\/\/api.w.org\/{rel}","templated":true}]}}

Resoluções | Deliberações

<hr class="wp-block-separator has-text-color has-secondary-accent-color has-alpha-channel-opacity has-secondary-accent-background-color has-background is-style-wide" />



<div class="wp-block-columns has-primary-text-color has-text-color is-layout-flex wp-container-core-columns-is-layout-9d6595d7 wp-block-columns-is-layout-flex">
<div class="wp-block-column is-layout-flow wp-block-column-is-layout-flow">
<p><strong>2020</strong><strong>&nbsp;&nbsp;</strong>&nbsp;</p>



<ul class="wp-block-list has-small-font-size">
<li><u><a href="https://pos.uel.br/direitopenal/wp-content/uploads/2022/10/Reest-Esp-Direito-Processo-Penal-2020-Delib-35-2019.pdf" data-type="URL" data-id="https://pos.uel.br/direitopenal/wp-content/uploads/2022/10/Reest-Esp-Direito-Processo-Penal-2020-Delib-35-2019.pdf" target="_blank" rel="noreferrer noopener">Deliberação_035_2019_PEN-Reestruturação</a></u></li>



<li><u><a href="https://pos.uel.br/direitopenal/wp-content/uploads/2022/10/Resolucao_052_2016_PEN_Mensalidade.pdf" data-type="URL" data-id="https://pos.uel.br/direitopenal/wp-content/uploads/2022/10/Resolucao_052_2016_PEN_Mensalidade.pdf" target="_blank" rel="noreferrer noopener">Resolução_52_2016-PEN-Mensalidade</a></u></li>



<li><u><a href="https://pos.uel.br/direitopenal/wp-content/uploads/2022/10/Resolucao_109_2012_PEN-Vagas.pdf" data-type="URL" data-id="https://pos.uel.br/direitopenal/wp-content/uploads/2022/10/Resolucao_109_2012_PEN-Vagas.pdf" target="_blank" rel="noreferrer noopener">Resolução_109_2012_PEN-Vagas</a></u><strong><br></strong>&nbsp;&nbsp;</li>
</ul>



<p><strong>2017 &#8211; 2018 &#8211; 2019</strong><strong>&nbsp;&nbsp;</strong>&nbsp;</p>



<ul class="wp-block-list has-small-font-size">
<li><a href="https://pos.uel.br/direitopenal/wp-content/uploads/2022/10/Deliberacao_028_2006_PEN_Reestruturacao.pdf" data-type="URL" data-id="https://pos.uel.br/direitopenal/wp-content/uploads/2022/10/Deliberacao_028_2006_PEN_Reestruturacao.pdf" target="_blank" rel="noreferrer noopener">Deliberação_028_2006_PEN-Reestruturação</a></li>



<li><a href="https://pos.uel.br/direitopenal/wp-content/uploads/2022/10/Resolucao_052_2016_PEN_Mensalidade.pdf" data-type="URL" data-id="https://pos.uel.br/direitopenal/wp-content/uploads/2022/10/Resolucao_052_2016_PEN_Mensalidade.pdf" target="_blank" rel="noreferrer noopener">Resolução_52_2016-PEN-Mensalidade</a></li>



<li><a href="https://pos.uel.br/direitopenal/wp-content/uploads/2022/10/Resolucao_109_2012_PEN-Vagas.pdf" data-type="URL" data-id="https://pos.uel.br/direitopenal/wp-content/uploads/2022/10/Resolucao_109_2012_PEN-Vagas.pdf" target="_blank" rel="noreferrer noopener">Resolução_109_2012_PEN-Vagas</a></li>
</ul>



<p><strong>2016</strong><strong>&nbsp;</strong>&nbsp;&nbsp;&nbsp; &nbsp;</p>



<ul class="wp-block-list has-small-font-size">
<li><a href="https://pos.uel.br/direitopenal/wp-content/uploads/2022/10/Deliberacao_028_2006_PEN_Reestruturacao.pdf" data-type="URL" data-id="https://pos.uel.br/direitopenal/wp-content/uploads/2022/10/Deliberacao_028_2006_PEN_Reestruturacao.pdf" target="_blank" rel="noreferrer noopener">Deliberação_028_2006_PEN-Reestruturação</a></li>



<li><a href="https://pos.uel.br/direitopenal/wp-content/uploads/2022/10/Resolucao_094_2012_PEN-Mensalidade.pdf" data-type="URL" data-id="https://pos.uel.br/direitopenal/wp-content/uploads/2022/10/Resolucao_094_2012_PEN-Mensalidade.pdf" target="_blank" rel="noreferrer noopener">Resolução_094_2012_PEN-Mensalidade</a></li>



<li><a href="https://pos.uel.br/direitopenal/wp-content/uploads/2022/10/Resolucao_0190_2009_PEN_Vagas.pdf" data-type="URL" data-id="https://pos.uel.br/direitopenal/wp-content/uploads/2022/10/Resolucao_0190_2009_PEN_Vagas.pdf" target="_blank" rel="noreferrer noopener">Resolução_190_2009_PEN-Vagas</a></li>
</ul>



<h2 class="wp-block-heading"></h2>
</div>



<div class="wp-block-column is-vertically-aligned-center is-layout-flow wp-block-column-is-layout-flow">
<p class="has-text-align-center"> </p>


<div class="wp-block-image is-resized is-style-default">
<figure class="aligncenter"><img loading="lazy" decoding="async" width="795" height="467" src="https://pos.uel.br/direitocivil/wp-content/uploads/2022/09/ementas.png" alt="" class="wp-image-174" style="width:366px;height:auto" srcset="https://pos.uel.br/direitopenal/wp-content/uploads/2022/09/ementas.png 795w, https://pos.uel.br/direitopenal/wp-content/uploads/2022/09/ementas-300x176.png 300w, https://pos.uel.br/direitopenal/wp-content/uploads/2022/09/ementas-768x451.png 768w" sizes="auto, (max-width: 795px) 100vw, 795px" /><figcaption class="wp-element-caption"><strong>EMENTAS</strong></figcaption></figure>
</div>


<p class="has-text-align-center"></p>
</div>
</div>



<hr class="wp-block-separator has-text-color has-secondary-accent-color has-alpha-channel-opacity has-secondary-accent-background-color has-background is-style-wide" />
