{"id":718,"date":"2025-07-03T09:14:23","date_gmt":"2025-07-03T12:14:23","guid":{"rendered":"https:\/\/pos.uel.br\/direitoempresarial\/?page_id=718"},"modified":"2025-07-03T09:54:50","modified_gmt":"2025-07-03T12:54:50","slug":"corpo-docente","status":"publish","type":"page","link":"https:\/\/pos.uel.br\/direitoempresarial\/corpo-docente\/","title":{"rendered":"Corpo Docente"},"content":{"rendered":"\n<figure class=\"wp-block-table is-style-stripes has-small-font-size\"><table class=\"has-fixed-layout\"><tbody><tr><td><strong>Docente<\/strong><\/td><td><strong>Titula\u00e7\u00e3o<\/strong><\/td><\/tr><tr><td>Adiloar Franco Zemuner<\/td><td>Mestre<\/td><\/tr><tr><td>Ana Paula Rodrigues Alves<\/td><td>Especialista<\/td><\/tr><tr><td>Anderson de Azevedo<\/td><td>Mestre<\/td><\/tr><tr><td>Carlos Alexandre Rodrigues<\/td><td>Especialista<\/td><\/tr><tr><td>Claudine Aparecido Terra<\/td><td>Doutor<\/td><\/tr><tr><td>Eduardo Saldanha<\/td><td>Doutor<\/td><\/tr><tr><td>F\u00e1bio Fernandes Neves Benfatti<\/td><td>Doutor<\/td><\/tr><tr><td>F\u00e1bio Martins Pereira<\/td><td>Mestre<\/td><\/tr><tr><td>Fabio Ricardo Rodrigues Brasilino<\/td><td>Doutor<\/td><\/tr><tr><td>Fl\u00e1vio Henrique Caetano de Paula<\/td><td>Mestre<\/td><\/tr><tr><td>Giovanne Henrique Bressan Schiavon<\/td><td>Doutor<\/td><\/tr><tr><td>Guilherme Prado Bohac de Haro<\/td><td>Mestre<\/td><\/tr><tr><td>Henrique Afonso Pipolo<\/td><td>Doutor<\/td><\/tr><tr><td>Lourival Jos\u00e9 de Oliveira<\/td><td>Doutor<\/td><\/tr><tr><td>Luiz Fellipe Preto<\/td><td>Mestre<\/td><\/tr><tr><td>Marcos de Queiroz Ramalho<\/td><td>Mestre<\/td><\/tr><tr><td>Renata Capriolli Zocatelli Queiroz<\/td><td>Doutora<\/td><\/tr><tr><td>Rozane da Rosa Cachapuz<\/td><td>Doutora<\/td><\/tr><tr><td>Tarcisio Teixeira<\/td><td>Doutor<\/td><\/tr><tr><td>T\u00eamis Chenso da Silva Rabelo Pedroso<\/td><td>Mestre<\/td><\/tr><\/tbody><\/table><\/figure>\n\n\n\n<p><\/p>\n","protected":false},"excerpt":{"rendered":"<p>Docente Titula\u00e7\u00e3o Adiloar Franco Zemuner Mestre Ana Paula Rodrigues Alves Especialista Anderson de Azevedo Mestre Carlos Alexandre Rodrigues Especialista Claudine Aparecido Terra Doutor Eduardo Saldanha Doutor F\u00e1bio Fernandes Neves Benfatti Doutor F\u00e1bio Martins Pereira Mestre Fabio Ricardo Rodrigues Brasilino Doutor Fl\u00e1vio Henrique Caetano de Paula Mestre Giovanne Henrique Bressan Schiavon Doutor Guilherme Prado Bohac de [&hellip;]<\/p>\n","protected":false},"author":9,"featured_media":0,"parent":0,"menu_order":0,"comment_status":"closed","ping_status":"closed","template":"","meta":{"_acf_changed":false,"_themeisle_gutenberg_block_has_review":false,"footnotes":""},"class_list":["post-718","page","type-page","status-publish","hentry"],"acf":[],"_links":{"self":[{"href":"https:\/\/pos.uel.br\/direitoempresarial\/wp-json\/wp\/v2\/pages\/718","targetHints":{"allow":["GET"]}}],"collection":[{"href":"https:\/\/pos.uel.br\/direitoempresarial\/wp-json\/wp\/v2\/pages"}],"about":[{"href":"https:\/\/pos.uel.br\/direitoempresarial\/wp-json\/wp\/v2\/types\/page"}],"author":[{"embeddable":true,"href":"https:\/\/pos.uel.br\/direitoempresarial\/wp-json\/wp\/v2\/users\/9"}],"replies":[{"embeddable":true,"href":"https:\/\/pos.uel.br\/direitoempresarial\/wp-json\/wp\/v2\/comments?post=718"}],"version-history":[{"count":3,"href":"https:\/\/pos.uel.br\/direitoempresarial\/wp-json\/wp\/v2\/pages\/718\/revisions"}],"predecessor-version":[{"id":731,"href":"https:\/\/pos.uel.br\/direitoempresarial\/wp-json\/wp\/v2\/pages\/718\/revisions\/731"}],"wp:attachment":[{"href":"https:\/\/pos.uel.br\/direitoempresarial\/wp-json\/wp\/v2\/media?parent=718"}],"curies":[{"name":"wp","href":"https:\/\/api.w.org\/{rel}","templated":true}]}}