{"id":233,"date":"2022-09-06T16:53:23","date_gmt":"2022-09-06T19:53:23","guid":{"rendered":"https:\/\/pos.uel.br\/direitocivil\/?page_id=233"},"modified":"2022-10-14T08:44:55","modified_gmt":"2022-10-14T11:44:55","slug":"insc_2020","status":"publish","type":"page","link":"https:\/\/pos.uel.br\/direitoempresarial\/inscricoes\/insc_2020\/","title":{"rendered":"Insc_2020"},"content":{"rendered":"\n<p class=\"has-site-background-color has-primary-accent-background-color has-text-color has-background has-medium-font-size\"><strong>Primeiro Semestre<\/strong><\/p>\n\n\n\n<figure class=\"wp-block-table\"><table><tbody><tr><td class=\"has-text-align-center\" data-align=\"center\"><strong>DOC.<\/strong><\/td><td><strong>ATIVIDADES<\/strong><\/td><td><strong>DATA \/PER\u00cdODO DE PUBLICA\u00c7\u00c3O<\/strong><\/td><td><strong>SITUA\u00c7\u00c3O ATUAL<\/strong><\/td><\/tr><tr><td class=\"has-text-align-center\" data-align=\"center\"><a rel=\"noreferrer noopener\" href=\"https:\/\/pos.uel.br\/direitoempresarial\/wp-content\/uploads\/2022\/10\/EMP_Edital_002_19_abertura_2020_1.pdf\" data-type=\"URL\" data-id=\"https:\/\/pos.uel.br\/direitoempresarial\/wp-content\/uploads\/2022\/10\/EMP_Edital_002_19_abertura_2020_1.pdf\" target=\"_blank\"><img loading=\"lazy\" decoding=\"async\" width=\"24\" height=\"21\" src=\"http:\/\/www.uel.br\/pos\/estado\/pages\/arquivos\/Imagens\/paste_red1.jpg\" alt=\"\"><\/a><\/td><td>Edital de Oferta \/ Inscri\u00e7\u00e3o<\/td><td>11\/09\/2019<\/td><td>&#8211;<\/td><\/tr><tr><td class=\"has-text-align-center\" data-align=\"center\"><a href=\"https:\/\/pos.uel.br\/direitoempresarial\/wp-content\/uploads\/2022\/10\/EMP_Edital_001_20_Prorrogacao_2020_1.pdf\" data-type=\"URL\" data-id=\"https:\/\/pos.uel.br\/direitoempresarial\/wp-content\/uploads\/2022\/10\/EMP_Edital_001_20_Prorrogacao_2020_1.pdf\" target=\"_blank\" rel=\"noreferrer noopener\"><img loading=\"lazy\" decoding=\"async\" width=\"24\" height=\"21\" src=\"http:\/\/www.uel.br\/pos\/estado\/pages\/arquivos\/Imagens\/paste_red1.jpg\" alt=\"\"><\/a><a rel=\"noreferrer noopener\" href=\"http:\/\/www.uel.br\/pos\/direitocivil\/pages\/arquivos\/Comunicados\/CIV_Edital_001_20_Prorrogacao.pdf\" target=\"_blank\"><\/a><\/td><td>Edital de Prorroga\u00e7\u00e3o<\/td><td>Sem previs\u00e3o<\/td><td>Publicado em 04\/02\/2020<\/td><\/tr><tr><td class=\"has-text-align-center\" data-align=\"center\">&nbsp;<\/td><td>Inscri\u00e7\u00e3o online<\/td><td>23\/09\/2019 a 30\/01\/2020<\/td><td>Prorrogado at\u00e9 11\/02\/2020<\/td><\/tr><tr><td class=\"has-text-align-center\" data-align=\"center\">&nbsp;<\/td><td>Entrega de Documentos via Sedex e e-mail<\/td><td>23\/09\/2019 a 11\/12\/2019<\/td><td>&nbsp;Prazo Encerrado&nbsp;<\/td><\/tr><tr><td class=\"has-text-align-center\" data-align=\"center\">&nbsp;<\/td><td>Entrega de Documentos pessoalmente ou por terceiros<\/td><td>23\/09\/2019 a 31\/01\/2020<\/td><td>Prorrogado at\u00e9 12\/02\/2020<\/td><\/tr><tr><td class=\"has-text-align-center\" data-align=\"center\"><a href=\"http:\/\/www.uel.br\/pos\/direitocivil\/pages\/arquivos\/Comunicados\/Dir%20Civil%20-%20Comunicado%20selecao%20-%202020.pdf\" target=\"_blank\" rel=\"noreferrer noopener\"><\/a><\/td><td>Comunicado de Sele\u00e7\u00e3o<\/td><td>03\/02\/2020<\/td><td>Alterado para 13\/02\/2020<\/td><\/tr><tr><td class=\"has-text-align-center\" data-align=\"center\">&nbsp;<\/td><td>Sele\u00e7\u00e3o<\/td><td>04\/02\/2020 a 07\/02\/2020<\/td><td>&nbsp;Alterado para13\/02\/2020 a 17\/02\/2020&nbsp;<\/td><\/tr><tr><td class=\"has-text-align-center\" data-align=\"center\"><a rel=\"noreferrer noopener\" href=\"http:\/\/www.uel.br\/pos\/direitocivil\/pages\/arquivos\/Comunicados\/CIV_Edital_002_2020_Resultado.pdf\" target=\"_blank\"><\/a>\u00a0<a href=\"https:\/\/pos.uel.br\/direitoempresarial\/wp-content\/uploads\/2022\/10\/EMP_Edital_002_2020_Resultado_2020_1.pdf\" data-type=\"URL\" data-id=\"https:\/\/pos.uel.br\/direitoempresarial\/wp-content\/uploads\/2022\/10\/EMP_Edital_002_2020_Resultado_2020_1.pdf\" target=\"_blank\" rel=\"noreferrer noopener\"><img loading=\"lazy\" decoding=\"async\" width=\"24\" height=\"21\" src=\"http:\/\/www.uel.br\/pos\/estado\/pages\/arquivos\/Imagens\/paste_red1.jpg\" alt=\"\"><\/a><\/td><td>Edital de Resultado<\/td><td>13\/02\/2020 \u2013 18h<\/td><td>Alterado para20\/02\/2020 &#8211; 18h<\/td><\/tr><tr><td class=\"has-text-align-center\" data-align=\"center\"><a href=\"http:\/\/www.uel.br\/pos\/direitocivil\/pages\/arquivos\/Comunicados\/Dir%20Civil%20-%20Comunicado%20Matr%C3%ADcula%20-%202020.pdf\" target=\"_blank\" rel=\"noreferrer noopener\"><\/a>&nbsp;<\/td><td>Comunicado de Matr\u00edcula<\/td><td>27\/02\/2020<\/td><td>27\/02\/2020<\/td><\/tr><tr><td class=\"has-text-align-center\" data-align=\"center\"><a href=\"http:\/\/www.uel.br\/pos\/direitocivil\/pages\/arquivos\/Comunicados\/Dir%20Civil%20-%20n%C3%BAmero%20matr%C3%ADcula-2020.PDF\" target=\"_blank\" rel=\"noreferrer noopener\"><\/a>&nbsp;<\/td><td>Divulga\u00e7\u00e3o do N\u00famero de Matr\u00edcula<\/td><td>27\/02\/2020<\/td><td>27\/02\/2020<\/td><\/tr><tr><td class=\"has-text-align-center\" data-align=\"center\">&nbsp;<\/td><td>Matr\u00edcula &#8211; Via Web e entrega de documentos pendentes<\/td><td>27\/02\/2020 a 28\/02\/2020<\/td><td>27\/02\/2020 a 28\/02\/2020<\/td><\/tr><tr><td class=\"has-text-align-center\" data-align=\"center\">&nbsp;<\/td><td>Convoca\u00e7\u00e3o de suplente<\/td><td>05\/03\/2020<\/td><td>05\/03\/2020<\/td><\/tr><tr><td class=\"has-text-align-center\" data-align=\"center\">&nbsp;<\/td><td>Matr\u00edcula de suplente<\/td><td>06\/03\/2020<\/td><td>06\/03\/2020<\/td><\/tr><tr><td class=\"has-text-align-center\" data-align=\"center\">&nbsp;<\/td><td>In\u00edcio das Aulas<\/td><td>13\/03\/2020<\/td><td>13\/03\/2020<\/td><\/tr><\/tbody><\/table><\/figure>\n\n\n\n<p class=\"has-site-background-color has-primary-accent-background-color has-text-color has-background has-medium-font-size\"><strong>Segundo Semestre<\/strong><\/p>\n\n\n\n<figure class=\"wp-block-table\"><table><tbody><tr><td class=\"has-text-align-center\" data-align=\"center\"><strong>DOC.<\/strong><\/td><td><strong>ATIVIDADES<\/strong><\/td><td><strong>DATA \/PER\u00cdODO DE PUBLICA\u00c7\u00c3O<\/strong><\/td><td><strong>SITUA\u00c7\u00c3O ATUAL<\/strong><\/td><\/tr><tr><td class=\"has-text-align-center\" data-align=\"center\"><a href=\"https:\/\/pos.uel.br\/direitoempresarial\/wp-content\/uploads\/2022\/10\/edital003_abertura_EMP_08junho2020-2.pdf\" data-type=\"URL\" data-id=\"https:\/\/pos.uel.br\/direitoempresarial\/wp-content\/uploads\/2022\/10\/edital003_abertura_EMP_08junho2020-2.pdf\" target=\"_blank\" rel=\"noreferrer noopener\"><img loading=\"lazy\" decoding=\"async\" width=\"24\" height=\"21\" src=\"http:\/\/www.uel.br\/pos\/estado\/pages\/arquivos\/Imagens\/paste_red1.jpg\" alt=\"\"><\/a><\/td><td>Edital de Oferta \/ Inscri\u00e7\u00e3o<\/td><td>&nbsp;08\/06\/2020<\/td><td>&nbsp;<\/td><\/tr><tr><td class=\"has-text-align-center\" data-align=\"center\"><a href=\"https:\/\/pos.uel.br\/direitoempresarial\/wp-content\/uploads\/2022\/10\/edital004_prorrogacao_EMP_16julho2020-2.pdf\" data-type=\"URL\" data-id=\"https:\/\/pos.uel.br\/direitoempresarial\/wp-content\/uploads\/2022\/10\/edital004_prorrogacao_EMP_16julho2020-2.pdf\" target=\"_blank\" rel=\"noreferrer noopener\"><img loading=\"lazy\" decoding=\"async\" width=\"24\" height=\"21\" src=\"http:\/\/www.uel.br\/pos\/estado\/pages\/arquivos\/Imagens\/paste_red1.jpg\" alt=\"\"><\/a><a rel=\"noreferrer noopener\" href=\"http:\/\/www.uel.br\/pos\/direitoempresarial\/pages\/arquivos\/Comunicados\/edital004_prorrogacao_EMP_16julho2020.pdf\" target=\"_blank\"><\/a><\/td><td>Edital de Prorroga\u00e7\u00e3o<\/td><td>&#8211;&nbsp;<\/td><td>&nbsp;14\/07\/2020&nbsp;&nbsp;<\/td><\/tr><tr><td class=\"has-text-align-center\" data-align=\"center\">&nbsp;&nbsp;&nbsp;<\/td><td>Inscri\u00e7\u00e3o online<\/td><td>&nbsp;10\/06\/2020 a&nbsp;13\/07\/2020<\/td><td>Prorrogado at\u00e9 20\/07\/2020&nbsp;<\/td><\/tr><tr><td class=\"has-text-align-center\" data-align=\"center\">&nbsp;&nbsp;&nbsp;<\/td><td>&nbsp;Entrega de Documentos via e-mail, incluindo comprovante de pagamento e boleto &#8211; cesapos@uel.br&nbsp;<\/td><td>&nbsp;10\/06\/2020 a&nbsp;14\/07\/2020&nbsp;<\/td><td>&nbsp;&nbsp;Prorrogado at\u00e9 21\/07\/2020&nbsp;<\/td><\/tr><tr><td class=\"has-text-align-center\" data-align=\"center\">&nbsp;&nbsp;&nbsp;<\/td><td>Entrega de Documentos pessoalmente ou por terceiros<\/td><td>somente via e-mail<\/td><td>somente via e-mail&nbsp;<\/td><\/tr><tr><td class=\"has-text-align-center\" data-align=\"center\"><a href=\"https:\/\/pos.uel.br\/direitoempresarial\/wp-content\/uploads\/2022\/10\/Dir-Empresarial-Comunicado-cancelamento-oferta-2020-2.pdf\" data-type=\"URL\" data-id=\"https:\/\/pos.uel.br\/direitoempresarial\/wp-content\/uploads\/2022\/10\/Dir-Empresarial-Comunicado-cancelamento-oferta-2020-2.pdf\" target=\"_blank\" rel=\"noreferrer noopener\"><img loading=\"lazy\" decoding=\"async\" width=\"24\" height=\"21\" src=\"http:\/\/www.uel.br\/pos\/estado\/pages\/arquivos\/Imagens\/paste_red1.jpg\" alt=\"\"><\/a><a rel=\"noreferrer noopener\" href=\"http:\/\/www.uel.br\/pos\/direitoempresarial\/pages\/arquivos\/Comunicados\/Dir%20Empresarial%20%20Comunicado%20cancelamento%20oferta%20-%202020-2.pdf\" target=\"_blank\"><\/a><\/td><td><strong>Cancalemento da Oferta<\/strong><\/td><td><strong>&#8212;<\/strong><\/td><td><strong>22\/07\/2020<\/strong><\/td><\/tr><tr><td class=\"has-text-align-center\" data-align=\"center\"><\/td><td>Comunicado de Sele\u00e7\u00e3o<\/td><td>&nbsp;16\/07\/2020<\/td><td>Alterado para 22\/07\/2020&nbsp;<\/td><\/tr><tr><td class=\"has-text-align-center\" data-align=\"center\">&nbsp;&nbsp;&nbsp;<\/td><td>Sele\u00e7\u00e3o<\/td><td>&nbsp;16\/07\/2020 a 20\/07\/2020<\/td><td>Alterado para 23\/07\/2020&nbsp;<\/td><\/tr><tr><td class=\"has-text-align-center\" data-align=\"center\"><a rel=\"noreferrer noopener\" href=\"http:\/\/www.uel.br\/pos\/direitoempresarial\/pages\/arquivos\/Comunicados\/Dir_Empr_Edital005_cancelamento_oferta_2020-2.pdf\" target=\"_blank\"><\/a><a href=\"https:\/\/pos.uel.br\/direitoempresarial\/wp-content\/uploads\/2022\/10\/Dir_Empr_Edital005_cancelamento_oferta_2020-2.pdf\" data-type=\"URL\" data-id=\"https:\/\/pos.uel.br\/direitoempresarial\/wp-content\/uploads\/2022\/10\/Dir_Empr_Edital005_cancelamento_oferta_2020-2.pdf\" target=\"_blank\" rel=\"noreferrer noopener\"><img loading=\"lazy\" decoding=\"async\" width=\"24\" height=\"21\" src=\"http:\/\/www.uel.br\/pos\/estado\/pages\/arquivos\/Imagens\/paste_red1.jpg\" alt=\"\"><\/a>\u00a0\u00a0<\/td><td>Edital de Cancelamento da Oferta<\/td><td>27\/07\/2020&nbsp;<\/td><td>27\/07\/2020&nbsp;<\/td><\/tr><tr><td class=\"has-text-align-center\" data-align=\"center\">\u00a0\u00a0<\/td><td>Comunicado de Matr\u00edcula<\/td><td>29\/07\/2020&nbsp;<\/td><td>29\/07\/2020&nbsp;<\/td><\/tr><tr><td class=\"has-text-align-center\" data-align=\"center\">\u00a0\u00a0<\/td><td>Divulga\u00e7\u00e3o do N\u00famero de Matr\u00edcula<\/td><td>&nbsp;29\/07\/2020<\/td><td>29\/07\/2020&nbsp;<\/td><\/tr><tr><td class=\"has-text-align-center\" data-align=\"center\">&nbsp;&nbsp;&nbsp;<\/td><td>Matr\u00edcula &#8211; Via Web e entrega de documentos pendentes<\/td><td>29\/07\/2020 a 30\/07\/2020&nbsp;<\/td><td>&nbsp;29\/07\/2020&nbsp; a 30\/07\/2020<\/td><\/tr><tr><td class=\"has-text-align-center\" data-align=\"center\">&nbsp;&nbsp;&nbsp;<\/td><td>Convoca\u00e7\u00e3o de suplente<\/td><td>&nbsp;04\/08\/2020<\/td><td>&nbsp;04\/08\/2020<\/td><\/tr><tr><td class=\"has-text-align-center\" data-align=\"center\">&nbsp;&nbsp;&nbsp;<\/td><td>Matr\u00edcula de suplente<\/td><td>&nbsp;05\/08\/2020<\/td><td>05\/08\/2020&nbsp;<\/td><\/tr><tr><td class=\"has-text-align-center\" data-align=\"center\">&nbsp;&nbsp;&nbsp;<\/td><td>In\u00edcio das Aulas<\/td><td>07\/08\/2020&nbsp;<\/td><td>07\/08\/2020&nbsp;<\/td><\/tr><\/tbody><\/table><\/figure>\n","protected":false},"excerpt":{"rendered":"<p>Primeiro Semestre DOC. ATIVIDADES DATA \/PER\u00cdODO DE PUBLICA\u00c7\u00c3O SITUA\u00c7\u00c3O ATUAL Edital de Oferta \/ Inscri\u00e7\u00e3o 11\/09\/2019 &#8211; Edital de Prorroga\u00e7\u00e3o Sem previs\u00e3o Publicado em 04\/02\/2020 &nbsp; Inscri\u00e7\u00e3o online 23\/09\/2019 a 30\/01\/2020 Prorrogado at\u00e9 11\/02\/2020 &nbsp; Entrega de Documentos via Sedex e e-mail 23\/09\/2019 a 11\/12\/2019 &nbsp;Prazo Encerrado&nbsp; &nbsp; Entrega de Documentos pessoalmente ou por terceiros [&hellip;]<\/p>\n","protected":false},"author":8,"featured_media":0,"parent":59,"menu_order":0,"comment_status":"closed","ping_status":"closed","template":"","meta":{"_acf_changed":false,"_themeisle_gutenberg_block_has_review":false,"footnotes":""},"class_list":["post-233","page","type-page","status-publish","hentry"],"acf":[],"_links":{"self":[{"href":"https:\/\/pos.uel.br\/direitoempresarial\/wp-json\/wp\/v2\/pages\/233","targetHints":{"allow":["GET"]}}],"collection":[{"href":"https:\/\/pos.uel.br\/direitoempresarial\/wp-json\/wp\/v2\/pages"}],"about":[{"href":"https:\/\/pos.uel.br\/direitoempresarial\/wp-json\/wp\/v2\/types\/page"}],"author":[{"embeddable":true,"href":"https:\/\/pos.uel.br\/direitoempresarial\/wp-json\/wp\/v2\/users\/8"}],"replies":[{"embeddable":true,"href":"https:\/\/pos.uel.br\/direitoempresarial\/wp-json\/wp\/v2\/comments?post=233"}],"version-history":[{"count":2,"href":"https:\/\/pos.uel.br\/direitoempresarial\/wp-json\/wp\/v2\/pages\/233\/revisions"}],"predecessor-version":[{"id":529,"href":"https:\/\/pos.uel.br\/direitoempresarial\/wp-json\/wp\/v2\/pages\/233\/revisions\/529"}],"up":[{"embeddable":true,"href":"https:\/\/pos.uel.br\/direitoempresarial\/wp-json\/wp\/v2\/pages\/59"}],"wp:attachment":[{"href":"https:\/\/pos.uel.br\/direitoempresarial\/wp-json\/wp\/v2\/media?parent=233"}],"curies":[{"name":"wp","href":"https:\/\/api.w.org\/{rel}","templated":true}]}}