{"id":775,"date":"2025-07-02T15:24:41","date_gmt":"2025-07-02T18:24:41","guid":{"rendered":"https:\/\/pos.uel.br\/direitocivil\/?page_id=775"},"modified":"2025-09-25T16:35:15","modified_gmt":"2025-09-25T19:35:15","slug":"localizacao","status":"publish","type":"page","link":"https:\/\/pos.uel.br\/direitocivil\/localizacao\/","title":{"rendered":"Localiza\u00e7\u00e3o"},"content":{"rendered":"\n<p>Secretaria de P\u00f3s-Gradua\u00e7\u00e3o<em> Lato sensu<\/em> no CESA \u2013 Centro de Estudos Sociais Aplicados:<\/p>\n\n\n\n\n","protected":false},"excerpt":{"rendered":"<p>Secretaria de P\u00f3s-Gradua\u00e7\u00e3o Lato sensu no CESA \u2013 Centro de Estudos Sociais Aplicados:<\/p>\n","protected":false},"author":9,"featured_media":0,"parent":0,"menu_order":0,"comment_status":"closed","ping_status":"closed","template":"","meta":{"_acf_changed":false,"_themeisle_gutenberg_block_has_review":false,"footnotes":""},"class_list":["post-775","page","type-page","status-publish","hentry"],"acf":[],"_links":{"self":[{"href":"https:\/\/pos.uel.br\/direitocivil\/wp-json\/wp\/v2\/pages\/775","targetHints":{"allow":["GET"]}}],"collection":[{"href":"https:\/\/pos.uel.br\/direitocivil\/wp-json\/wp\/v2\/pages"}],"about":[{"href":"https:\/\/pos.uel.br\/direitocivil\/wp-json\/wp\/v2\/types\/page"}],"author":[{"embeddable":true,"href":"https:\/\/pos.uel.br\/direitocivil\/wp-json\/wp\/v2\/users\/9"}],"replies":[{"embeddable":true,"href":"https:\/\/pos.uel.br\/direitocivil\/wp-json\/wp\/v2\/comments?post=775"}],"version-history":[{"count":3,"href":"https:\/\/pos.uel.br\/direitocivil\/wp-json\/wp\/v2\/pages\/775\/revisions"}],"predecessor-version":[{"id":835,"href":"https:\/\/pos.uel.br\/direitocivil\/wp-json\/wp\/v2\/pages\/775\/revisions\/835"}],"wp:attachment":[{"href":"https:\/\/pos.uel.br\/direitocivil\/wp-json\/wp\/v2\/media?parent=775"}],"curies":[{"name":"wp","href":"https:\/\/api.w.org\/{rel}","templated":true}]}}

Localização

<p>Secretaria de Pós-Graduação<em> Lato sensu</em> no CESA – Centro de Estudos Sociais Aplicados:</p>

<p>Secretaria de Pós-Graduação Lato sensu no CESA – Centro de Estudos Sociais Aplicados:</p>
