{"id":753,"date":"2025-07-02T14:23:00","date_gmt":"2025-07-02T17:23:00","guid":{"rendered":"https:\/\/pos.uel.br\/direitocivil\/?page_id=753"},"modified":"2025-10-07T14:51:05","modified_gmt":"2025-10-07T17:51:05","slug":"corpo-docente","status":"publish","type":"page","link":"https:\/\/pos.uel.br\/direitocivil\/corpo-docente\/","title":{"rendered":"Corpo Docente"},"content":{"rendered":"\n<p class=\"has-primary-accent-color has-text-color has-link-color wp-elements-174e353c9e7b9139034f40082825163a\"><strong>Professores Doutores e Mestres da UEL e outras institui\u00e7\u00f5es.<\/strong><\/p>\n\n\n\n<div class=\"wp-block-columns is-layout-flex wp-container-core-columns-is-layout-9d6595d7 wp-block-columns-is-layout-flex\">\n<div class=\"wp-block-column is-layout-flow wp-block-column-is-layout-flow\" style=\"flex-basis:100%\">\n<div class=\"wp-block-group\"><div class=\"wp-block-group__inner-container is-layout-constrained wp-block-group-is-layout-constrained\">\n<figure class=\"wp-block-table is-style-stripes\"><table class=\"has-fixed-layout\"><tbody><tr><td><strong>Docente<\/strong><strong><\/strong><\/td><td class=\"has-text-align-center\" data-align=\"center\"><strong>Titula\u00e7\u00e3o<\/strong><strong><\/strong><\/td><\/tr><tr><td>Adiloar Franco Zemuner<\/td><td class=\"has-text-align-center\" data-align=\"center\">Doutora<\/td><\/tr><tr><td>Amanda Cristina Carvalho Canezin<\/td><td class=\"has-text-align-center\" data-align=\"center\">Doutora<\/td><\/tr><tr><td>Ana Paula Ruiz Silveira L\u00eado<\/td><td class=\"has-text-align-center\" data-align=\"center\">Mestre<\/td><\/tr><tr><td>Anselmo Prieto Alvarez<\/td><td class=\"has-text-align-center\" data-align=\"center\">Ph.D<\/td><\/tr><tr><td>Celso Hiroshi Iocohama<\/td><td class=\"has-text-align-center\" data-align=\"center\">Doutor<\/td><\/tr><tr><td>Daniela Braga Paiano<\/td><td class=\"has-text-align-center\" data-align=\"center\">Doutora<\/td><\/tr><tr><td>F\u00e1bio Caldas de Ara\u00fajo<\/td><td class=\"has-text-align-center\" data-align=\"center\">Doutor<\/td><\/tr><tr><td>Jesualdo Eduardo de Almeida<\/td><td class=\"has-text-align-center\" data-align=\"center\">Doutor<\/td><\/tr><tr><td>Jorge Shiguemitsu Fujita<\/td><td class=\"has-text-align-center\" data-align=\"center\">Doutor<\/td><\/tr><tr><td>Jussara Suzi A.B.Nasser Ferreira<\/td><td class=\"has-text-align-center\" data-align=\"center\">Doutora<\/td><\/tr><tr><td>Luiz Alberto Pereira Ribeiro<\/td><td class=\"has-text-align-center\" data-align=\"center\">Mestre<\/td><\/tr><tr><td>Nida Saleh Hatoum<\/td><td class=\"has-text-align-center\" data-align=\"center\">Mestre<\/td><\/tr><tr><td>Rodrigo Amaral Paula de Meo<\/td><td class=\"has-text-align-center\" data-align=\"center\">Doutor<\/td><\/tr><tr><td>Rozane da Rosa Cachapuz<\/td><td class=\"has-text-align-center\" data-align=\"center\">Doutora<\/td><\/tr><tr><td>Suzane de Fran\u00e7a Ribeiro<\/td><td class=\"has-text-align-center\" data-align=\"center\">Mestre<\/td><\/tr><tr><td>Tania Lobo Muniz<\/td><td class=\"has-text-align-center\" data-align=\"center\">Doutora<\/td><\/tr><tr><td>William Santos Ferreira<\/td><td class=\"has-text-align-center\" data-align=\"center\">Mestre<\/td><\/tr><\/tbody><\/table><\/figure>\n<\/div><\/div>\n<\/div>\n<\/div>\n\n\n\n<div class=\"wp-block-columns is-layout-flex wp-container-core-columns-is-layout-9d6595d7 wp-block-columns-is-layout-flex\">\n<div class=\"wp-block-column is-layout-flow wp-block-column-is-layout-flow\" style=\"flex-basis:100%\"><\/div>\n<\/div>\n\n\n\n<p class=\"has-small-font-size\">Quadro sujeito a mudan\u00e7as, mantendo a mesma titula\u00e7\u00e3o<\/p>\n\n\n\n<p class=\"has-small-font-size\"><\/p>\n\n\n\n<p><\/p>\n","protected":false},"excerpt":{"rendered":"<p>Professores Doutores e Mestres da UEL e outras institui\u00e7\u00f5es. Docente Titula\u00e7\u00e3o Adiloar Franco Zemuner Doutora Amanda Cristina Carvalho Canezin Doutora Ana Paula Ruiz Silveira L\u00eado Mestre Anselmo Prieto Alvarez Ph.D Celso Hiroshi Iocohama Doutor Daniela Braga Paiano Doutora F\u00e1bio Caldas de Ara\u00fajo Doutor Jesualdo Eduardo de Almeida Doutor Jorge Shiguemitsu Fujita Doutor Jussara Suzi A.B.Nasser [&hellip;]<\/p>\n","protected":false},"author":9,"featured_media":0,"parent":0,"menu_order":0,"comment_status":"closed","ping_status":"closed","template":"","meta":{"_acf_changed":false,"_themeisle_gutenberg_block_has_review":false,"footnotes":""},"class_list":["post-753","page","type-page","status-publish","hentry"],"acf":[],"_links":{"self":[{"href":"https:\/\/pos.uel.br\/direitocivil\/wp-json\/wp\/v2\/pages\/753","targetHints":{"allow":["GET"]}}],"collection":[{"href":"https:\/\/pos.uel.br\/direitocivil\/wp-json\/wp\/v2\/pages"}],"about":[{"href":"https:\/\/pos.uel.br\/direitocivil\/wp-json\/wp\/v2\/types\/page"}],"author":[{"embeddable":true,"href":"https:\/\/pos.uel.br\/direitocivil\/wp-json\/wp\/v2\/users\/9"}],"replies":[{"embeddable":true,"href":"https:\/\/pos.uel.br\/direitocivil\/wp-json\/wp\/v2\/comments?post=753"}],"version-history":[{"count":8,"href":"https:\/\/pos.uel.br\/direitocivil\/wp-json\/wp\/v2\/pages\/753\/revisions"}],"predecessor-version":[{"id":909,"href":"https:\/\/pos.uel.br\/direitocivil\/wp-json\/wp\/v2\/pages\/753\/revisions\/909"}],"wp:attachment":[{"href":"https:\/\/pos.uel.br\/direitocivil\/wp-json\/wp\/v2\/media?parent=753"}],"curies":[{"name":"wp","href":"https:\/\/api.w.org\/{rel}","templated":true}]}}

<p class="has-primary-accent-color has-text-color has-link-color wp-elements-174e353c9e7b9139034f40082825163a"><strong>Professores Doutores e Mestres da UEL e outras instituições.</strong></p>



<div class="wp-block-columns is-layout-flex wp-container-core-columns-is-layout-9d6595d7 wp-block-columns-is-layout-flex">
<div class="wp-block-column is-layout-flow wp-block-column-is-layout-flow" style="flex-basis:100%">
<div class="wp-block-group"><div class="wp-block-group__inner-container is-layout-constrained wp-block-group-is-layout-constrained">
<figure class="wp-block-table is-style-stripes"><table class="has-fixed-layout"><tbody><tr><td><strong>Docente</strong><strong></strong></td><td class="has-text-align-center" data-align="center"><strong>Titulação</strong><strong></strong></td></tr><tr><td>Adiloar Franco Zemuner</td><td class="has-text-align-center" data-align="center">Doutora</td></tr><tr><td>Amanda Cristina Carvalho Canezin</td><td class="has-text-align-center" data-align="center">Doutora</td></tr><tr><td>Ana Paula Ruiz Silveira Lêdo</td><td class="has-text-align-center" data-align="center">Mestre</td></tr><tr><td>Anselmo Prieto Alvarez</td><td class="has-text-align-center" data-align="center">Ph.D</td></tr><tr><td>Celso Hiroshi Iocohama</td><td class="has-text-align-center" data-align="center">Doutor</td></tr><tr><td>Daniela Braga Paiano</td><td class="has-text-align-center" data-align="center">Doutora</td></tr><tr><td>Fábio Caldas de Araújo</td><td class="has-text-align-center" data-align="center">Doutor</td></tr><tr><td>Jesualdo Eduardo de Almeida</td><td class="has-text-align-center" data-align="center">Doutor</td></tr><tr><td>Jorge Shiguemitsu Fujita</td><td class="has-text-align-center" data-align="center">Doutor</td></tr><tr><td>Jussara Suzi A.B.Nasser Ferreira</td><td class="has-text-align-center" data-align="center">Doutora</td></tr><tr><td>Luiz Alberto Pereira Ribeiro</td><td class="has-text-align-center" data-align="center">Mestre</td></tr><tr><td>Nida Saleh Hatoum</td><td class="has-text-align-center" data-align="center">Mestre</td></tr><tr><td>Rodrigo Amaral Paula de Meo</td><td class="has-text-align-center" data-align="center">Doutor</td></tr><tr><td>Rozane da Rosa Cachapuz</td><td class="has-text-align-center" data-align="center">Doutora</td></tr><tr><td>Suzane de França Ribeiro</td><td class="has-text-align-center" data-align="center">Mestre</td></tr><tr><td>Tania Lobo Muniz</td><td class="has-text-align-center" data-align="center">Doutora</td></tr><tr><td>William Santos Ferreira</td><td class="has-text-align-center" data-align="center">Mestre</td></tr></tbody></table></figure>
</div></div>
</div>
</div>



<div class="wp-block-columns is-layout-flex wp-container-core-columns-is-layout-9d6595d7 wp-block-columns-is-layout-flex">
<div class="wp-block-column is-layout-flow wp-block-column-is-layout-flow" style="flex-basis:100%"></div>
</div>



<p class="has-small-font-size">Quadro sujeito a mudanças, mantendo a mesma titulação</p>



<p class="has-small-font-size"></p>



<p></p>

<p>Professores Doutores e Mestres da UEL e outras instituições. Docente Titulação Adiloar Franco Zemuner Doutora Amanda Cristina Carvalho Canezin Doutora Ana Paula Ruiz Silveira Lêdo Mestre Anselmo Prieto Alvarez Ph.D Celso Hiroshi Iocohama Doutor Daniela Braga Paiano Doutora Fábio Caldas de Araújo Doutor Jesualdo Eduardo de Almeida Doutor Jorge Shiguemitsu Fujita Doutor Jussara Suzi A.B.Nasser [&hellip;]</p>
