{"id":750,"date":"2025-07-02T14:22:47","date_gmt":"2025-07-02T17:22:47","guid":{"rendered":"https:\/\/pos.uel.br\/direitocivil\/?page_id=750"},"modified":"2025-10-07T15:00:38","modified_gmt":"2025-10-07T18:00:38","slug":"estrutura-curricular","status":"publish","type":"page","link":"https:\/\/pos.uel.br\/direitocivil\/estrutura-curricular\/","title":{"rendered":"Estrutura Curricular"},"content":{"rendered":"\n<p><\/p>\n\n\n\n<p>O Curso ter\u00e1 a dura\u00e7\u00e3o de 405 (quatrocentas e cinco) horas, correspondentes a 27 (vinte sete) cr\u00e9ditos, a serem desenvolvidos em 3 (tr\u00eas) per\u00edodos letivos.<\/p>\n\n\n\n<p><\/p>\n\n\n\n<figure class=\"wp-block-table aligncenter is-style-stripes\"><table class=\"has-fixed-layout\"><tbody><tr><td><strong>C\u00f3digo<\/strong><\/td><td><strong>Disciplinas Obrigat\u00f3rias<\/strong><\/td><td><strong>N\u00ba de Cr\u00e9ditos<\/strong><\/td><td><strong>Carga Hor\u00e1ria<\/strong><\/td><\/tr><tr><td>2PRI577<\/td><td>Direito das Sucess\u00f5es<\/td><td>2<\/td><td>30<\/td><\/tr><tr><td>2PRI573<\/td><td>Direito das Obriga\u00e7\u00f5es<\/td><td>1<\/td><td>15<\/td><\/tr><tr><td>2PRI228<\/td><td>Direito das Coisas<\/td><td>1<\/td><td>15<\/td><\/tr><tr><td>2PRI233<\/td><td>Direito Imobili\u00e1rio<\/td><td>1<\/td><td>15<\/td><\/tr><tr><td>2PRI572<\/td><td>Teoria Geral do Direito Civil<\/td><td>1<\/td><td>15<\/td><\/tr><tr><td>2PRI456<\/td><td>Inicia\u00e7\u00e3o a Pesquisa Jur\u00eddica-Cient\u00edfica<\/td><td>1<\/td><td>15<\/td><\/tr><tr><td>2PRI575<\/td><td>Teoria Geral dos Contratos<\/td><td>1<\/td><td>15<\/td><\/tr><tr><td>2PRI459<\/td><td>Contratos em Esp\u00e9cie<\/td><td>2<\/td><td>30<\/td><\/tr><tr><td>2PRI576<\/td><td>Direito de Fam\u00edlia<\/td><td>2<\/td><td>30<\/td><\/tr><tr><td>2PRI574<\/td><td>Responsabilidade Civil<\/td><td>1<\/td><td>15<\/td><\/tr><tr><td>2PRI571<\/td><td>Direito Civil Constitucional<\/td><td>1<\/td><td>15<\/td><\/tr><tr><td>3PUB479<\/td><td>Teoria Geral da Execu\u00e7\u00e3o<\/td><td>1<\/td><td>15<\/td><\/tr><tr><td>3PUB478<\/td><td>Teoria Geral dos Recursos<\/td><td>2<\/td><td>30<\/td><\/tr><tr><td>2PUB477<\/td><td>Processo de Conhecimento<\/td><td>2<\/td><td>30<\/td><\/tr><tr><td>2PUB481<\/td><td>Tutela Provis\u00f3ria<\/td><td>1<\/td><td>15<\/td><\/tr><tr><td>2PUB480<\/td><td>Procedimentos Especiais<\/td><td>2<\/td><td>30<\/td><\/tr><tr><td>2PUB476<\/td><td>Acesso \u00e0 Justi\u00e7a<\/td><td>1<\/td><td>15<\/td><\/tr><tr><td>2PUB482<\/td><td>Processos nos Tribunais<\/td><td>1<\/td><td>15<\/td><\/tr><tr><td>2PUB475<\/td><td>Teoria Geral do Processo<\/td><td>1<\/td><td>15<\/td><\/tr><tr><td>2PRI578<\/td><td>Metodologia e Did\u00e1tica do Ensino Aplicada ao Direito<\/td><td>2<\/td><td>30<\/td><\/tr><tr><td>2PRI201<\/td><td>Monografia<\/td><td>&#8211;<\/td><td>&#8211;<\/td><\/tr><tr><td colspan=\"2\"><strong>PARA NOVAS TURMAS A PARTIR DE 2026<\/strong><strong><\/strong><\/td><td><strong>405<\/strong><strong><\/strong><\/td><td><strong>27<\/strong><strong><\/strong><\/td><\/tr><\/tbody><\/table><\/figure>\n\n\n\n<p><\/p>\n","protected":false},"excerpt":{"rendered":"<p>O Curso ter\u00e1 a dura\u00e7\u00e3o de 405 (quatrocentas e cinco) horas, correspondentes a 27 (vinte sete) cr\u00e9ditos, a serem desenvolvidos em 3 (tr\u00eas) per\u00edodos letivos. C\u00f3digo Disciplinas Obrigat\u00f3rias N\u00ba de Cr\u00e9ditos Carga Hor\u00e1ria 2PRI577 Direito das Sucess\u00f5es 2 30 2PRI573 Direito das Obriga\u00e7\u00f5es 1 15 2PRI228 Direito das Coisas 1 15 2PRI233 Direito Imobili\u00e1rio 1 [&hellip;]<\/p>\n","protected":false},"author":9,"featured_media":0,"parent":0,"menu_order":0,"comment_status":"closed","ping_status":"closed","template":"","meta":{"_acf_changed":false,"_themeisle_gutenberg_block_has_review":false,"footnotes":""},"class_list":["post-750","page","type-page","status-publish","hentry"],"acf":[],"_links":{"self":[{"href":"https:\/\/pos.uel.br\/direitocivil\/wp-json\/wp\/v2\/pages\/750","targetHints":{"allow":["GET"]}}],"collection":[{"href":"https:\/\/pos.uel.br\/direitocivil\/wp-json\/wp\/v2\/pages"}],"about":[{"href":"https:\/\/pos.uel.br\/direitocivil\/wp-json\/wp\/v2\/types\/page"}],"author":[{"embeddable":true,"href":"https:\/\/pos.uel.br\/direitocivil\/wp-json\/wp\/v2\/users\/9"}],"replies":[{"embeddable":true,"href":"https:\/\/pos.uel.br\/direitocivil\/wp-json\/wp\/v2\/comments?post=750"}],"version-history":[{"count":6,"href":"https:\/\/pos.uel.br\/direitocivil\/wp-json\/wp\/v2\/pages\/750\/revisions"}],"predecessor-version":[{"id":910,"href":"https:\/\/pos.uel.br\/direitocivil\/wp-json\/wp\/v2\/pages\/750\/revisions\/910"}],"wp:attachment":[{"href":"https:\/\/pos.uel.br\/direitocivil\/wp-json\/wp\/v2\/media?parent=750"}],"curies":[{"name":"wp","href":"https:\/\/api.w.org\/{rel}","templated":true}]}}

<p></p>



<p>O Curso terá a duração de 405 (quatrocentas e cinco) horas, correspondentes a 27 (vinte sete) créditos, a serem desenvolvidos em 3 (três) períodos letivos.</p>



<p></p>



<figure class="wp-block-table aligncenter is-style-stripes"><table class="has-fixed-layout"><tbody><tr><td><strong>Código</strong></td><td><strong>Disciplinas Obrigatórias</strong></td><td><strong>Nº de Créditos</strong></td><td><strong>Carga Horária</strong></td></tr><tr><td>2PRI577</td><td>Direito das Sucessões</td><td>2</td><td>30</td></tr><tr><td>2PRI573</td><td>Direito das Obrigações</td><td>1</td><td>15</td></tr><tr><td>2PRI228</td><td>Direito das Coisas</td><td>1</td><td>15</td></tr><tr><td>2PRI233</td><td>Direito Imobiliário</td><td>1</td><td>15</td></tr><tr><td>2PRI572</td><td>Teoria Geral do Direito Civil</td><td>1</td><td>15</td></tr><tr><td>2PRI456</td><td>Iniciação a Pesquisa Jurídica-Científica</td><td>1</td><td>15</td></tr><tr><td>2PRI575</td><td>Teoria Geral dos Contratos</td><td>1</td><td>15</td></tr><tr><td>2PRI459</td><td>Contratos em Espécie</td><td>2</td><td>30</td></tr><tr><td>2PRI576</td><td>Direito de Família</td><td>2</td><td>30</td></tr><tr><td>2PRI574</td><td>Responsabilidade Civil</td><td>1</td><td>15</td></tr><tr><td>2PRI571</td><td>Direito Civil Constitucional</td><td>1</td><td>15</td></tr><tr><td>3PUB479</td><td>Teoria Geral da Execução</td><td>1</td><td>15</td></tr><tr><td>3PUB478</td><td>Teoria Geral dos Recursos</td><td>2</td><td>30</td></tr><tr><td>2PUB477</td><td>Processo de Conhecimento</td><td>2</td><td>30</td></tr><tr><td>2PUB481</td><td>Tutela Provisória</td><td>1</td><td>15</td></tr><tr><td>2PUB480</td><td>Procedimentos Especiais</td><td>2</td><td>30</td></tr><tr><td>2PUB476</td><td>Acesso à Justiça</td><td>1</td><td>15</td></tr><tr><td>2PUB482</td><td>Processos nos Tribunais</td><td>1</td><td>15</td></tr><tr><td>2PUB475</td><td>Teoria Geral do Processo</td><td>1</td><td>15</td></tr><tr><td>2PRI578</td><td>Metodologia e Didática do Ensino Aplicada ao Direito</td><td>2</td><td>30</td></tr><tr><td>2PRI201</td><td>Monografia</td><td>&#8211;</td><td>&#8211;</td></tr><tr><td colspan="2"><strong>PARA NOVAS TURMAS A PARTIR DE 2026</strong><strong></strong></td><td><strong>405</strong><strong></strong></td><td><strong>27</strong><strong></strong></td></tr></tbody></table></figure>



<p></p>

<p>O Curso terá a duração de 405 (quatrocentas e cinco) horas, correspondentes a 27 (vinte sete) créditos, a serem desenvolvidos em 3 (três) períodos letivos. Código Disciplinas Obrigatórias Nº de Créditos Carga Horária 2PRI577 Direito das Sucessões 2 30 2PRI573 Direito das Obrigações 1 15 2PRI228 Direito das Coisas 1 15 2PRI233 Direito Imobiliário 1 [&hellip;]</p>
