{"id":746,"date":"2025-07-02T14:21:02","date_gmt":"2025-07-02T17:21:02","guid":{"rendered":"https:\/\/pos.uel.br\/direitocivil\/?page_id=746"},"modified":"2025-10-02T09:37:10","modified_gmt":"2025-10-02T12:37:10","slug":"sobre-o-curso","status":"publish","type":"page","link":"https:\/\/pos.uel.br\/direitocivil\/sobre-o-curso\/","title":{"rendered":"Sobre o curso"},"content":{"rendered":"\n<p class=\"has-primary-accent-color has-text-color has-link-color wp-elements-af84d4d43b2572d127b4e79417a40381\"><strong>OBJETIVOS<\/strong><\/p>\n\n\n\n<p>Formar especialistas aptos a operar na \u00e1rea do Direito Civil e na sua processualiza\u00e7\u00e3o.<\/p>\n\n\n\n<p>Transmitir os conhecimentos jur\u00eddicos de que o profissional do Direito necessita para seu adequado desempenho profissional.<\/p>\n\n\n\n<p>Apresentar o Direito como uma ci\u00eancia te\u00f3rica e pr\u00e1tica, de forma a permitir ao especialista o incremento de sua atividade e o atingimento de um elevado padr\u00e3o profissional.<\/p>\n\n\n\n<p>Demonstrar as v\u00e1rias formas de incid\u00eancia do Direito aos conflitos de interesse.<\/p>\n\n\n\n<p>Estimular a compreens\u00e3o do Direito segundo a \u00f3tica da multidisciplinaridade, calcada no di\u00e1logo dos princ\u00edpios constitucionais com as normas de direito material e processual civil.<\/p>\n\n\n\n<p>Atualizar os atores do Direito, apresentando-lhes as solu\u00e7\u00f5es elaboradas pela doutrina da p\u00f3s-modernidade e pela recente jurisprud\u00eancia dos tribunais acerca das quest\u00f5es civis\/processuais atuais.<\/p>\n\n\n\n<p>Incutir no especialista o esp\u00edrito cr\u00edtico do Direito, partindo dos valores da repersonaliza\u00e7\u00e3o e da despatrimonializa\u00e7\u00e3o das rela\u00e7\u00f5es jur\u00eddicas.<\/p>\n\n\n\n<p><\/p>\n\n\n\n<hr class=\"wp-block-separator has-text-color has-secondary-accent-color has-alpha-channel-opacity has-secondary-accent-background-color has-background is-style-wide\" \/>\n\n\n\n<p class=\"has-primary-accent-color has-text-color has-link-color wp-elements-f659a05abe45c6874286a1b5100f7698\"><strong>P\u00daBLICO ALVO<\/strong><\/p>\n\n\n\n<p>Poder\u00e3o candidatar-se ao curso graduados ou graduandos em&nbsp;Direito, desde que comprovem a conclus\u00e3o da gradua\u00e7\u00e3o at\u00e9 a matr\u00edcula.&nbsp;<\/p>\n\n\n\n<hr class=\"wp-block-separator has-text-color has-secondary-accent-color has-alpha-channel-opacity has-secondary-accent-background-color has-background is-style-wide\" \/>\n\n\n\n<p class=\"has-primary-accent-color has-text-color has-link-color wp-elements-8a5d50c40a3f9ef95e96ecd795253bd0\"><strong>N\u00daMERO DE VAGAS<\/strong><\/p>\n\n\n\n<p>M\u00ednimo: 55 (cinquenta e cinco)<br>M\u00e1ximo: 90 (noventa)<\/p>\n\n\n\n<hr class=\"wp-block-separator has-text-color has-secondary-accent-color has-alpha-channel-opacity has-secondary-accent-background-color has-background is-style-wide\" \/>\n\n\n\n<p class=\"has-primary-accent-color has-text-color has-link-color wp-elements-6848bac0283c7d3a57065ed731b47198\"><strong>INVESTIMENTO<\/strong><\/p>\n\n\n\n<p>18 parcelas de R$ 425,00 (a primeira parcela, no ato da matr\u00edcula)&nbsp;<\/p>\n\n\n\n<hr class=\"wp-block-separator has-text-color has-secondary-accent-color has-alpha-channel-opacity has-secondary-accent-background-color has-background is-style-wide\" \/>\n\n\n\n<p class=\"has-primary-accent-color has-text-color has-link-color wp-elements-286bb88d9cb9de9a94be3bd86454892b\"><strong>IN\u00cdCIO E T\u00c9RMINO DAS AULAS | CURSO<\/strong><\/p>\n\n\n\n<p>In\u00edcio das aulas: 20\/03\/2026<\/p>\n\n\n\n<p>T\u00e9rmino: novembro de 2026 (aulas) | Julho de 2027 (curso)<\/p>\n\n\n\n<p><\/p>\n\n\n\n<p class=\"has-text-align-left\">As <strong>AULAS<\/strong>&nbsp;<strong>SEMANAIS<\/strong>&nbsp;s\u00e3o ministradas \u00e0s sextas-feiras no per\u00edodo noturno e aos s\u00e1bados no per\u00edodo matutino. As Atividades poder\u00e3o ser realizadas em alguns s\u00e1bados, no per\u00edodo vespertino, <strong><u><strong>somente<\/strong><\/u><\/strong>&nbsp;em caso de demanda e necessidade excepcional do curso. Totalizando 27 (vinte sete) cr\u00e9ditos.<\/p>\n\n\n\n<p><strong>Aten\u00e7\u00e3o:<\/strong>&nbsp;O curso ofertado \u00e9 na modalidade \u201c<em>Remoto S\u00edncrono<\/em>\u201c, autorizado pela Resolu\u00e7\u00e3o CEPE 13\/2021 da UEL. As aulas \u201c<em>online&nbsp;<\/em>ao vivo\u201d acontecer\u00e3o at\u00e9 o final do curso,&nbsp;de acordo com normativas da Universidade.<\/p>\n\n\n\n<hr class=\"wp-block-separator has-text-color has-secondary-accent-color has-alpha-channel-opacity has-secondary-accent-background-color has-background is-style-wide\" \/>\n\n\n\n<h5 class=\"wp-block-heading has-primary-accent-color has-text-color has-link-color wp-elements-cec12c0234445921f0ee3442a045a44d\">Turma com in\u00edcio em 2026<\/h5>\n\n\n\n<p>Remoto S\u00edncrono.<\/p>\n\n\n\n<hr class=\"wp-block-separator has-text-color has-secondary-accent-color has-alpha-channel-opacity has-secondary-accent-background-color has-background is-style-wide\" \/>\n\n\n\n<h5 class=\"wp-block-heading has-primary-accent-color has-text-color has-link-color wp-elements-26153a125e06ad00c06ba48520887ce6\">Inscri\u00e7\u00f5es online<\/h5>\n\n\n\n<p>Realize o upload da documenta\u00e7\u00e3o somente via sistema de Inscri\u00e7\u00e3o online \u2013 Acesse o Edital de Oferta no menu INSCRI\u00c7\u00d5ES.<\/p>\n\n\n\n<hr class=\"wp-block-separator has-text-color has-secondary-accent-color has-alpha-channel-opacity has-secondary-accent-background-color has-background is-style-wide\" \/>\n\n\n\n<div class=\"wp-block-columns is-layout-flex wp-container-core-columns-is-layout-9d6595d7 wp-block-columns-is-layout-flex\">\n<div class=\"wp-block-column is-layout-flow wp-block-column-is-layout-flow\"><\/div>\n<\/div>\n\n\n\n<p><\/p>\n","protected":false},"excerpt":{"rendered":"<p>OBJETIVOS Formar especialistas aptos a operar na \u00e1rea do Direito Civil e na sua processualiza\u00e7\u00e3o. Transmitir os conhecimentos jur\u00eddicos de que o profissional do Direito necessita para seu adequado desempenho profissional. Apresentar o Direito como uma ci\u00eancia te\u00f3rica e pr\u00e1tica, de forma a permitir ao especialista o incremento de sua atividade e o atingimento de [&hellip;]<\/p>\n","protected":false},"author":9,"featured_media":0,"parent":0,"menu_order":0,"comment_status":"closed","ping_status":"closed","template":"","meta":{"_acf_changed":false,"_themeisle_gutenberg_block_has_review":false,"footnotes":""},"class_list":["post-746","page","type-page","status-publish","hentry"],"acf":[],"_links":{"self":[{"href":"https:\/\/pos.uel.br\/direitocivil\/wp-json\/wp\/v2\/pages\/746","targetHints":{"allow":["GET"]}}],"collection":[{"href":"https:\/\/pos.uel.br\/direitocivil\/wp-json\/wp\/v2\/pages"}],"about":[{"href":"https:\/\/pos.uel.br\/direitocivil\/wp-json\/wp\/v2\/types\/page"}],"author":[{"embeddable":true,"href":"https:\/\/pos.uel.br\/direitocivil\/wp-json\/wp\/v2\/users\/9"}],"replies":[{"embeddable":true,"href":"https:\/\/pos.uel.br\/direitocivil\/wp-json\/wp\/v2\/comments?post=746"}],"version-history":[{"count":13,"href":"https:\/\/pos.uel.br\/direitocivil\/wp-json\/wp\/v2\/pages\/746\/revisions"}],"predecessor-version":[{"id":844,"href":"https:\/\/pos.uel.br\/direitocivil\/wp-json\/wp\/v2\/pages\/746\/revisions\/844"}],"wp:attachment":[{"href":"https:\/\/pos.uel.br\/direitocivil\/wp-json\/wp\/v2\/media?parent=746"}],"curies":[{"name":"wp","href":"https:\/\/api.w.org\/{rel}","templated":true}]}}

<p class="has-primary-accent-color has-text-color has-link-color wp-elements-af84d4d43b2572d127b4e79417a40381"><strong>OBJETIVOS</strong></p>



<p>Formar especialistas aptos a operar na área do Direito Civil e na sua processualização.</p>



<p>Transmitir os conhecimentos jurídicos de que o profissional do Direito necessita para seu adequado desempenho profissional.</p>



<p>Apresentar o Direito como uma ciência teórica e prática, de forma a permitir ao especialista o incremento de sua atividade e o atingimento de um elevado padrão profissional.</p>



<p>Demonstrar as várias formas de incidência do Direito aos conflitos de interesse.</p>



<p>Estimular a compreensão do Direito segundo a ótica da multidisciplinaridade, calcada no diálogo dos princípios constitucionais com as normas de direito material e processual civil.</p>



<p>Atualizar os atores do Direito, apresentando-lhes as soluções elaboradas pela doutrina da pós-modernidade e pela recente jurisprudência dos tribunais acerca das questões civis/processuais atuais.</p>



<p>Incutir no especialista o espírito crítico do Direito, partindo dos valores da repersonalização e da despatrimonialização das relações jurídicas.</p>



<p></p>



<hr class="wp-block-separator has-text-color has-secondary-accent-color has-alpha-channel-opacity has-secondary-accent-background-color has-background is-style-wide" />



<p class="has-primary-accent-color has-text-color has-link-color wp-elements-f659a05abe45c6874286a1b5100f7698"><strong>PÚBLICO ALVO</strong></p>



<p>Poderão candidatar-se ao curso graduados ou graduandos em&nbsp;Direito, desde que comprovem a conclusão da graduação até a matrícula.&nbsp;</p>



<hr class="wp-block-separator has-text-color has-secondary-accent-color has-alpha-channel-opacity has-secondary-accent-background-color has-background is-style-wide" />



<p class="has-primary-accent-color has-text-color has-link-color wp-elements-8a5d50c40a3f9ef95e96ecd795253bd0"><strong>NÚMERO DE VAGAS</strong></p>



<p>Mínimo: 55 (cinquenta e cinco)<br>Máximo: 90 (noventa)</p>



<hr class="wp-block-separator has-text-color has-secondary-accent-color has-alpha-channel-opacity has-secondary-accent-background-color has-background is-style-wide" />



<p class="has-primary-accent-color has-text-color has-link-color wp-elements-6848bac0283c7d3a57065ed731b47198"><strong>INVESTIMENTO</strong></p>



<p>18 parcelas de R$ 425,00 (a primeira parcela, no ato da matrícula)&nbsp;</p>



<hr class="wp-block-separator has-text-color has-secondary-accent-color has-alpha-channel-opacity has-secondary-accent-background-color has-background is-style-wide" />



<p class="has-primary-accent-color has-text-color has-link-color wp-elements-286bb88d9cb9de9a94be3bd86454892b"><strong>INÍCIO E TÉRMINO DAS AULAS | CURSO</strong></p>



<p>Início das aulas: 20/03/2026</p>



<p>Término: novembro de 2026 (aulas) | Julho de 2027 (curso)</p>



<p></p>



<p class="has-text-align-left">As <strong>AULAS</strong>&nbsp;<strong>SEMANAIS</strong>&nbsp;são ministradas às sextas-feiras no período noturno e aos sábados no período matutino. As Atividades poderão ser realizadas em alguns sábados, no período vespertino, <strong><u><strong>somente</strong></u></strong>&nbsp;em caso de demanda e necessidade excepcional do curso. Totalizando 27 (vinte sete) créditos.</p>



<p><strong>Atenção:</strong>&nbsp;O curso ofertado é na modalidade “<em>Remoto Síncrono</em>“, autorizado pela Resolução CEPE 13/2021 da UEL. As aulas “<em>online&nbsp;</em>ao vivo” acontecerão até o final do curso,&nbsp;de acordo com normativas da Universidade.</p>



<hr class="wp-block-separator has-text-color has-secondary-accent-color has-alpha-channel-opacity has-secondary-accent-background-color has-background is-style-wide" />



<h5 class="wp-block-heading has-primary-accent-color has-text-color has-link-color wp-elements-cec12c0234445921f0ee3442a045a44d">Turma com início em 2026</h5>



<p>Remoto Síncrono.</p>



<hr class="wp-block-separator has-text-color has-secondary-accent-color has-alpha-channel-opacity has-secondary-accent-background-color has-background is-style-wide" />



<h5 class="wp-block-heading has-primary-accent-color has-text-color has-link-color wp-elements-26153a125e06ad00c06ba48520887ce6">Inscrições online</h5>



<p>Realize o upload da documentação somente via sistema de Inscrição online – Acesse o Edital de Oferta no menu INSCRIÇÕES.</p>



<hr class="wp-block-separator has-text-color has-secondary-accent-color has-alpha-channel-opacity has-secondary-accent-background-color has-background is-style-wide" />



<div class="wp-block-columns is-layout-flex wp-container-core-columns-is-layout-9d6595d7 wp-block-columns-is-layout-flex">
<div class="wp-block-column is-layout-flow wp-block-column-is-layout-flow"></div>
</div>



<p></p>

<p>OBJETIVOS Formar especialistas aptos a operar na área do Direito Civil e na sua processualização. Transmitir os conhecimentos jurídicos de que o profissional do Direito necessita para seu adequado desempenho profissional. Apresentar o Direito como uma ciência teórica e prática, de forma a permitir ao especialista o incremento de sua atividade e o atingimento de [&hellip;]</p>
